000
CDUS43 KEAX 210634
CLIMCI

CLIMATE REPORT
NATIONAL WEATHER SERVICE KANSAS CITY/PLEASANT HILL MO
133 AM CDT TUE APR 21 2015


...................................

...THE KANSAS CITY INTERNATIONAL MO CLIMATE SUMMARY FOR APRIL 20 2015...

CLIMATE NORMAL PERIOD 1981 TO 2010
CLIMATE RECORD PERIOD 1888 TO 2015


WEATHER ITEM   OBSERVED TIME   RECORD YEAR NORMAL DEPARTURE LAST
                VALUE   (LST)  VALUE       VALUE  FROM      YEAR
                                                  NORMAL
..................................................................
TEMPERATURE (F)
 YESTERDAY
  MAXIMUM         58    418 PM  90    1902  67     -9       77
  MINIMUM         42    555 AM  29    1953  46     -4       53
  AVERAGE         50                        56     -6       65

PRECIPITATION (IN)
  YESTERDAY        0.00          1.66 1992   0.13  -0.13      T
  MONTH TO DATE    2.73                      2.23   0.50     1.24
  SINCE MAR 1      3.61                      4.60  -0.99     2.85
  SINCE JAN 1      5.79                      7.13  -1.34     4.60

SNOWFALL (IN)
  YESTERDAY        0.0           2.7  1992   0.0    0.0      0.0
  MONTH TO DATE    0.0                       0.5   -0.5      0.1
  SINCE MAR 1      T                         2.5   -2.5      3.6
  SINCE JUL 1     14.2                      18.7   -4.5     26.2
  SNOW DEPTH       0

DEGREE DAYS
 HEATING
  YESTERDAY       15                        10      5        0
  MONTH TO DATE  145                       250   -105      273
  SINCE MAR 1    707                       896   -189     1038
  SINCE JUL 1   4921                      4941    -20     5604

 COOLING
  YESTERDAY        0                         1     -1        0
  MONTH TO DATE    7                        14     -7        6
  SINCE MAR 1      9                        17     -8        6
  SINCE JAN 1      9                        17     -8        6
..................................................................


WIND (MPH)
  HIGHEST WIND SPEED    26   HIGHEST WIND DIRECTION    NW (300)
  HIGHEST GUST SPEED    37   HIGHEST GUST DIRECTION     W (290)
  AVERAGE WIND SPEED    14.2


SKY COVER
  POSSIBLE SUNSHINE  MM
  AVERAGE SKY COVER 0.4


WEATHER CONDITIONS
 THE FOLLOWING WEATHER WAS RECORDED YESTERDAY.
  NO SIGNIFICANT WEATHER WAS OBSERVED.


RELATIVE HUMIDITY (PERCENT)
 HIGHEST    76           600 AM
 LOWEST     28           200 PM
 AVERAGE    52

..........................................................


THE KANSAS CITY INTERNATIONAL MO CLIMATE NORMALS FOR TODAY
                         NORMAL    RECORD    YEAR
 MAXIMUM TEMPERATURE (F)   67        90      1980
 MINIMUM TEMPERATURE (F)   46        29      1982


SUNRISE AND SUNSET
APRIL 21 2015.........SUNRISE   634 AM CDT   SUNSET   802 PM CDT
APRIL 22 2015.........SUNRISE   632 AM CDT   SUNSET   803 PM CDT


-  INDICATES NEGATIVE NUMBERS.
R  INDICATES RECORD WAS SET OR TIED.
MM INDICATES DATA IS MISSING.
T  INDICATES TRACE AMOUNT.




&&

...MISCELLANEOUS CLIMATE DATA FROM YESTERDAY...

LOCATION                HIGH    LOW      PRECIP
ST. JOSEPH               59      42       0.00
DOWNTOWN KANSAS CITY     60      46       0.00
OLATHE NEW CENTURY       59      42       0.00
OLATHE JO CO EXEC        59      44       0.00
LEES SUMMIT              59      43       0.00
KIRKSVILLE               54      44       0.00
CHILLICOTHE              59      43       0.00
SEDALIA                  59      46       0.00
NWS PLEASANT HILL MO     58      43       0.00


THIS PRODUCT...ALONG WITH OTHER WEATHER...HYDROLOGICAL AND CLIMATE
INFORMATION...IS AVAILABLE ON THE WEB AT HTTP://WWW.CRH.NOAA.GOV/EAX
OR AT HTTP://WEATHER.GOV

$$

MJ
