000
CDUS43 KEAX 010633
CLIMCI

CLIMATE REPORT
NATIONAL WEATHER SERVICE KANSAS CITY/PLEASANT HILL MO
132 AM CDT FRI MAY 1 2015


...................................

...THE KANSAS CITY INTERNATIONAL MO CLIMATE SUMMARY FOR APRIL 30 2015...

CLIMATE NORMAL PERIOD 1981 TO 2010
CLIMATE RECORD PERIOD 1888 TO 2015


WEATHER ITEM   OBSERVED TIME   RECORD YEAR NORMAL DEPARTURE LAST
                VALUE   (LST)  VALUE       VALUE  FROM      YEAR
                                                  NORMAL
..................................................................
TEMPERATURE (F)
 YESTERDAY
  MAXIMUM         74    454 PM  91    1936  70      4       54
  MINIMUM         44    515 AM  31    2005  49     -5       40
                                      1903
  AVERAGE         59                        60     -1       47

PRECIPITATION (IN)
  YESTERDAY        0.00          2.32 1916   0.16  -0.16     0.03
  MONTH TO DATE    3.29                      3.70  -0.41     3.93
  SINCE MAR 1      4.17                      6.07  -1.90     5.54
  SINCE JAN 1      6.35                      8.60  -2.25     7.29

SNOWFALL (IN)
  YESTERDAY        0.0           1.7  1960   0.0    0.0      0.0
  MONTH TO DATE    0.0                       0.6   -0.6      0.1
  SINCE MAR 1      T                         2.6   -2.6      3.6
  SINCE JUL 1     14.2                      18.8   -4.6     26.2
  SNOW DEPTH       0

DEGREE DAYS
 HEATING
  YESTERDAY        6                         7     -1       18
  MONTH TO DATE  244                       329    -85      341
  SINCE MAR 1    806                       975   -169     1106
  SINCE JUL 1   5020                      5020      0     5672

 COOLING
  YESTERDAY        0                         1     -1        0
  MONTH TO DATE    7                        25    -18        9
  SINCE MAR 1      9                        28    -19        9
  SINCE JAN 1      9                        28    -19        9
..................................................................


WIND (MPH)
  HIGHEST WIND SPEED    14   HIGHEST WIND DIRECTION    NE (40)
  HIGHEST GUST SPEED    19   HIGHEST GUST DIRECTION    NE (40)
  AVERAGE WIND SPEED     6.4


SKY COVER
  POSSIBLE SUNSHINE  MM
  AVERAGE SKY COVER 0.1


WEATHER CONDITIONS
 THE FOLLOWING WEATHER WAS RECORDED YESTERDAY.
  NO SIGNIFICANT WEATHER WAS OBSERVED.


RELATIVE HUMIDITY (PERCENT)
 HIGHEST    70           500 AM
 LOWEST     27           200 PM
 AVERAGE    49

..........................................................


THE KANSAS CITY INTERNATIONAL MO CLIMATE NORMALS FOR TODAY
                         NORMAL    RECORD    YEAR
 MAXIMUM TEMPERATURE (F)   70        90      1959
 MINIMUM TEMPERATURE (F)   50        29      1909


SUNRISE AND SUNSET
MAY  1 2015...........SUNRISE   621 AM CDT   SUNSET   812 PM CDT
MAY  2 2015...........SUNRISE   619 AM CDT   SUNSET   813 PM CDT


-  INDICATES NEGATIVE NUMBERS.
R  INDICATES RECORD WAS SET OR TIED.
MM INDICATES DATA IS MISSING.
T  INDICATES TRACE AMOUNT.




&&

...MISCELLANEOUS CLIMATE DATA FROM YESTERDAY...

LOCATION                HIGH    LOW      PRECIP
ST. JOSEPH               76      41       0.00
DOWNTOWN KANSAS CITY     76      46       0.00
OLATHE NEW CENTURY       75      43       0.00
OLATHE JO CO EXEC        75      48       0.00
LEES SUMMIT              74      47       0.00
KIRKSVILLE               70      45       0.00
CHILLICOTHE              74      46       0.00
SEDALIA                  75      49       0.00
NWS PLEASANT HILL MO     72      48       0.00


THIS PRODUCT...ALONG WITH OTHER WEATHER...HYDROLOGICAL AND CLIMATE
INFORMATION...IS AVAILABLE ON THE WEB AT HTTP://WWW.CRH.NOAA.GOV/EAX
OR AT HTTP://WEATHER.GOV

$$

CDB
