000
CDUS43 KEAX 030037
CLIMCI

CLIMATE REPORT
NATIONAL WEATHER SERVICE KANSAS CITY/PLEASANT HILL MO
736 PM CDT SAT MAY 2 2015


...................................

...THE KANSAS CITY INTERNATIONAL MO CLIMATE SUMMARY FOR MAY 2 2015...
VALID TODAY AS OF 0700 PM LOCAL TIME.

CLIMATE NORMAL PERIOD 1981 TO 2010
CLIMATE RECORD PERIOD 1888 TO 2015


WEATHER ITEM   OBSERVED TIME   RECORD YEAR NORMAL DEPARTURE LAST
                VALUE   (LST)  VALUE       VALUE  FROM      YEAR
                                                  NORMAL
..................................................................
TEMPERATURE (F)
 TODAY
  MAXIMUM         75    512 PM  91    1968  71      4       68
  MINIMUM         54    520 AM  31    2005  50      4       41
  AVERAGE         65                        60      5       55

PRECIPITATION (IN)
  TODAY            0.03          2.56 1910   0.17  -0.14     0.00
  MONTH TO DATE    0.03                      0.33  -0.30      T
  SINCE MAR 1      4.20                      6.40  -2.20     5.54
  SINCE JAN 1      6.38                      8.93  -2.55     7.29

SNOWFALL (IN)
  TODAY            0.0           0.5  2013   0.0    0.0      0.0
  MONTH TO DATE    0.0                       0.0    0.0      0.0
  SINCE MAR 1      T                         2.6   -2.6      3.6
  SINCE JUL 1     14.2                      18.8   -4.6     26.2
  SNOW DEPTH       0

DEGREE DAYS
 HEATING
  TODAY            0                         6     -6       10
  MONTH TO DATE    5                        12     -7       27
  SINCE MAR 1    811                       987   -176     1133
  SINCE JUL 1   5025                      5032     -7     5699

 COOLING
  TODAY            0                         1     -1        0
  MONTH TO DATE    0                         2     -2        0
  SINCE MAR 1      9                        30    -21        9
  SINCE JAN 1      9                        30    -21        9
..................................................................


WIND (MPH)
  HIGHEST WIND SPEED    23   HIGHEST WIND DIRECTION     S (190)
  HIGHEST GUST SPEED    27   HIGHEST GUST DIRECTION     S (180)
  AVERAGE WIND SPEED    10.9


SKY COVER
  POSSIBLE SUNSHINE  MM
  AVERAGE SKY COVER 0.8


WEATHER CONDITIONS
 THE FOLLOWING WEATHER WAS RECORDED TODAY.
  LIGHT RAIN


RELATIVE HUMIDITY (PERCENT)
 HIGHEST    86           600 AM
 LOWEST     46           200 AM
 AVERAGE    66

..........................................................


THE KANSAS CITY INTERNATIONAL MO CLIMATE NORMALS FOR TOMORROW
                         NORMAL    RECORD    YEAR
 MAXIMUM TEMPERATURE (F)   71        90      1895
 MINIMUM TEMPERATURE (F)   50        30      1976


SUNRISE AND SUNSET
MAY  2 2015...........SUNRISE   619 AM CDT   SUNSET   813 PM CDT
MAY  3 2015...........SUNRISE   618 AM CDT   SUNSET   814 PM CDT


-  INDICATES NEGATIVE NUMBERS.
R  INDICATES RECORD WAS SET OR TIED.
MM INDICATES DATA IS MISSING.
T  INDICATES TRACE AMOUNT.




&&

...MISCELLANEOUS CLIMATE DATA FROM TODAY...

LOCATION                HIGH    LOW      PRECIP
ST. JOSEPH               75      55       0.31
DOWNTOWN KANSAS CITY     77      57       MM
OLATHE NEW CENTURY       76      53       0.00
OLATHE JO CO EXEC        75      56       T
LEES SUMMIT              74      55       0.04
KIRKSVILLE               69      53       0.18
CHILLICOTHE              67      50       0.14
SEDALIA                  77      49       0.00
NWS PLEASANT HILL MO     71      51       0.04


THIS PRODUCT...ALONG WITH OTHER WEATHER...HYDROLOGICAL AND CLIMATE
INFORMATION...IS AVAILABLE ON THE WEB AT HTTP://WWW.CRH.NOAA.GOV/EAX
OR AT HTTP://WEATHER.GOV

$$

PM
