000
CDUS43 KEAX 241232
CLIMCI

CLIMATE REPORT
NATIONAL WEATHER SERVICE KANSAS CITY/PLEASANT HILL MO
731 AM CDT FRI APR 24 2015


...................................

...THE KANSAS CITY INTERNATIONAL MO CLIMATE SUMMARY FOR APRIL 24 2015...
VALID AS OF 0700 AM LOCAL TIME.

CLIMATE NORMAL PERIOD 1981 TO 2010
CLIMATE RECORD PERIOD 1888 TO 2015


WEATHER ITEM   OBSERVED TIME   RECORD YEAR NORMAL DEPARTURE LAST
                VALUE   (LST)  VALUE       VALUE  FROM      YEAR
                                                  NORMAL
..................................................................
TEMPERATURE (F)
 TODAY
  MAXIMUM         60   1220 AM  90    1989  68     -8       68
  MINIMUM         57    559 AM  27    1967  47     10       48
  AVERAGE         59                        58      1       58

PRECIPITATION (IN)
  TODAY            0.00          0.91 1897   0.14  -0.14     0.73
  MONTH TO DATE    2.73                      2.79  -0.06     1.98
  SINCE MAR 1      3.61                      5.16  -1.55     3.59
  SINCE JAN 1      5.79                      7.69  -1.90     5.34

SNOWFALL (IN)
  TODAY            0.0           1.1  1918   0.0    0.0      0.0
  MONTH TO DATE    0.0                       0.6   -0.6      0.1
  SINCE MAR 1      T                         2.6   -2.6      3.6
  SINCE JUL 1     14.2                      18.8   -4.6     26.2
  SNOW DEPTH       0

DEGREE DAYS
 HEATING
  TODAY            6                         8     -2        7
  MONTH TO DATE  194                       285    -91      291
  SINCE MAR 1    756                       931   -175     1056
  SINCE JUL 1   4970                      4976     -6     5622

 COOLING
  TODAY            0                         1     -1        0
  MONTH TO DATE    7                        18    -11        7
  SINCE MAR 1      9                        21    -12        7
  SINCE JAN 1      9                        21    -12        7
..................................................................


WIND (MPH)
  HIGHEST WIND SPEED    16   HIGHEST WIND DIRECTION    SE (150)
  HIGHEST GUST SPEED    21   HIGHEST GUST DIRECTION    SE (150)
  AVERAGE WIND SPEED    11.7


SKY COVER
  POSSIBLE SUNSHINE  MM
  AVERAGE SKY COVER 1.0


WEATHER CONDITIONS
 THE FOLLOWING WEATHER WAS RECORDED TODAY.
  NO SIGNIFICANT WEATHER WAS OBSERVED.


RELATIVE HUMIDITY (PERCENT)
 HIGHEST    51           500 AM
 LOWEST     36          1200 AM
 AVERAGE    44

..........................................................


THE KANSAS CITY INTERNATIONAL MO CLIMATE NORMALS FOR TOMORROW
                         NORMAL    RECORD    YEAR
 MAXIMUM TEMPERATURE (F)   69        92      2012
 MINIMUM TEMPERATURE (F)   48        33      2013


SUNRISE AND SUNSET
APRIL 24 2015.........SUNRISE   630 AM CDT   SUNSET   805 PM CDT
APRIL 25 2015.........SUNRISE   628 AM CDT   SUNSET   806 PM CDT


-  INDICATES NEGATIVE NUMBERS.
R  INDICATES RECORD WAS SET OR TIED.
MM INDICATES DATA IS MISSING.
T  INDICATES TRACE AMOUNT.




&&

...MISCELLANEOUS CLIMATE DATA FROM TODAY...

LOCATION                HIGH    LOW      PRECIP
ST. JOSEPH               59      54       T
DOWNTOWN KANSAS CITY     62      58       0.00
OLATHE NEW CENTURY       58      54       T
OLATHE JO CO EXEC        58      55       T
LEES SUMMIT              59      56       0.00
KIRKSVILLE               51      48       T
CHILLICOTHE              56      55       0.00
SEDALIA                  54      52       0.00
NWS PLEASANT HILL MO     56      53       0.00


THIS PRODUCT...ALONG WITH OTHER WEATHER...HYDROLOGICAL AND CLIMATE
INFORMATION...IS AVAILABLE ON THE WEB AT HTTP://WWW.CRH.NOAA.GOV/EAX
OR AT HTTP://WEATHER.GOV

$$
