000
CDUS43 KEAX 130645
CLIMCI

CLIMATE REPORT
NATIONAL WEATHER SERVICE KANSAS CITY/PLEASANT HILL MO
139 AM CDT MON APR 13 2015


...................................

...THE KANSAS CITY INTERNATIONAL MO CLIMATE SUMMARY FOR APRIL 12 2015...

CLIMATE NORMAL PERIOD 1981 TO 2010
CLIMATE RECORD PERIOD 1888 TO 2015


WEATHER ITEM   OBSERVED TIME   RECORD YEAR NORMAL DEPARTURE LAST
                VALUE   (LST)  VALUE       VALUE  FROM      YEAR
                                                  NORMAL
..................................................................
TEMPERATURE (F)
 YESTERDAY
  MAXIMUM         67   1116 PM  92    1972  65      2       83
  MINIMUM         52    835 AM  23    1940  43      9       58
  AVERAGE         60                        54      6       71

PRECIPITATION (IN)
  YESTERDAY        0.53          1.80 1909   0.11   0.42      T
  MONTH TO DATE    1.30                      1.24   0.06     0.57
  SINCE MAR 1      2.18                      3.61  -1.43     2.18
  SINCE JAN 1      4.36                      6.14  -1.78     3.93

SNOWFALL (IN)
  YESTERDAY        0.0           T    2008   0.0    0.0      0.0
                                      1951
  MONTH TO DATE    0.0                       0.4   -0.4      0.0
  SINCE MAR 1      T                         2.4   -2.4      3.5
  SINCE JUL 1     14.2                      18.6   -4.4     26.1
  SNOW DEPTH       0

DEGREE DAYS
 HEATING
  YESTERDAY        5                        12     -7        0
  MONTH TO DATE   90                       164    -74      162
  SINCE MAR 1    652                       810   -158      927
  SINCE JUL 1   4866                      4855     11     5493

 COOLING
  YESTERDAY        0                         1     -1        6
  MONTH TO DATE    6                         6      0        6
  SINCE MAR 1      8                         9     -1        6
  SINCE JAN 1      8                         9     -1        6
..................................................................


WIND (MPH)
  HIGHEST WIND SPEED    37   HIGHEST WIND DIRECTION    SE (140)
  HIGHEST GUST SPEED    45   HIGHEST GUST DIRECTION    SE (140)
  AVERAGE WIND SPEED    14.4


SKY COVER
  POSSIBLE SUNSHINE  MM
  AVERAGE SKY COVER 0.8


WEATHER CONDITIONS
 THE FOLLOWING WEATHER WAS RECORDED YESTERDAY.
  THUNDERSTORM
  RAIN
  LIGHT RAIN
  FOG


RELATIVE HUMIDITY (PERCENT)
 HIGHEST    86          1000 AM
 LOWEST     53           100 AM
 AVERAGE    70

..........................................................


THE KANSAS CITY INTERNATIONAL MO CLIMATE NORMALS FOR TODAY
                         NORMAL    RECORD    YEAR
 MAXIMUM TEMPERATURE (F)   65        92      2006
 MINIMUM TEMPERATURE (F)   43        22      1950


SUNRISE AND SUNSET
APRIL 13 2015.........SUNRISE   645 AM CDT   SUNSET   754 PM CDT
APRIL 14 2015.........SUNRISE   644 AM CDT   SUNSET   755 PM CDT


-  INDICATES NEGATIVE NUMBERS.
R  INDICATES RECORD WAS SET OR TIED.
MM INDICATES DATA IS MISSING.
T  INDICATES TRACE AMOUNT.



&&

...MISCELLANEOUS CLIMATE DATA FROM YESTERDAY...

LOCATION                HIGH    LOW      PRECIP
ST. JOSEPH               68      53       0.37
DOWNTOWN KANSAS CITY     70      54       0.75
OLATHE NEW CENTURY       68      51       1.23
OLATHE JO CO EXEC        68      51       0.96
LEES SUMMIT              68      52       0.71
KIRKSVILLE               69      52       0.05
CHILLICOTHE              69      54       0.14
SEDALIA                  73      53       0.33
NWS PLEASANT HILL MO     66      50       0.72


THIS PRODUCT...ALONG WITH OTHER WEATHER...HYDROLOGICAL AND CLIMATE
INFORMATION...IS AVAILABLE ON THE WEB AT HTTP://WWW.CRH.NOAA.GOV/EAX
OR AT HTTP://WEATHER.GOV

$$

73
