000
CDUS43 KEAX 010633
CLIMCI

CLIMATE REPORT
NATIONAL WEATHER SERVICE KANSAS CITY/PLEASANT HILL MO
132 AM CDT WED APR 1 2015


...................................

...THE KANSAS CITY INTERNATIONAL MO CLIMATE SUMMARY FOR MARCH 31 2015...

CLIMATE NORMAL PERIOD 1981 TO 2010
CLIMATE RECORD PERIOD 1888 TO 2015


WEATHER ITEM   OBSERVED TIME   RECORD YEAR NORMAL DEPARTURE LAST
                VALUE   (LST)  VALUE       VALUE  FROM      YEAR
                                                  NORMAL
..................................................................
TEMPERATURE (F)
 YESTERDAY
  MAXIMUM         77    256 PM  89    1946  61     16       80
  MINIMUM         46    612 AM  17    1923  38      8       34
  AVERAGE         62                        50     12       57

PRECIPITATION (IN)
  YESTERDAY        0.00          2.23 1929   0.10  -0.10      T
  MONTH TO DATE    0.88                      2.37  -1.49     1.61
  SINCE MAR 1      0.88                      2.37  -1.49     1.61
  SINCE JAN 1      3.06                      4.90  -1.84     3.36

SNOWFALL (IN)
  YESTERDAY        0.0           2.5  1972   0.0    0.0      0.0
  MONTH TO DATE    T                         2.0   -2.0      3.5
  SINCE MAR 1      T                         2.0   -2.0      3.5
  SINCE JUL 1     14.2                      18.2   -4.0     26.1
  SNOW DEPTH       0

DEGREE DAYS
 HEATING
  YESTERDAY        3                        16    -13        8
  MONTH TO DATE  562                       647    -85      765
  SINCE MAR 1    562                       646    -84      765
  SINCE JUL 1   4776                      4691     85     5331

 COOLING
  YESTERDAY        0                         0      0        0
  MONTH TO DATE    2                         3     -1        0
  SINCE MAR 1      2                         3     -1        0
  SINCE JAN 1      2                         3     -1        0
..................................................................


WIND (MPH)
  HIGHEST WIND SPEED    16   HIGHEST WIND DIRECTION     E (70)
  HIGHEST GUST SPEED    19   HIGHEST GUST DIRECTION     E (70)
  AVERAGE WIND SPEED     7.1


SKY COVER
  POSSIBLE SUNSHINE  MM
  AVERAGE SKY COVER 0.1


WEATHER CONDITIONS
 THE FOLLOWING WEATHER WAS RECORDED YESTERDAY.
  NO SIGNIFICANT WEATHER WAS OBSERVED.


RELATIVE HUMIDITY (PERCENT)
 HIGHEST    66           600 AM
 LOWEST     19           200 PM
 AVERAGE    43

..........................................................


THE KANSAS CITY INTERNATIONAL MO CLIMATE NORMALS FOR TODAY
                         NORMAL    RECORD    YEAR
 MAXIMUM TEMPERATURE (F)   61        91      1940
 MINIMUM TEMPERATURE (F)   39        22      1899


SUNRISE AND SUNSET
APRIL  1 2015.........SUNRISE   704 AM CDT   SUNSET   743 PM CDT
APRIL  2 2015.........SUNRISE   702 AM CDT   SUNSET   744 PM CDT


-  INDICATES NEGATIVE NUMBERS.
R  INDICATES RECORD WAS SET OR TIED.
MM INDICATES DATA IS MISSING.
T  INDICATES TRACE AMOUNT.




&&

...MISCELLANEOUS CLIMATE DATA FROM YESTERDAY...

LOCATION                HIGH    LOW      PRECIP
ST. JOSEPH               78      38       0.00
DOWNTOWN KANSAS CITY     78      48       0.00
OLATHE NEW CENTURY       76      43       0.00
OLATHE JO CO EXEC        76      45       0.00
LEES SUMMIT              76      49       0.00
KIRKSVILLE               75      39       0.00
CHILLICOTHE              77      42       0.00
SEDALIA                  77      49       0.00
NWS PLEASANT HILL MO     75      42       0.00


THIS PRODUCT...ALONG WITH OTHER WEATHER...HYDROLOGICAL AND CLIMATE
INFORMATION...IS AVAILABLE ON THE WEB AT HTTP://WWW.CRH.NOAA.GOV/EAX
OR AT HTTP://WEATHER.GOV

$$

CDB
