000
CDUS43 KEAX 260641
CLIMCI

CLIMATE REPORT
NATIONAL WEATHER SERVICE KANSAS CITY/PLEASANT HILL MO
140 AM CDT SUN APR 26 2015


...................................

...THE KANSAS CITY INTERNATIONAL MO CLIMATE SUMMARY FOR APRIL 25 2015...

CLIMATE NORMAL PERIOD 1981 TO 2010
CLIMATE RECORD PERIOD 1888 TO 2015


WEATHER ITEM   OBSERVED TIME   RECORD YEAR NORMAL DEPARTURE LAST
                VALUE   (LST)  VALUE       VALUE  FROM      YEAR
                                                  NORMAL
..................................................................
TEMPERATURE (F)
 YESTERDAY
  MAXIMUM         61    939 AM  92    2012  69     -8       76
  MINIMUM         48    953 PM  33    2013  48      0       42
  AVERAGE         55                        58     -3       59

PRECIPITATION (IN)
  YESTERDAY        0.56          2.84 1904   0.15   0.41     0.00
  MONTH TO DATE    3.29                      2.94   0.35     1.98
  SINCE MAR 1      4.17                      5.31  -1.14     3.59
  SINCE JAN 1      6.35                      7.84  -1.49     5.34

SNOWFALL (IN)
  YESTERDAY        0.0           0.0    MM   0.0    0.0      0.0
  MONTH TO DATE    0.0                       0.6   -0.6      0.1
  SINCE MAR 1      T                         2.6   -2.6      3.6
  SINCE JUL 1     14.2                      18.8   -4.6     26.2
  SNOW DEPTH       0

DEGREE DAYS
 HEATING
  YESTERDAY       10                         8      2        6
  MONTH TO DATE  204                       293    -89      297
  SINCE MAR 1    766                       939   -173     1062
  SINCE JUL 1   4980                      4984     -4     5628

 COOLING
  YESTERDAY        0                         1     -1        0
  MONTH TO DATE    7                        19    -12        7
  SINCE MAR 1      9                        22    -13        7
  SINCE JAN 1      9                        22    -13        7
..................................................................


WIND (MPH)
  HIGHEST WIND SPEED    20   HIGHEST WIND DIRECTION    SE (120)
  HIGHEST GUST SPEED    28   HIGHEST GUST DIRECTION    SE (140)
  AVERAGE WIND SPEED    10.1


SKY COVER
  POSSIBLE SUNSHINE  MM
  AVERAGE SKY COVER 1.0


WEATHER CONDITIONS
 THE FOLLOWING WEATHER WAS RECORDED YESTERDAY.
  THUNDERSTORM
  HEAVY RAIN
  RAIN
  LIGHT RAIN
  FOG


RELATIVE HUMIDITY (PERCENT)
 HIGHEST   100           400 AM
 LOWEST     84          1200 AM
 AVERAGE    92

..........................................................


THE KANSAS CITY INTERNATIONAL MO CLIMATE NORMALS FOR TODAY
                         NORMAL    RECORD    YEAR
 MAXIMUM TEMPERATURE (F)   69        92      1989
 MINIMUM TEMPERATURE (F)   48        34      2008
                                             1907


SUNRISE AND SUNSET
APRIL 26 2015.........SUNRISE   627 AM CDT   SUNSET   807 PM CDT
APRIL 27 2015.........SUNRISE   626 AM CDT   SUNSET   808 PM CDT


-  INDICATES NEGATIVE NUMBERS.
R  INDICATES RECORD WAS SET OR TIED.
MM INDICATES DATA IS MISSING.
T  INDICATES TRACE AMOUNT.



&&

...MISCELLANEOUS CLIMATE DATA FROM YESTERDAY...

LOCATION                HIGH    LOW      PRECIP
ST. JOSEPH               60      49       0.59
DOWNTOWN KANSAS CITY     66      51       0.28
OLATHE NEW CENTURY       65      49       0.42
OLATHE JO CO EXEC        65      49       0.29
LEES SUMMIT              64      49       0.19
KIRKSVILLE               55      47       0.53
CHILLICOTHE              58      49       0.49
SEDALIA                  72      50       0.14
NWS PLEASANT HILL MO     64      48       0.34


THIS PRODUCT...ALONG WITH OTHER WEATHER...HYDROLOGICAL AND CLIMATE
INFORMATION...IS AVAILABLE ON THE WEB AT HTTP://WWW.CRH.NOAA.GOV/EAX
OR AT HTTP://WEATHER.GOV

$$
