000
CDUS43 KEAX 180632
CLIMCI

CLIMATE REPORT
NATIONAL WEATHER SERVICE KANSAS CITY/PLEASANT HILL MO
131 AM CDT SAT APR 18 2015


...................................

...THE KANSAS CITY INTERNATIONAL MO CLIMATE SUMMARY FOR APRIL 17 2015...

CLIMATE NORMAL PERIOD 1981 TO 2010
CLIMATE RECORD PERIOD 1888 TO 2015


WEATHER ITEM   OBSERVED TIME   RECORD YEAR NORMAL DEPARTURE LAST
                VALUE   (LST)  VALUE       VALUE  FROM      YEAR
                                                  NORMAL
..................................................................
TEMPERATURE (F)
 YESTERDAY
  MAXIMUM         77    139 PM  87    1954  66     11       51
  MINIMUM         54    552 AM  28    1953  45      9       37
                                      1921
  AVERAGE         66                        55     11       44

PRECIPITATION (IN)
  YESTERDAY        0.02          1.93 1940   0.12  -0.10     0.00
  MONTH TO DATE    1.69                      1.85  -0.16     1.24
  SINCE MAR 1      2.57                      4.22  -1.65     2.85
  SINCE JAN 1      4.75                      6.75  -2.00     4.60

SNOWFALL (IN)
  YESTERDAY        0.0           T    1999   0.0    0.0      0.0
                                      1953
  MONTH TO DATE    0.0                       0.5   -0.5      0.1
  SINCE MAR 1      T                         2.5   -2.5      3.6
  SINCE JUL 1     14.2                      18.7   -4.5     26.2
  SNOW DEPTH       0

DEGREE DAYS
 HEATING
  YESTERDAY        0                        11    -11       21
  MONTH TO DATE  118                       220   -102      258
  SINCE MAR 1    680                       866   -186     1023
  SINCE JUL 1   4894                      4911    -17     5589

 COOLING
  YESTERDAY        1                         1      0        0
  MONTH TO DATE    7                        11     -4        6
  SINCE MAR 1      9                        14     -5        6
  SINCE JAN 1      9                        14     -5        6
..................................................................


WIND (MPH)
  HIGHEST WIND SPEED    15   HIGHEST WIND DIRECTION    SE (140)
  HIGHEST GUST SPEED    18   HIGHEST GUST DIRECTION    SE (130)
  AVERAGE WIND SPEED     7.4


SKY COVER
  POSSIBLE SUNSHINE  MM
  AVERAGE SKY COVER 0.8


WEATHER CONDITIONS
 THE FOLLOWING WEATHER WAS RECORDED YESTERDAY.
  LIGHT RAIN


RELATIVE HUMIDITY (PERCENT)
 HIGHEST    93           600 AM
 LOWEST     50           300 PM
 AVERAGE    72

..........................................................


THE KANSAS CITY INTERNATIONAL MO CLIMATE NORMALS FOR TODAY
                         NORMAL    RECORD    YEAR
 MAXIMUM TEMPERATURE (F)   67        91      2006
 MINIMUM TEMPERATURE (F)   45        27      1983


SUNRISE AND SUNSET
APRIL 18 2015.........SUNRISE   638 AM CDT   SUNSET   759 PM CDT
APRIL 19 2015.........SUNRISE   636 AM CDT   SUNSET   800 PM CDT


-  INDICATES NEGATIVE NUMBERS.
R  INDICATES RECORD WAS SET OR TIED.
MM INDICATES DATA IS MISSING.
T  INDICATES TRACE AMOUNT.



&&

...MISCELLANEOUS CLIMATE DATA FROM YESTERDAY...

LOCATION                HIGH    LOW      PRECIP
ST. JOSEPH               77      49       0.00
DOWNTOWN KANSAS CITY     79      55       T
OLATHE NEW CENTURY       77      53       0.00
OLATHE JO CO EXEC        76      56       0.00
LEES SUMMIT              78      54       0.00
KIRKSVILLE               80      51       0.00
CHILLICOTHE              80      52       0.00
SEDALIA                  81      54       0.00
NWS PLEASANT HILL MO     78      56       0.00


THIS PRODUCT...ALONG WITH OTHER WEATHER...HYDROLOGICAL AND CLIMATE
INFORMATION...IS AVAILABLE ON THE WEB AT HTTP://WWW.CRH.NOAA.GOV/EAX
OR AT HTTP://WEATHER.GOV

$$
