000
CDUS43 KEAX 160039
CLIMCI

CLIMATE REPORT
NATIONAL WEATHER SERVICE KANSAS CITY/PLEASANT HILL MO
737 PM CDT WED APR 15 2015


...................................

...THE KANSAS CITY INTERNATIONAL MO CLIMATE SUMMARY FOR APRIL 15 2015...
VALID TODAY AS OF 0700 PM LOCAL TIME.

CLIMATE NORMAL PERIOD 1981 TO 2010
CLIMATE RECORD PERIOD 1888 TO 2015


WEATHER ITEM   OBSERVED TIME   RECORD YEAR NORMAL DEPARTURE LAST
                VALUE   (LST)  VALUE       VALUE  FROM      YEAR
                                                  NORMAL
..................................................................
TEMPERATURE (F)
 TODAY
  MAXIMUM         59    559 PM  88    2002  66     -7       54
                                      1924
  MINIMUM         49    754 AM  22    1983  44      5       29
  AVERAGE         54                        55     -1       42

PRECIPITATION (IN)
  TODAY            0.05          4.66 1939   0.13  -0.08     0.00
  MONTH TO DATE    1.67                      1.61   0.06     1.24
  SINCE MAR 1      2.55                      3.98  -1.43     2.85
  SINCE JAN 1      4.73                      6.51  -1.78     4.60

SNOWFALL (IN)
  TODAY            0.0           1.2  1905   0.0    0.0      0.0
  MONTH TO DATE    0.0                       0.4   -0.4      0.1
  SINCE MAR 1      T                         2.4   -2.4      3.6
  SINCE JUL 1     14.2                      18.6   -4.4     26.2
  SNOW DEPTH       0

DEGREE DAYS
 HEATING
  TODAY           11                        11      0       23
  MONTH TO DATE  116                       198    -82      225
  SINCE MAR 1    678                       844   -166      990
  SINCE JUL 1   4892                      4889      3     5556

 COOLING
  TODAY            0                         1     -1        0
  MONTH TO DATE    6                         9     -3        6
  SINCE MAR 1      8                        12     -4        6
  SINCE JAN 1      8                        12     -4        6
..................................................................


WIND (MPH)
  HIGHEST WIND SPEED    25   HIGHEST WIND DIRECTION    SE (140)
  HIGHEST GUST SPEED    30   HIGHEST GUST DIRECTION    SE (130)
  AVERAGE WIND SPEED    13.2


SKY COVER
  POSSIBLE SUNSHINE  MM
  AVERAGE SKY COVER 1.0


WEATHER CONDITIONS
 THE FOLLOWING WEATHER WAS RECORDED TODAY.
  LIGHT RAIN
  FOG


RELATIVE HUMIDITY (PERCENT)
 HIGHEST    93           200 AM
 LOWEST     40          1200 AM
 AVERAGE    67

..........................................................


THE KANSAS CITY INTERNATIONAL MO CLIMATE NORMALS FOR TOMORROW
                         NORMAL    RECORD    YEAR
 MAXIMUM TEMPERATURE (F)   66        86      1967
 MINIMUM TEMPERATURE (F)   44        28      1921


SUNRISE AND SUNSET
APRIL 15 2015.........SUNRISE   642 AM CDT   SUNSET   756 PM CDT
APRIL 16 2015.........SUNRISE   641 AM CDT   SUNSET   757 PM CDT


-  INDICATES NEGATIVE NUMBERS.
R  INDICATES RECORD WAS SET OR TIED.
MM INDICATES DATA IS MISSING.
T  INDICATES TRACE AMOUNT.




&&

...MISCELLANEOUS CLIMATE DATA FROM TODAY...

LOCATION                HIGH    LOW      PRECIP
ST. JOSEPH               60      49       0.06
DOWNTOWN KANSAS CITY     62      51       T
OLATHE NEW CENTURY       59      51       T
OLATHE JO CO EXEC        60      51       0.01
LEES SUMMIT              61      49       0.04
KIRKSVILLE               67      49       0.10
CHILLICOTHE              66      53       T
SEDALIA                  61      52       0.09
NWS PLEASANT HILL MO     60      48       0.08


THIS PRODUCT...ALONG WITH OTHER WEATHER...HYDROLOGICAL AND CLIMATE
INFORMATION...IS AVAILABLE ON THE WEB AT HTTP://WWW.CRH.NOAA.GOV/EAX
OR AT HTTP://WEATHER.GOV

$$

PM
