000
CDUS43 KEAX 200634
CLIMCI

CLIMATE REPORT
NATIONAL WEATHER SERVICE KANSAS CITY/PLEASANT HILL MO
132 AM CDT MON APR 20 2015


...................................

...THE KANSAS CITY INTERNATIONAL MO CLIMATE SUMMARY FOR APRIL 19 2015...

CLIMATE NORMAL PERIOD 1981 TO 2010
CLIMATE RECORD PERIOD 1888 TO 2015


WEATHER ITEM   OBSERVED TIME   RECORD YEAR NORMAL DEPARTURE LAST
                VALUE   (LST)  VALUE       VALUE  FROM      YEAR
                                                  NORMAL
..................................................................
TEMPERATURE (F)
 YESTERDAY
  MAXIMUM         66   1252 PM  89    1987  67     -1       77
  MINIMUM         48   1052 PM  30    1953  45      3       50
  AVERAGE         57                        56      1       64

PRECIPITATION (IN)
  YESTERDAY        0.28          2.50 2003   0.13   0.15     0.00
  MONTH TO DATE    2.73                      2.10   0.63     1.24
  SINCE MAR 1      3.61                      4.47  -0.86     2.85
  SINCE JAN 1      5.79                      7.00  -1.21     4.60

SNOWFALL (IN)
  YESTERDAY        0.0           0.0    MM   0.0    0.0      0.0
  MONTH TO DATE    0.0                       0.5   -0.5      0.1
  SINCE MAR 1      T                         2.5   -2.5      3.6
  SINCE JUL 1     14.2                      18.7   -4.5     26.2
  SNOW DEPTH       0

DEGREE DAYS
 HEATING
  YESTERDAY        8                        10     -2        1
  MONTH TO DATE  130                       240   -110      273
  SINCE MAR 1    692                       886   -194     1038
  SINCE JUL 1   4906                      4931    -25     5604

 COOLING
  YESTERDAY        0                         1     -1        0
  MONTH TO DATE    7                        13     -6        6
  SINCE MAR 1      9                        16     -7        6
  SINCE JAN 1      9                        16     -7        6
..................................................................


WIND (MPH)
  HIGHEST WIND SPEED    26   HIGHEST WIND DIRECTION    NW (330)
  HIGHEST GUST SPEED    35   HIGHEST GUST DIRECTION     N (340)
  AVERAGE WIND SPEED    11.0


SKY COVER
  POSSIBLE SUNSHINE  MM
  AVERAGE SKY COVER 0.9


WEATHER CONDITIONS
 THE FOLLOWING WEATHER WAS RECORDED YESTERDAY.
  HEAVY RAIN
  RAIN
  LIGHT RAIN
  FOG
  FOG W/VISIBILITY <= 1/4 MILE


RELATIVE HUMIDITY (PERCENT)
 HIGHEST   100          1200 AM
 LOWEST     66           900 PM
 AVERAGE    83

..........................................................


THE KANSAS CITY INTERNATIONAL MO CLIMATE NORMALS FOR TODAY
                         NORMAL    RECORD    YEAR
 MAXIMUM TEMPERATURE (F)   67        90      1902
 MINIMUM TEMPERATURE (F)   46        29      1953


SUNRISE AND SUNSET
APRIL 20 2015.........SUNRISE   635 AM CDT   SUNSET   801 PM CDT
APRIL 21 2015.........SUNRISE   634 AM CDT   SUNSET   802 PM CDT


-  INDICATES NEGATIVE NUMBERS.
R  INDICATES RECORD WAS SET OR TIED.
MM INDICATES DATA IS MISSING.
T  INDICATES TRACE AMOUNT.




&&

...MISCELLANEOUS CLIMATE DATA FROM YESTERDAY...

LOCATION                HIGH    LOW      PRECIP
ST. JOSEPH               64      48       0.29
DOWNTOWN KANSAS CITY     69      51       0.15
OLATHE NEW CENTURY       68      49       0.36
OLATHE JO CO EXEC        68      50       0.12
LEES SUMMIT              69      50       0.26
KIRKSVILLE               70      48       0.71
CHILLICOTHE              70      50       0.07
SEDALIA                  70      51       0.29
NWS PLEASANT HILL MO     69      48       0.11


THIS PRODUCT...ALONG WITH OTHER WEATHER...HYDROLOGICAL AND CLIMATE
INFORMATION...IS AVAILABLE ON THE WEB AT HTTP://WWW.CRH.NOAA.GOV/EAX
OR AT HTTP://WEATHER.GOV

$$

MJ
