000
CDUS43 KEAX 300037
CLIMCI

CLIMATE REPORT
NATIONAL WEATHER SERVICE KANSAS CITY/PLEASANT HILL MO
737 PM CDT WED APR 29 2015


...................................

...THE KANSAS CITY INTERNATIONAL MO CLIMATE SUMMARY FOR APRIL 29 2015...
VALID TODAY AS OF 0700 PM LOCAL TIME.

CLIMATE NORMAL PERIOD 1981 TO 2010
CLIMATE RECORD PERIOD 1888 TO 2015


WEATHER ITEM   OBSERVED TIME   RECORD YEAR NORMAL DEPARTURE LAST
                VALUE   (LST)  VALUE       VALUE  FROM      YEAR
                                                  NORMAL
..................................................................
TEMPERATURE (F)
 TODAY
  MAXIMUM         73    222 PM  95    1910  70      3       53
  MINIMUM         44    536 AM  34    1976  49     -5       42
                                      1907
  AVERAGE         59                        59      0       48

PRECIPITATION (IN)
  TODAY            0.00          2.01 1984   0.15  -0.15     0.19
  MONTH TO DATE    3.29                      3.54  -0.25     3.90
  SINCE MAR 1      4.17                      5.91  -1.74     5.51
  SINCE JAN 1      6.35                      8.44  -2.09     7.26

SNOWFALL (IN)
  TODAY            0.0           0.0    MM   0.0    0.0      0.0
  MONTH TO DATE    0.0                       0.6   -0.6      0.1
  SINCE MAR 1      T                         2.6   -2.6      3.6
  SINCE JUL 1     14.2                      18.8   -4.6     26.2
  SNOW DEPTH       0

DEGREE DAYS
 HEATING
  TODAY            6                         7     -1       17
  MONTH TO DATE  238                       322    -84      323
  SINCE MAR 1    800                       968   -168     1088
  SINCE JUL 1   5014                      5013      1     5654

 COOLING
  TODAY            0                         1     -1        0
  MONTH TO DATE    7                        23    -16        9
  SINCE MAR 1      9                        26    -17        9
  SINCE JAN 1      9                        26    -17        9
..................................................................


WIND (MPH)
  HIGHEST WIND SPEED    15   HIGHEST WIND DIRECTION    NW (330)
  HIGHEST GUST SPEED    20   HIGHEST GUST DIRECTION     N (350)
  AVERAGE WIND SPEED     8.3


SKY COVER
  POSSIBLE SUNSHINE  MM
  AVERAGE SKY COVER 0.2


WEATHER CONDITIONS
 THE FOLLOWING WEATHER WAS RECORDED TODAY.
  NO SIGNIFICANT WEATHER WAS OBSERVED.


RELATIVE HUMIDITY (PERCENT)
 HIGHEST    71           400 AM
 LOWEST     35           100 PM
 AVERAGE    53

..........................................................


THE KANSAS CITY INTERNATIONAL MO CLIMATE NORMALS FOR TOMORROW
                         NORMAL    RECORD    YEAR
 MAXIMUM TEMPERATURE (F)   70        91      1936
 MINIMUM TEMPERATURE (F)   49        31      2005
                                             1903


SUNRISE AND SUNSET
APRIL 29 2015.........SUNRISE   623 AM CDT   SUNSET   810 PM CDT
APRIL 30 2015.........SUNRISE   622 AM CDT   SUNSET   811 PM CDT


-  INDICATES NEGATIVE NUMBERS.
R  INDICATES RECORD WAS SET OR TIED.
MM INDICATES DATA IS MISSING.
T  INDICATES TRACE AMOUNT.




&&

...MISCELLANEOUS CLIMATE DATA FROM TODAY...

LOCATION                HIGH    LOW      PRECIP
ST. JOSEPH               74      43       0.00
DOWNTOWN KANSAS CITY     75      48       0.00
OLATHE NEW CENTURY       73      46       0.00
OLATHE JO CO EXEC        73      49       0.00
LEES SUMMIT              73      44       0.00
KIRKSVILLE               72      43       0.00
CHILLICOTHE              75      46       0.00
SEDALIA                  76      48       0.00
NWS PLEASANT HILL MO     72      43       0.00


THIS PRODUCT...ALONG WITH OTHER WEATHER...HYDROLOGICAL AND CLIMATE
INFORMATION...IS AVAILABLE ON THE WEB AT HTTP://WWW.CRH.NOAA.GOV/EAX
OR AT HTTP://WEATHER.GOV

$$
