000
CDUS43 KEAX 120634
CLIMCI

CLIMATE REPORT
NATIONAL WEATHER SERVICE KANSAS CITY/PLEASANT HILL MO
133 AM CDT SUN APR 12 2015


...................................

...THE KANSAS CITY INTERNATIONAL MO CLIMATE SUMMARY FOR APRIL 11 2015...

CLIMATE NORMAL PERIOD 1981 TO 2010
CLIMATE RECORD PERIOD 1888 TO 2015


WEATHER ITEM   OBSERVED TIME   RECORD YEAR NORMAL DEPARTURE LAST
                VALUE   (LST)  VALUE       VALUE  FROM      YEAR
                                                  NORMAL
..................................................................
TEMPERATURE (F)
 YESTERDAY
  MAXIMUM         73    127 PM  89    1930  64      9       75
  MINIMUM         49    631 AM  26    1940  42      7       40
  AVERAGE         61                        53      8       58

PRECIPITATION (IN)
  YESTERDAY        0.00          1.09 1893   0.11  -0.11     0.00
  MONTH TO DATE    0.77                      1.13  -0.36     0.57
  SINCE MAR 1      1.65                      3.50  -1.85     2.18
  SINCE JAN 1      3.83                      6.03  -2.20     3.93

SNOWFALL (IN)
  YESTERDAY        0.0           1.8  1957   0.1   -0.1      0.0
  MONTH TO DATE    0.0                       0.4   -0.4      0.0
  SINCE MAR 1      T                         2.4   -2.4      3.5
  SINCE JUL 1     14.2                      18.6   -4.4     26.1
  SNOW DEPTH       0

DEGREE DAYS
 HEATING
  YESTERDAY        4                        12     -8        7
  MONTH TO DATE   85                       152    -67      162
  SINCE MAR 1    647                       798   -151      927
  SINCE JUL 1   4861                      4843     18     5493

 COOLING
  YESTERDAY        0                         1     -1        0
  MONTH TO DATE    6                         5      1        0
  SINCE MAR 1      8                         8      0        0
  SINCE JAN 1      8                         8      0        0
..................................................................


WIND (MPH)
  HIGHEST WIND SPEED    22   HIGHEST WIND DIRECTION     S (160)
  HIGHEST GUST SPEED    27   HIGHEST GUST DIRECTION     S (190)
  AVERAGE WIND SPEED    11.2


SKY COVER
  POSSIBLE SUNSHINE  MM
  AVERAGE SKY COVER 0.6


WEATHER CONDITIONS
 THE FOLLOWING WEATHER WAS RECORDED YESTERDAY.
  NO SIGNIFICANT WEATHER WAS OBSERVED.


RELATIVE HUMIDITY (PERCENT)
 HIGHEST    61           700 AM
 LOWEST     31          1100 AM
 AVERAGE    46

..........................................................


THE KANSAS CITY INTERNATIONAL MO CLIMATE NORMALS FOR TODAY
                         NORMAL    RECORD    YEAR
 MAXIMUM TEMPERATURE (F)   65        92      1972
 MINIMUM TEMPERATURE (F)   43        23      1940


SUNRISE AND SUNSET
APRIL 12 2015.........SUNRISE   647 AM CDT   SUNSET   753 PM CDT
APRIL 13 2015.........SUNRISE   645 AM CDT   SUNSET   754 PM CDT


-  INDICATES NEGATIVE NUMBERS.
R  INDICATES RECORD WAS SET OR TIED.
MM INDICATES DATA IS MISSING.
T  INDICATES TRACE AMOUNT.




&&

...MISCELLANEOUS CLIMATE DATA FROM YESTERDAY...

LOCATION                HIGH    LOW      PRECIP
ST. JOSEPH               75      41       0.00
DOWNTOWN KANSAS CITY     74      50       0.00
OLATHE NEW CENTURY       72      47       0.00
OLATHE JO CO EXEC        71      47       0.00
LEES SUMMIT              71      48       0.00
KIRKSVILLE               71      37       0.00
CHILLICOTHE              72      38       0.00
SEDALIA                  73      45       0.00
NWS PLEASANT HILL MO     70      47       0.00


THIS PRODUCT...ALONG WITH OTHER WEATHER...HYDROLOGICAL AND CLIMATE
INFORMATION...IS AVAILABLE ON THE WEB AT HTTP://WWW.CRH.NOAA.GOV/EAX
OR AT HTTP://WEATHER.GOV

$$

73
