000
CXUS55 KBYZ 271055
CF6BIL
PRELIMINARY LOCAL CLIMATOLOGICAL DATA (WS FORM: F-6)

                                          STATION:   BILLINGS MT
                                          MONTH:     APRIL
                                          YEAR:      2015
                                          LATITUDE:   45 47 N
                                          LONGITUDE: 108 32 W

  TEMPERATURE IN F:       :PCPN:    SNOW:  WIND      :SUNSHINE: SKY     :PK WND
================================================================================
1   2   3   4   5  6A  6B    7    8   9   10  11  12  13   14  15   16   17  18
                                     12Z  AVG MX 2MIN
DY MAX MIN AVG DEP HDD CDD  WTR  SNW DPTH SPD SPD DIR MIN PSBL S-S WX    SPD DR
================================================================================

 1  55  37  46   4  19   0    T    T    0 20.8 35 280   M    M   7 5      45 280
 2  46  29  38  -4  27   0 0.00  0.0    0 14.0 26 320   M    M   3        39 300
 3  54  26  40  -2  25   0 0.00  0.0    0 12.6 23 270   M    M   3        30 280
 4  58  28  43   0  22   0    T  0.0    0  7.2 20 250   M    M   7        28 260
 5  45  33  39  -4  26   0 0.01    T    0 10.7 22  40   M    M   9 1      28  40
 6  38  27  33 -10  32   0    T    T    0  8.8 17  50   M    M  10 12     19  50
 7  57  29  43  -1  22   0 0.00  0.0    0  9.0 20 240   M    M   6        23 240
 8  54  33  44   0  21   0    T  0.0    0 11.7 24  50   M    M   7        28  90
 9  61  29  45   1  20   0 0.00  0.0    0  5.0 14 230   M    M   3        19 240
10  64  32  48   4  17   0 0.00  0.0    0  8.3 16 240   M    M   2        20 250
11  71  46  59  14   6   0    T  0.0    0 15.0 31 230   M    M   7        44 250
12  55  37  46   1  19   0    T  0.0    0 18.7 38 300   M    M   5        51 300
13  69  34  52   7  13   0 0.00  0.0    0  8.3 20 240   M    M   3        26 240
14  80  38  59  13   6   0    T  0.0    0 11.5 48 310   M    M   8        58 310
15  42  32  37  -9  28   0 1.11  5.9    1 10.7 23 260   M    M   9 14     31 290
16  54  37  46   0  19   0 0.00  0.0    T  7.2 14 260   M    M   4        19 260
17  66  33  50   4  15   0 0.00  0.0    0  8.3 17 240   M    M   0        20 230
18  66  35  51   4  14   0 0.00  0.0    0 15.5 31 360   M    M   3        38  40
19  54  33  44  -3  21   0 0.00  0.0    0  8.4 20 330   M    M   4        25 330
20  62  34  48   1  17   0 0.00  0.0    0  7.2 17 360   M    M   3        22 320
21  66  40  53   5  12   0 0.00  0.0    0  9.2 18 230   M    M   4        22 230
22  73  36  55   7  10   0 0.01  0.0    0  6.8 24 320   M    M   2        29 320
23  64  47  56   8   9   0    T  0.0    0  7.8 26 340   M    M   5 8      32 330
24  71  44  58   9   7   0    T  0.0    0  8.3 28 320   M    M   6        35 320
25  50  39  45  -4  20   0 0.20  0.0    0  8.4 23 320   M    M   7 1      28 320
26  41  36  39 -10  26   0 0.17    T    0 10.8 21  50   M    M  10 1      25  40
================================================================================
SM 1516  904       473   0  1.50     5.9 270.2          M      137
================================================================================
AV 58.3 34.8                              10.4 FASTST   M    M   5    MAX(MPH)
                                 MISC ---->  # 48 310               # 58  310
================================================================================
NOTES:
# LAST OF SEVERAL OCCURRENCES

COLUMN 17 PEAK WIND IN M.P.H.

PRELIMINARY LOCAL CLIMATOLOGICAL DATA (WS FORM: F-6) , PAGE 2

                                          STATION:  BILLINGS MT
                                          MONTH:    APRIL
                                          YEAR:     2015
                                          LATITUDE:   45 47 N
                                          LONGITUDE: 108 32 W

[TEMPERATURE DATA]      [PRECIPITATION DATA]       SYMBOLS USED IN COLUMN 16

AVERAGE MONTHLY: 46.5   TOTAL FOR MONTH:   1.50    1 = FOG OR MIST
DPTR FM NORMAL:   1.1   DPTR FM NORMAL:    0.10    2 = FOG REDUCING VISIBILITY
HIGHEST:    80 ON 14    GRTST 24HR  1.11 ON 15-15      TO 1/4 MILE OR LESS
LOWEST:     26 ON  3                               3 = THUNDER
                        SNOW, ICE PELLETS, HAIL    4 = ICE PELLETS
                        TOTAL MONTH:   5.9 INCHES  5 = HAIL
                        GRTST 24HR   5.9 ON   M    6 = FREEZING RAIN OR DRIZZLE
                        GRTST DEPTH:   1 ON 15     7 = DUSTSTORM OR SANDSTORM:
                                                       VSBY 1/2 MILE OR LESS
                                                   8 = SMOKE OR HAZE
[NO. OF DAYS WITH]      [WEATHER - DAYS WITH]      9 = BLOWING SNOW
                                                   X = TORNADO
MAX 32 OR BELOW:   0    0.01 INCH OR MORE:   5
MAX 90 OR ABOVE:   0    0.10 INCH OR MORE:   3
MIN 32 OR BELOW:   8    0.50 INCH OR MORE:   1
MIN  0 OR BELOW:   0    1.00 INCH OR MORE:   1

[HDD (BASE 65) ]
TOTAL THIS MO.   473    CLEAR  (SCALE 0-3)   6
DPTR FM NORMAL   -34    PTCLDY (SCALE 4-7)  16
TOTAL FM JUL 1  5670    CLOUDY (SCALE 8-10)  4
DPTR FM NORMAL  -647

[CDD (BASE 65) ]
TOTAL THIS MO.     0
DPTR FM NORMAL     0    [PRESSURE DATA]
TOTAL FM JAN 1     0    HIGHEST SLP M ON M
DPTR FM NORMAL     0    LOWEST  SLP 29.48 ON  1

[REMARKS]
