000
CXUS55 KLOX 301155
CF6CMA
PRELIMINARY LOCAL CLIMATOLOGICAL DATA (WS FORM: F-6)

                                          STATION:   CAMARILLO AIRPORT CA
                                          MONTH:     MARCH
                                          YEAR:      2015
                                          LATITUDE:   34 12 N
                                          LONGITUDE: 119  6 W

  TEMPERATURE IN F:       :PCPN:    SNOW:  WIND      :SUNSHINE: SKY     :PK WND
================================================================================
1   2   3   4   5  6A  6B    7    8   9   10  11  12  13   14  15   16   17  18
                                     12Z  AVG MX 2MIN
DY MAX MIN AVG DEP HDD CDD  WTR  SNW DPTH SPD SPD DIR MIN PSBL S-S WX    SPD DR
================================================================================

 1  65  49  57   2   8   0 0.52    M    0  9.8 20  70   M    M   4 13     24  80
 2  62  46  54  -1  11   0 0.00  0.0    0  7.1 16 200   M    M   4 3      21 210
 3  64  44  54  -1  11   0 0.00  0.0    0  6.7 17 270   M    M   0        20 270
 4  74  42  58   3   7   0 0.00  0.0    0  7.7 24  60   M    M   0        32  60
 5  79  44  62   7   3   0 0.00  0.0    0  8.4 24  70   M    M   0        29  80
 6  85  44  65  10   0   0 0.00  0.0    0 10.5 31  60   M    M   0        42  50
 7  88  48  68  13   0   3 0.00  0.0    0  7.5 24  70   M    M   0        30  50
 8  72  44  58   3   7   0 0.00  0.0    0  4.0 17 260   M    M   1        21 260
 9  68  45  57   1   8   0 0.00  0.0    0  3.7 13 260   M    M   1 128    15 270
10  70  50  60   4   5   0 0.00  0.0    0  3.7 13 240   M    M   4 128    15 220
11  67  52  60   4   5   0    T  0.0    0  3.4 15 270   M    M   3 18     17 260
12  89  47  68  12   0   3 0.00  0.0    0  8.1 28  60   M    M   0 1      33  70
13  92  55  74  18   0   9 0.00  0.0    0 13.1 31  70   M    M   0        37  60
14  92  59  76  20   0  11 0.00  0.0    0  6.7 14 240   M    M   0        18 240
15  88  57  73  17   0   8 0.00  0.0    0  3.4 15 280   M    M   0        18 280
16  86  55  71  15   0   6 0.00  0.0    0  3.7 15 270   M    M   0        17 270
17  77  53  65   9   0   0 0.00  0.0    0  3.2 13 270   M    M   0        15 230
18  74  59  67  11   0   2 0.00  0.0    0  4.0 15 220   M    M   1        19 250
19  71  54  63   6   2   0 0.00  0.0    0  4.4 14 270   M    M   4 18     19 230
20  73  50  62   5   3   0 0.00  0.0    0  5.0 15 230   M    M   0 18     18 220
21  70  51  61   4   4   0 0.00  0.0    0  5.2 14 210   M    M   4 18     18 200
22  69  57  63   6   2   0 0.00  0.0    0  7.0 17 270   M    M   7        20 270
23  71  50  61   4   4   0 0.00  0.0    0  5.2 15 210   M    M   1        20 200
24  77  50  64   7   1   0 0.00  0.0    0  3.7 13 230   M    M   0        19 220
25  84  52  68  11   0   3 0.00  0.0    0  5.0 18  70   M    M   0        23  60
26  93  54  74  17   0   9 0.00  0.0    0  5.9 20  70   M    M   0        24  60
27  81  52  67  10   0   2 0.00  0.0    0  4.1 14 270   M    M   0 1      17 270
28  72  50  61   4   4   0 0.00  0.0    0  4.8 14 240   M    M   1 128    17 240
29  75  50  63   6   2   0 0.00  0.0    0  4.1 13 230   M    M   2 128    17 230
================================================================================
SM 2228 1463        87  56  0.52     0.0 169.0          M       37
================================================================================
AV 76.8 50.4                               5.8 FASTST   M    M   1    MAX(MPH)
                                 MISC ---->  # 31  60               # 42   50
================================================================================
NOTES:
# LAST OF SEVERAL OCCURRENCES

COLUMN 17 PEAK WIND IN M.P.H.

PRELIMINARY LOCAL CLIMATOLOGICAL DATA (WS FORM: F-6) , PAGE 2

                                          STATION:  CAMARILLO AIRPORT CA
                                          MONTH:    MARCH
                                          YEAR:     2015
                                          LATITUDE:   34 12 N
                                          LONGITUDE: 119  6 W

[TEMPERATURE DATA]      [PRECIPITATION DATA]       SYMBOLS USED IN COLUMN 16

AVERAGE MONTHLY: 63.6   TOTAL FOR MONTH:   0.52    1 = FOG OR MIST
DPTR FM NORMAL:   7.5   DPTR FM NORMAL:   -2.08    2 = FOG REDUCING VISIBILITY
HIGHEST:    93 ON 26    GRTST 24HR  0.52 ON  1- 1      TO 1/4 MILE OR LESS
LOWEST:     42 ON  4                               3 = THUNDER
                        SNOW, ICE PELLETS, HAIL    4 = ICE PELLETS
                        TOTAL MONTH:   0.0 INCH    5 = HAIL
                        GRTST 24HR     0.0         6 = FREEZING RAIN OR DRIZZLE
                        GRTST DEPTH:   0           7 = DUSTSTORM OR SANDSTORM:
                                                       VSBY 1/2 MILE OR LESS
                                                   8 = SMOKE OR HAZE
[NO. OF DAYS WITH]      [WEATHER - DAYS WITH]      9 = BLOWING SNOW
                                                   X = TORNADO
MAX 32 OR BELOW:   0    0.01 INCH OR MORE:   1
MAX 90 OR ABOVE:   3    0.10 INCH OR MORE:   1
MIN 32 OR BELOW:   0    0.50 INCH OR MORE:   1
MIN  0 OR BELOW:   0    1.00 INCH OR MORE:   0

[HDD (BASE 65) ]
TOTAL THIS MO.    87    CLEAR  (SCALE 0-3)  23
DPTR FM NORMAL  -174    PTCLDY (SCALE 4-7)   6
TOTAL FM JUL 1   744    CLOUDY (SCALE 8-10)  0
DPTR FM NORMAL  -853

[CDD (BASE 65) ]
TOTAL THIS MO.    56
DPTR FM NORMAL    56    [PRESSURE DATA]
TOTAL FM JAN 1    95    HIGHEST SLP M ON M
DPTR FM NORMAL    86    LOWEST  SLP 29.82 ON  9

[REMARKS]
