000
CXUS54 KMAF 281100
CF6CNM
PRELIMINARY LOCAL CLIMATOLOGICAL DATA (WS FORM: F-6)

                                          STATION:   Carlsbad
                                          MONTH:     APRIL
                                          YEAR:      2015
                                          LATITUDE:   32 20 N
                                          LONGITUDE: 104 15 W

  TEMPERATURE IN F:       :PCPN:    SNOW:  WIND      :SUNSHINE: SKY     :PK WND
================================================================================
1   2   3   4   5  6A  6B    7    8   9   10  11  12  13   14  15   16   17  18
                                     12Z  AVG MX 2MIN
DY MAX MIN AVG DEP HDD CDD  WTR  SNW DPTH SPD SPD DIR MIN PSBL S-S WX    SPD DR
================================================================================

 1  88  47  68   9   0   3 0.00  0.0    0  8.4 24 260   M    M   0        30 230
 2  88  56  72  13   0   7 0.00  0.0    0 13.9 28 240   M    M   0        34 240
 3  75  50  63   3   2   0 0.00  0.0    0 10.6 24 340   M    M   1 8      29 330
 4  59  46  53  -7  12   0 0.00  0.0    0  9.9 18 120   M    M   2        23 110
 5  87  43  65   5   0   0 0.00  0.0    0  8.9 29 240   M    M   0        42 240
 6  89  46  68   8   0   3 0.00  0.0    0  8.0 26 250   M    M   0        35 260
 7  89  46  68   7   0   3 0.00  0.0    0 11.2 33 260   M    M   0        40 250
 8  90  54  72  11   0   7    T  0.0    0 11.4 48 220   M    M   0 8      62 220
 9  80  47  64   3   1   0 0.00  0.0    0  6.5 17  10   M    M   0 8      22  10
10  75  47  61  -1   4   0 0.00  0.0    0  7.2 17 170   M    M   0 3      22 130
11  89  45  67   5   0   2    T    M    0  8.1 21 250   M    M   0 8      28 250
12  81  56  69   7   0   4 0.13  0.0    0  8.5 23 320   M    M   5 138    28 320
13  57  52  55  -7  10   0 0.47  0.0    0 16.3 38 340   M    M   9 1      46 350
14  69  44  57  -6   8   0 0.00  0.0    0  6.6 15 150   M    M   3        19 150
15  84  41  63   0   2   0 0.00  0.0    0 10.1 22 260   M    M   1 12     29 210
16  83  52  68   5   0   3 0.00  0.0    0 10.8 26 230   M    M   1        35 200
17  79  43  61  -3   4   0 0.00  0.0    0 10.3 29 250   M    M   0        34 260
18  79  43  61  -3   4   0 0.00  0.0    0 11.5 30 250   M    M   0        41 270
19  77  46  62  -2   3   0 0.00  0.0    0  8.9 17  80   M    M   0        31  20
20  73  43  58  -6   7   0 0.00  0.0    0 12.2 21 140   M    M   0        28 160
21  85  41  63  -2   2   0    T    M    0  6.3 14 160   M    M   0        19 150
22  87  50  69   4   0   4 0.00  0.0    0  9.6 24 250   M    M   1 18     33 240
23  80  52  66   1   0   1 0.00  0.0    0  9.6 22 200   M    M   0        29 200
24  80  54  67   1   0   2 0.00  0.0    0 16.1 35 270   M    M   0        44 280
25  83  46  65  -1   0   0 0.00  0.0    0 13.5 31 230   M    M   0        38 260
26  78  44  61  -5   4   0 0.00  0.0    0 13.5 39 260   M    M   1        50 260
27  66  43  55 -12  10   0 0.00  0.0    0 19.3 37 360   M    M   5        45  10
================================================================================
SM 2150 1277        73  39  0.60     0.0 287.2          M       29
================================================================================
AV 79.6 47.3                              10.6 FASTST   M    M   1    MAX(MPH)
                                 MISC ---->  # 48 220               # 62  220
================================================================================
NOTES:
# LAST OF SEVERAL OCCURRENCES

COLUMN 17 PEAK WIND IN M.P.H.

PRELIMINARY LOCAL CLIMATOLOGICAL DATA (WS FORM: F-6) , PAGE 2

                                          STATION:  Carlsbad
                                          MONTH:    APRIL
                                          YEAR:     2015
                                          LATITUDE:   32 20 N
                                          LONGITUDE: 104 15 W

[TEMPERATURE DATA]      [PRECIPITATION DATA]       SYMBOLS USED IN COLUMN 16

AVERAGE MONTHLY: 63.5   TOTAL FOR MONTH:   0.60    1 = FOG OR MIST
DPTR FM NORMAL:   0.7   DPTR FM NORMAL:    0.10    2 = FOG REDUCING VISIBILITY
HIGHEST:    90 ON  8    GRTST 24HR  0.56 ON 12-13      TO 1/4 MILE OR LESS
LOWEST:     41 ON 21,15                            3 = THUNDER
                        SNOW, ICE PELLETS, HAIL    4 = ICE PELLETS
                        TOTAL MONTH:   0.0 INCH    5 = HAIL
                        GRTST 24HR     0.0         6 = FREEZING RAIN OR DRIZZLE
                        GRTST DEPTH:   0           7 = DUSTSTORM OR SANDSTORM:
                                                       VSBY 1/2 MILE OR LESS
                                                   8 = SMOKE OR HAZE
[NO. OF DAYS WITH]      [WEATHER - DAYS WITH]      9 = BLOWING SNOW
                                                   X = TORNADO
MAX 32 OR BELOW:   0    0.01 INCH OR MORE:   2
MAX 90 OR ABOVE:   1    0.10 INCH OR MORE:   2
MIN 32 OR BELOW:   0    0.50 INCH OR MORE:   0
MIN  0 OR BELOW:   0    1.00 INCH OR MORE:   0

[HDD (BASE 65) ]
TOTAL THIS MO.    73    CLEAR  (SCALE 0-3)  24
DPTR FM NORMAL   -42    PTCLDY (SCALE 4-7)   2
TOTAL FM JUL 1  2665    CLOUDY (SCALE 8-10)  1
DPTR FM NORMAL  -134

[CDD (BASE 65) ]
TOTAL THIS MO.    39
DPTR FM NORMAL   -15    [PRESSURE DATA]
TOTAL FM JAN 1    47    HIGHEST SLP M ON M
DPTR FM NORMAL   -17    LOWEST  SLP 29.45 ON 26

[REMARKS]
