000
CXUS51 KLWX 010620
CF6DCA
PRELIMINARY LOCAL CLIMATOLOGICAL DATA (WS FORM: F-6)

                                          STATION:   WASHINGTON NATIONAL DC
                                          MONTH:     MARCH
                                          YEAR:      2015
                                          LATITUDE:   38 50 N
                                          LONGITUDE:  77  2 W

  TEMPERATURE IN F:       :PCPN:    SNOW:  WIND      :SUNSHINE: SKY     :PK WND
================================================================================
1   2   3   4   5  6A  6B    7    8   9   10  11  12  13   14  15   16   17  18
                                     12Z  AVG MX 2MIN
DY MAX MIN AVG DEP HDD CDD  WTR  SNW DPTH SPD SPD DIR MIN PSBL S-S WX    SPD DR
================================================================================

 1  34  24  29 -13  36   0 0.51  0.1    0  5.6 10 190   M    M  10 1468   14 190
 2  46  33  40  -2  25   0 0.00  0.0    0  9.3 26 320   M    M   6 128    35 320
 3  41  31  36  -7  29   0 0.04    T    0  9.2 18 200   M    M   9 4      24 190
 4  51  39  45   2  20   0 0.34  0.0    0  5.7 14 180   M    M  10 128    21 210
 5  45  23  34  -9  31   0 0.87  4.8    0 12.7 21 360   M    M  10 1248   24 360
 6  30  15  23 -21  42   0 0.00  0.0    5  7.4 21 330   M    M   1        25 330
 7  49  19  34 -10  31   0 0.00  0.0    4  7.8 22 190   M    M   3        26 200
 8  59  32  46   2  19   0 0.00  0.0    1  5.8 16 280   M    M   5        22 290
 9  62  37  50   6  15   0 0.00  0.0    0  3.0 12 180   M    M   8 8      14 180
10  50  39  45   0  20   0 0.44  0.0    0  3.6 12 170   M    M   9 12     17  60
11  67  46  57  12   8   0    T  0.0    0  6.2 17 330   M    M   7 18     23 330
12  60  43  52   7  13   0 0.00  0.0    0  9.0 18 340   M    M   5        23  10
13  55  37  46   0  19   0 0.01  0.0    0  4.9 14 210   M    M   8 1      17 200
14  60  45  53   7  12   0 0.60  0.0    0  8.1 16 340   M    M  10 1      22 330
15  58  44  51   5  14   0 0.00  0.0    0 12.7 30 320   M    M   4        45 320
16  69  38  54   7  11   0 0.00  0.0    0  3.6 12 160   M    M   8        13 160
17  73  40  57  10   8   0 0.00  0.0    0 14.6 33 340   M    M   7        41 340
18  53  36  45  -2  20   0 0.00  0.0    0 10.4 31 330   M    M   5        40 340
19  53  39  46  -2  19   0 0.00  0.0    0  4.2 13  40   M    M   9        16  30
20  46  36  41  -7  24   0 0.49    T    0  8.4 15  30   M    M  10 1      20  50
21  61  35  48   0  17   0 0.00  0.0    0  6.1 14 170   M    M   7 8      20 210
22  56  45  51   2  14   0 0.00  0.0    0 11.4 23 340   M    M   7        30 330
23  51  36  44  -5  21   0 0.00  0.0    0  8.0 22  30   M    M   6        25  20
24  47  37  42  -7  23   0 0.00  0.0    0  5.8 14  70   M    M   9        16  70
25  54  35  45  -5  20   0    T  0.0    0  4.6 13 190   M    M   9        16 200
26  77  49  63  13   2   0 0.35  0.0    0 10.6 25 350   M    M   9 13     31 340
27  52  41  47  -3  18   0 0.36  0.0    0 11.6 23 340   M    M   9        28 340
28  42  31  37 -14  28   0 0.00  0.0    0 15.9 26 340   M    M   6        32 310
29  49  28  39 -12  26   0 0.00  0.0    0  9.9 20 330   M    M   2        24 340
30  66  42  54   3  11   0 0.02    T    0 11.1 28 320   M    M   7 48     36 330
31  73  43  58   6   7   0 0.01    M    0 14.0 33 350   M    M   6 3      43 270
================================================================================
SM 1689 1118       603   0  4.04     4.9 261.2          M      221
================================================================================
AV 54.5 36.1                               8.4 FASTST   M    M   7    MAX(MPH)
                                 MISC ---->  # 33 340               # 45  320
================================================================================
NOTES:
# LAST OF SEVERAL OCCURRENCES

COLUMN 17 PEAK WIND IN M.P.H.

PRELIMINARY LOCAL CLIMATOLOGICAL DATA (WS FORM: F-6) , PAGE 2

                                          STATION:  WASHINGTON NATIONAL DC
                                          MONTH:    MARCH
                                          YEAR:     2015
                                          LATITUDE:   38 50 N
                                          LONGITUDE:  77  2 W

[TEMPERATURE DATA]      [PRECIPITATION DATA]       SYMBOLS USED IN COLUMN 16

AVERAGE MONTHLY: 45.3   TOTAL FOR MONTH:   4.04    1 = FOG OR MIST
DPTR FM NORMAL:  -1.5   DPTR FM NORMAL:    0.56    2 = FOG REDUCING VISIBILITY
HIGHEST:    77 ON 26    GRTST 24HR  0.87 ON  5- 5      TO 1/4 MILE OR LESS
LOWEST:     15 ON  6                               3 = THUNDER
                        SNOW, ICE PELLETS, HAIL    4 = ICE PELLETS
                        TOTAL MONTH:   4.9 INCHES  5 = HAIL
                        GRTST 24HR   4.8 ON   M    6 = FREEZING RAIN OR DRIZZLE
                        GRTST DEPTH:   5 ON  6     7 = DUSTSTORM OR SANDSTORM:
                                                       VSBY 1/2 MILE OR LESS
                                                   8 = SMOKE OR HAZE
[NO. OF DAYS WITH]      [WEATHER - DAYS WITH]      9 = BLOWING SNOW
                                                   X = TORNADO
MAX 32 OR BELOW:   1    0.01 INCH OR MORE:  12
MAX 90 OR ABOVE:   0    0.10 INCH OR MORE:   8
MIN 32 OR BELOW:   8    0.50 INCH OR MORE:   3
MIN  0 OR BELOW:   0    1.00 INCH OR MORE:   0

[HDD (BASE 65) ]
TOTAL THIS MO.   603    CLEAR  (SCALE 0-3)   3
DPTR FM NORMAL    35    PTCLDY (SCALE 4-7)  16
TOTAL FM JUL 1  3727    CLOUDY (SCALE 8-10) 12
DPTR FM NORMAL    51

[CDD (BASE 65) ]
TOTAL THIS MO.     0
DPTR FM NORMAL    -2    [PRESSURE DATA]
TOTAL FM JAN 1     0    HIGHEST SLP M ON M
DPTR FM NORMAL    -2    LOWEST  SLP 29.57 ON 31

[REMARKS]
#FINAL-03-15#
