000
CXUS54 KFWD 270730
CF6DTO
PRELIMINARY LOCAL CLIMATOLOGICAL DATA (WS FORM: F-6)

                                          STATION:   DENTON
                                          MONTH:     APRIL
                                          YEAR:      2015
                                          LATITUDE:   33 12 N
                                          LONGITUDE:  97 12 W

  TEMPERATURE IN F:       :PCPN:    SNOW:  WIND      :SUNSHINE: SKY     :PK WND
================================================================================
1   2   3   4   5  6A  6B    7    8   9   10  11  12  13   14  15   16   17  18
                                     12Z  AVG MX 2MIN
DY MAX MIN AVG DEP HDD CDD  WTR  SNW DPTH SPD SPD DIR MIN PSBL S-S WX    SPD DR
================================================================================

 1  79  64  72  12   0   7 0.06  0.0    0 11.5 22 180   M    M   3 138    31 180
 2  86  67  77  17   0  12 0.00  0.0    0 18.8 28 170   M    M   4        36 170
 3  73  52  63   3   2   0 0.00  0.0    0 14.8 26 340   M    M   2 8      33  10
 4  68  44  56  -4   9   0 0.01  0.0    0  8.1 14  40   M    M   1        19  50
 5  59  51  55  -6  10   0 0.68  0.0    0 10.1 17 140   M    M   8 13     20 150
 6  84  57  71  10   0   6    T  0.0    0 14.4 24 170   M    M   7 13     32 170
 7  81  67  74  13   0   9 0.00  0.0    0 14.3 24 190   M    M   5 1      30 180
 8  76  66  71   9   0   6    T  0.0    0 15.5 25 160   M    M   4 3      30 170
 9  83  61  72  10   0   7    T  0.0    0 12.7 33 130   M    M   3        42 140
10  70  49  60  -2   5   0 0.00  0.0    0  9.2 23  10   M    M   0        29  30
11  74  51  63   1   2   0 0.00  0.0    0  6.9 15 130   M    M   2        19 130
12  79  64  72  10   0   7    T  0.0    0 10.8 17 140   M    M   8        21 140
13  72  55  64   1   1   0 0.56  0.0    0 14.0 33  40   M    M  10 13     42  40
14  59  53  56  -7   9   0 0.02  0.0    0  7.5 17  20   M    M   9 1      20  10
15  74  55  65   2   0   0 0.00  0.0    0  5.5 12 150   M    M   4        15 150
16  77  59  68   4   0   3    T  0.0    0  9.9 22 150   M    M   3        25 150
17  71  56  64   0   1   0 0.35  0.0    0  8.2 20 300   M    M   5 13     27 290
18  79  57  68   4   0   3 0.93  0.0    0  5.8 30 290   M    M   5 13     38 290
19  75  51  63  -1   2   0 0.00  0.0    0 12.2 24 310   M    M   2 1      32 320
20  69  42  56  -8   9   0 0.00    M    0  5.1 16  10   M    M   0        19 360
21  73  45  59  -6   6   0 0.20  0.0    0  6.5 18 160   M    M   3 13     24 140
22  75  56  66   1   0   1 0.07  0.0    0  9.6 21  30   M    M   6 13     25  30
23  68  63  66   1   0   1 0.73  0.0    0  9.7 13 120   M    M  10 138    23 130
24   M   M   M   M   M   M    M    M    0  9.2 15  80   M    M   6 123    21  80
25  85  52  69   3   0   4 0.00  0.0    0  7.3 18 260   M    M   0 12     23 240
26  84  53  69   3   0   4 0.09  0.0    0  6.2 20  90   M    M   1 3      30 140
================================================================================
SM 1873 1390        56  70  3.70     0.0 263.8          M      111
================================================================================
AV 74.9 55.6                              10.1 FASTST   M    M   4    MAX(MPH)
                                 MISC ---->  # 33 130               # 42  140
================================================================================
NOTES:
# LAST OF SEVERAL OCCURRENCES

COLUMN 17 PEAK WIND IN M.P.H.

PRELIMINARY LOCAL CLIMATOLOGICAL DATA (WS FORM: F-6) , PAGE 2

                                          STATION:  DENTON
                                          MONTH:    APRIL
                                          YEAR:     2015
                                          LATITUDE:   33 12 N
                                          LONGITUDE:  97 12 W

[TEMPERATURE DATA]      [PRECIPITATION DATA]       SYMBOLS USED IN COLUMN 16

AVERAGE MONTHLY: 65.3   TOTAL FOR MONTH:   3.70    1 = FOG OR MIST
DPTR FM NORMAL:   2.4   DPTR FM NORMAL:    0.98    2 = FOG REDUCING VISIBILITY
HIGHEST:    86 ON  2    GRTST 24HR  0.94 ON 17-18      TO 1/4 MILE OR LESS
LOWEST:     42 ON 20                               3 = THUNDER
                        SNOW, ICE PELLETS, HAIL    4 = ICE PELLETS
                        TOTAL MONTH:   0.0 INCH    5 = HAIL
                        GRTST 24HR     0.0         6 = FREEZING RAIN OR DRIZZLE
                        GRTST DEPTH:   0           7 = DUSTSTORM OR SANDSTORM:
                                                       VSBY 1/2 MILE OR LESS
                                                   8 = SMOKE OR HAZE
[NO. OF DAYS WITH]      [WEATHER - DAYS WITH]      9 = BLOWING SNOW
                                                   X = TORNADO
MAX 32 OR BELOW:   0    0.01 INCH OR MORE:  11
MAX 90 OR ABOVE:   0    0.10 INCH OR MORE:   6
MIN 32 OR BELOW:   0    0.50 INCH OR MORE:   4
MIN  0 OR BELOW:   0    1.00 INCH OR MORE:   0

[HDD (BASE 65) ]
TOTAL THIS MO.    56    CLEAR  (SCALE 0-3)  11
DPTR FM NORMAL   -58    PTCLDY (SCALE 4-7)  10
TOTAL FM JUL 1  2666    CLOUDY (SCALE 8-10)  5
DPTR FM NORMAL   -18

[CDD (BASE 65) ]
TOTAL THIS MO.    70
DPTR FM NORMAL    10    [PRESSURE DATA]
TOTAL FM JAN 1   104    HIGHEST SLP M ON M
DPTR FM NORMAL    19    LOWEST  SLP 29.48 ON 26

[REMARKS]
