000
CXUS56 KOTX 011500
CF6GEG
PRELIMINARY LOCAL CLIMATOLOGICAL DATA (WS FORM: F-6)

                                          STATION:   SPOKANE WA AIRPORT
                                          MONTH:     MARCH
                                          YEAR:      2015
                                          LATITUDE:   47 37 N
                                          LONGITUDE: 117 32 W

  TEMPERATURE IN F:       :PCPN:    SNOW:  WIND      :SUNSHINE: SKY     :PK WND
================================================================================
1   2   3   4   5  6A  6B    7    8   9   10  11  12  13   14  15   16   17  18
                                     12Z  AVG MX 2MIN
DY MAX MIN AVG DEP HDD CDD  WTR  SNW DPTH SPD SPD DIR MIN PSBL S-S WX    SPD DR
================================================================================

 1  44  20  32  -4  33   0 0.00  0.0    0  3.2  9 170   M    M   6        11 110
 2  42  24  33  -3  32   0 0.04  0.9    0  6.2 16  20   M    M   9 18     22 360
 3  39  18  29  -7  36   0 0.00  0.0    1  5.9 14 260   M    M   1        17 270
 4  45  19  32  -5  33   0 0.00  0.0    0  6.7 15 230   M    M   2        19 200
 5  52  26  39   2  26   0 0.00  0.0    0  4.1 13 210   M    M   6        17 220
 6  59  33  46   9  19   0 0.00  0.0    0  5.9 14 230   M    M   7        17 240
 7  61  32  47   9  18   0 0.00  0.0    0  3.6  9 250   M    M   4 8      11 240
 8  61  30  46   8  19   0 0.00  0.0    0  6.9 17 240   M    M   2        20 240
 9  62  35  49  11  16   0 0.00  0.0    0 10.0 22 220   M    M   3        24 230
10  67  34  51  12  14   0 0.00  0.0    0  4.2 13 160   M    M   4        16 150
11  56  46  51  12  14   0    T  0.0    0  5.6 13 190   M    M  10        20 200
12  60  43  52  13  13   0 0.00  0.0    0 11.2 24 220   M    M   6        30 210
13  65  36  51  11  14   0 0.00  0.0    0  6.0 14  40   M    M   6        17  90
14  58  48  53  13  12   0 0.17  0.0    0 14.3 32 230   M    M  10 1      42 200
15  51  43  47   7  18   0 1.33  0.0    0 11.5 30 220   M    M  10 1      39 230
16  54  37  46   6  19   0 0.00  0.0    0  8.0 24 220   M    M   7        29 220
17  45  39  42   1  23   0 0.19  0.0    0  6.6 14 220   M    M  10 1      27 310
18  55  39  47   6  18   0    T  0.0    0  9.6 18 240   M    M   5        22 240
19  55  36  46   5  19   0 0.00  0.0    0  6.5 14 200   M    M   6        17 220
20  61  39  50   8  15   0    T  0.0    0  4.8 13 210   M    M   8        15 220
21  56  39  48   6  17   0 0.01  0.0    0 15.6 36 220   M    M   6        43 200
22  58  33  46   4  19   0 0.01  0.0    0  6.3 14  30   M    M   7        18  70
23  50  38  44   2  21   0 0.07  0.0    0 11.7 25 220   M    M   9 1      31 220
24  48  35  42  -1  23   0 0.17  0.0    0  7.9 22 270   M    M   8 1      30 270
25  48  34  41  -2  24   0 0.17  0.0    0  9.2 16 200   M    M  10 1      21 200
26  62  44  53  10  12   0 0.01  0.0    0  6.5 13 220   M    M   7        18 220
27  70  42  56  13   9   0 0.02  0.0    0  8.2 29 230   M    M   5 12     34 220
28  58  43  51   8  14   0 0.24  0.0    0 22.2 37 240   M    M   7 1      45 240
29  59  38  49   5  16   0 0.00  0.0    0  8.6 21 220   M    M   8        25 220
30  65  41  53   9  12   0 0.00  0.0    0  7.4 18 230   M    M   5        23 230
31  55  36  46   2  19   0    T  0.0    0 18.5 35 260   M    M   6        40 260
================================================================================
SM 1721 1100       597   0  2.43     0.9 262.9          M      200
================================================================================
AV 55.5 35.5                               8.5 FASTST   M    M   6    MAX(MPH)
                                 MISC ---->  # 37 240               # 45  240
================================================================================
NOTES:
# LAST OF SEVERAL OCCURRENCES

COLUMN 17 PEAK WIND IN M.P.H.

PRELIMINARY LOCAL CLIMATOLOGICAL DATA (WS FORM: F-6) , PAGE 2

                                          STATION:  SPOKANE WA AIRPORT
                                          MONTH:    MARCH
                                          YEAR:     2015
                                          LATITUDE:   47 37 N
                                          LONGITUDE: 117 32 W

[TEMPERATURE DATA]      [PRECIPITATION DATA]       SYMBOLS USED IN COLUMN 16

AVERAGE MONTHLY: 45.5   TOTAL FOR MONTH:   2.43    1 = FOG OR MIST
DPTR FM NORMAL:   5.3   DPTR FM NORMAL:    0.82    2 = FOG REDUCING VISIBILITY
HIGHEST:    70 ON 27    GRTST 24HR  1.33 ON 15-15      TO 1/4 MILE OR LESS
LOWEST:     18 ON  3                               3 = THUNDER
                        SNOW, ICE PELLETS, HAIL    4 = ICE PELLETS
                        TOTAL MONTH:   0.9 INCH    5 = HAIL
                        GRTST 24HR   0.9 ON   M    6 = FREEZING RAIN OR DRIZZLE
                        GRTST DEPTH:   1 ON  3     7 = DUSTSTORM OR SANDSTORM:
                                                       VSBY 1/2 MILE OR LESS
                                                   8 = SMOKE OR HAZE
[NO. OF DAYS WITH]      [WEATHER - DAYS WITH]      9 = BLOWING SNOW
                                                   X = TORNADO
MAX 32 OR BELOW:   0    0.01 INCH OR MORE:  12
MAX 90 OR ABOVE:   0    0.10 INCH OR MORE:   6
MIN 32 OR BELOW:   7    0.50 INCH OR MORE:   1
MIN  0 OR BELOW:   0    1.00 INCH OR MORE:   1

[HDD (BASE 65) ]
TOTAL THIS MO.   597    CLEAR  (SCALE 0-3)   4
DPTR FM NORMAL  -170    PTCLDY (SCALE 4-7)  18
TOTAL FM JUL 1  4719    CLOUDY (SCALE 8-10)  9
DPTR FM NORMAL  -877

[CDD (BASE 65) ]
TOTAL THIS MO.     0
DPTR FM NORMAL     0    [PRESSURE DATA]
TOTAL FM JAN 1     0    HIGHEST SLP 30.42 ON 12
DPTR FM NORMAL     0    LOWEST  SLP 29.74 ON 31

[REMARKS]
#FINAL-03-15#
