000
CXUS54 KHGX 261312
CF6GLS
PRELIMINARY LOCAL CLIMATOLOGICAL DATA (WS FORM: F-6)

                                          STATION:   GALVESTON
                                          MONTH:     APRIL
                                          YEAR:      2015
                                          LATITUDE:   29 16 N
                                          LONGITUDE:  94 52 W

  TEMPERATURE IN F:       :PCPN:    SNOW:  WIND      :SUNSHINE: SKY     :PK WND
================================================================================
1   2   3   4   5  6A  6B    7    8   9   10  11  12  13   14  15   16   17  18
                                     12Z  AVG MX 2MIN
DY MAX MIN AVG DEP HDD CDD  WTR  SNW DPTH SPD SPD DIR MIN PSBL S-S WX    SPD DR
================================================================================

 1  77  67  72   5   0   7 0.00  0.0    0 10.3 20 160   M    M   5 1      24 160
 2  77  69  73   6   0   8 0.00  0.0    0 13.4 21 170   M    M   7        28 160
 3  78  71  75   8   0  10 0.00  0.0    0 11.3 18 170   M    M   7 1      22 160
 4  73  64  69   1   0   4 0.00  0.0    0 15.7 30  20   M    M   8        36  20
 5  76  67  72   4   0   7    T  0.0    0 11.8 18 150   M    M   7 1      23 150
 6  77  69  73   5   0   8 0.00  0.0    0  8.7 20 160   M    M   3 13     23 160
 7  79  69  74   6   0   9 0.00  0.0    0  9.4 15 160   M    M   8 1      19 170
 8  78  72  75   7   0  10 0.00  0.0    0 10.5 17 160   M    M   8 1      21 160
 9  79  72  76   7   0  11 0.00  0.0    0 11.7 20 160   M    M   8 18     23 190
10  76  68  72   3   0   7 1.20  0.0    0  7.4 18  10   M    M   9 13     22  10
11  73  67  70   1   0   5 0.08  0.0    0 10.0 15  30   M    M  10 1      18  40
12  74  70  72   3   0   7 0.88  0.0    0 10.6 21 130   M    M   7 13     23 140
13  82  69  76   6   0  11 0.11  0.0    0 11.6 25 190   M    M   4 13     32 190
14  75  66  71   1   0   6 0.97  0.0    0  6.6 28 180   M    M   5 13     32 170
15  75  66  71   1   0   6 0.00  0.0    0  8.2 16  10   M    M   3        20 360
16  80  69  75   5   0  10    T  0.0    0 12.4 24  40   M    M   8 13     30  40
17  78  67  73   3   0   8 1.03  0.0    0 12.3 22  80   M    M   6 13     28  50
18  75  67  71   0   0   6 0.10  0.0    M  9.1 29 100   M    M   0        36 100
19  78  64  71   0   0   6 0.14  0.0    0 11.5 28 320   M    M   1 13     38 320
20  73  64  69  -2   0   4 0.00  0.0    0 13.5 31 350   M    M   0        38 350
21  75  65  70  -1   0   5 0.00  0.0    0 12.2 20  80   M    M   1        25  70
22  78  71  75   3   0  10    T  0.0    0 10.1 20 120   M    M   5        23 120
23  83  73  78   6   0  13 0.00  0.0    0  7.2 15 150   M    M   5        19 160
24  81  74  78   6   0  13 0.01  0.0    0 10.4 18 130   M    M   8 18     23 120
25  77  70  74   2   0   9 0.77  0.0    0 11.1 33 320   M    M   4 138    43 330
================================================================================
SM 1927 1710         0 200  5.29     0.0 267.0          M      137
================================================================================
AV 77.1 68.4                              10.7 FASTST   M    M   5    MAX(MPH)
                                 MISC ---->  # 33 320               # 43  330
================================================================================
NOTES:
# LAST OF SEVERAL OCCURRENCES

COLUMN 17 PEAK WIND IN M.P.H.

PRELIMINARY LOCAL CLIMATOLOGICAL DATA (WS FORM: F-6) , PAGE 2

                                          STATION:  GALVESTON
                                          MONTH:    APRIL
                                          YEAR:     2015
                                          LATITUDE:   29 16 N
                                          LONGITUDE:  94 52 W

[TEMPERATURE DATA]      [PRECIPITATION DATA]       SYMBOLS USED IN COLUMN 16

AVERAGE MONTHLY: 72.7   TOTAL FOR MONTH:   5.29    1 = FOG OR MIST
DPTR FM NORMAL:   3.2   DPTR FM NORMAL:    2.65    2 = FOG REDUCING VISIBILITY
HIGHEST:    83 ON 23    GRTST 24HR  1.20 ON 10-10      TO 1/4 MILE OR LESS
LOWEST:     64 ON 20,19                            3 = THUNDER
                        SNOW, ICE PELLETS, HAIL    4 = ICE PELLETS
                        TOTAL MONTH:   0.0 INCH    5 = HAIL
                        GRTST 24HR     0.0         6 = FREEZING RAIN OR DRIZZLE
                        GRTST DEPTH:   0           7 = DUSTSTORM OR SANDSTORM:
                                                       VSBY 1/2 MILE OR LESS
                                                   8 = SMOKE OR HAZE
[NO. OF DAYS WITH]      [WEATHER - DAYS WITH]      9 = BLOWING SNOW
                                                   X = TORNADO
MAX 32 OR BELOW:   0    0.01 INCH OR MORE:  10
MAX 90 OR ABOVE:   0    0.10 INCH OR MORE:   8
MIN 32 OR BELOW:   0    0.50 INCH OR MORE:   5
MIN  0 OR BELOW:   0    1.00 INCH OR MORE:   2

[HDD (BASE 65) ]
TOTAL THIS MO.     0    CLEAR  (SCALE 0-3)   5
DPTR FM NORMAL   -16    PTCLDY (SCALE 4-7)  15
TOTAL FM JUL 1  1182    CLOUDY (SCALE 8-10)  5
DPTR FM NORMAL   175

[CDD (BASE 65) ]
TOTAL THIS MO.   200
DPTR FM NORMAL    69    [PRESSURE DATA]
TOTAL FM JAN 1   252    HIGHEST SLP M ON M
DPTR FM NORMAL    51    LOWEST  SLP 29.68 ON 25

[REMARKS]
