000
CXUS55 KTBW 191000
CF6LAL
PRELIMINARY LOCAL CLIMATOLOGICAL DATA (WS FORM: F-6)

                                          STATION:   Lakeland Linder
                                          MONTH:     APRIL
                                          YEAR:      2015
                                          LATITUDE:   28  0 N
                                          LONGITUDE:  82  3 W

  TEMPERATURE IN F:       :PCPN:    SNOW:  WIND      :SUNSHINE: SKY     :PK WND
================================================================================
1   2   3   4   5  6A  6B    7    8   9   10  11  12  13   14  15   16   17  18
                                     12Z  AVG MX 2MIN
DY MAX MIN AVG DEP HDD CDD  WTR  SNW DPTH SPD SPD DIR MIN PSBL S-S WX    SPD DR
================================================================================

 1  84  58  71   0   0   6 0.00  0.0    0  4.6 12 290   M    M   4 12     16 290
 2  85  59  72   1   0   7 0.00  0.0    0  1.9  8  70   M    M   2         M  M
 3  87  62  75   4   0  10 0.00  0.0    0  4.1  8 180   M    M   2 1       M  M
 4  88  62  75   4   0  10 0.04  0.0    0  3.0 12 300   M    M   2        16 310
 5  87  66  77   6   0  12 0.00  0.0    0  7.9 14  60   M    M   6        18  60
 6  87  66  77   6   0  12 0.00  0.0    0  5.7 10  80   M    M   5         M  M
 7   M   M   M   M   M   M    M  0.0    0  4.1 10 160   M    M   4         M  M
 8  88  68  78   6   0  13 0.38  0.0    0  6.0 13 110   M    M   3        18 110
 9  89  66  78   6   0  13 0.00  0.0    0  5.6 15 110   M    M   3        18 110
10  91  64  78   6   0  13 0.00  0.0    0  4.0  9 250   M    M   2         M  M
11  91  69  80   8   0  15 0.02  0.0    0  2.0 12 300   M    M   5 3       M  M
12  88  65  77   5   0  12    M  0.0    0  5.3 14 300   M    M   4 13      M  M
13  90  67  79   7   0  14 0.02  0.0    0  5.8 14  60   M    M   5 3       M  M
14  86  68  77   5   0  12    M  0.0    0  3.7  9 180   M    M   4 1       M  M
15  90  69  80   7   0  15 0.00  0.0    0  4.0 12 280   M    M   5 1       M  M
16   M   M   M   M   M   M 0.00  0.0    0  5.2 12  60   M    M   6        21 330
17  90  69  80   7   0  15 0.03  0.0    0  4.4 10 180   M    M   6 1       M  M
18  92  71  82   9   0  17 0.00  0.0    0  5.0 13 280   M    M   3 1       M  M
================================================================================
SM 1413 1049         0 196  0.49     0.0  82.3          M       71
================================================================================
AV 88.3 65.6                               4.6 FASTST   M    M   4    MAX(MPH)
                                 MISC ---->  # 15 110                 21    M
================================================================================
NOTES:
# LAST OF SEVERAL OCCURRENCES

COLUMN 17 PEAK WIND IN M.P.H.

PRELIMINARY LOCAL CLIMATOLOGICAL DATA (WS FORM: F-6) , PAGE 2

                                          STATION:  Lakeland Linder
                                          MONTH:    APRIL
                                          YEAR:     2015
                                          LATITUDE:   28  0 N
                                          LONGITUDE:  82  3 W

[TEMPERATURE DATA]      [PRECIPITATION DATA]       SYMBOLS USED IN COLUMN 16

AVERAGE MONTHLY: 76.9   TOTAL FOR MONTH:   0.49    1 = FOG OR MIST
DPTR FM NORMAL:   5.1   DPTR FM NORMAL:   -1.24    2 = FOG REDUCING VISIBILITY
HIGHEST:    92 ON 18    GRTST 24HR  0.38 ON  8- 8      TO 1/4 MILE OR LESS
LOWEST:     58 ON  1                               3 = THUNDER
                        SNOW, ICE PELLETS, HAIL    4 = ICE PELLETS
                        TOTAL MONTH:   0.0 INCH    5 = HAIL
                        GRTST 24HR     0.0         6 = FREEZING RAIN OR DRIZZLE
                        GRTST DEPTH:   0           7 = DUSTSTORM OR SANDSTORM:
                                                       VSBY 1/2 MILE OR LESS
                                                   8 = SMOKE OR HAZE
[NO. OF DAYS WITH]      [WEATHER - DAYS WITH]      9 = BLOWING SNOW
                                                   X = TORNADO
MAX 32 OR BELOW:   0    0.01 INCH OR MORE:   5
MAX 90 OR ABOVE:   6    0.10 INCH OR MORE:   1
MIN 32 OR BELOW:   0    0.50 INCH OR MORE:   0
MIN  0 OR BELOW:   0    1.00 INCH OR MORE:   0

[HDD (BASE 65) ]
TOTAL THIS MO.     0    CLEAR  (SCALE 0-3)   6
DPTR FM NORMAL     0    PTCLDY (SCALE 4-7)  12
TOTAL FM JUL 1   547    CLOUDY (SCALE 8-10)  0
DPTR FM NORMAL   107

[CDD (BASE 65) ]
TOTAL THIS MO.   196
DPTR FM NORMAL    70    [PRESSURE DATA]
TOTAL FM JAN 1   506    HIGHEST SLP M ON M
DPTR FM NORMAL    99    LOWEST  SLP M ON M

[REMARKS]
