000
CXUS54 KMAF 011100
CF6MDD
PRELIMINARY LOCAL CLIMATOLOGICAL DATA (WS FORM: F-6)

                                          STATION:   Midland Airpark
                                          MONTH:     MARCH
                                          YEAR:      2015
                                          LATITUDE:   32  2 N
                                          LONGITUDE: 102  6 W

  TEMPERATURE IN F:       :PCPN:    SNOW:  WIND      :SUNSHINE: SKY     :PK WND
================================================================================
1   2   3   4   5  6A  6B    7    8   9   10  11  12  13   14  15   16   17  18
                                     12Z  AVG MX 2MIN
DY MAX MIN AVG DEP HDD CDD  WTR  SNW DPTH SPD SPD DIR MIN PSBL S-S WX    SPD DR
================================================================================

 1  38  31  35   M  30   0 0.00  0.0    0  6.4 12  70   M    M  10 1       M  M
 2  39  32  36   M  29   0 0.00  0.0    M  5.6 10  50   M    M  10 1       M  M
 3  60  39  50   M  15   0 0.00  0.0    0  4.6 13 190   M    M   5 1      17 190
 4  54  25  40   M  25   0 0.01    M    0 10.6 23  40   M    M   6 1      31  40
 5  44  25  35   M  30   0 0.00  0.0    0  6.6 15  20   M    M   4        25  20
 6  58  28  43   M  22   0 0.00  0.0    0  5.9 12 190   M    M   0         M  M
 7  62  36  49   M  16   0 0.00  0.0    0  8.3 13 150   M    M   0        17 150
 8  67  46  57   M   8   0 0.00  0.0    0  5.8  9 160   M    M   1         M  M
 9  55  48  52   M  13   0 0.02    M    0  5.8 12  60   M    M   9 12      M  M
10  69  39  54   M  11   0 0.00  0.0    0  2.5  7 280   M    M   2 12      M  M
11  71  45  58   M   7   0 0.00  0.0    0  4.2 10 100   M    M   0        18  80
12  70  40  55   M  10   0 0.00  0.0    0  2.3  9  60   M    M   0         M  M
13  73  41  57   M   8   0 0.00  0.0    0  2.7 13  80   M    M   0         M  M
14  70  47  59   M   6   0 0.00  0.0    0  8.0 17  40   M    M   0        25  50
15  69  37  53   M  12   0 0.00  0.0    0  3.5  7 160   M    M   0         M  M
16  75  46  61   M   4   0 0.00  0.0    0  4.8 13 170   M    M   0         M  M
17  60  49  55   M  10   0 0.12    M    0  7.8 17  40   M    M   5         M  M
18  65  46  56   M   9   0 0.00  0.0    0  6.5 12 220   M    M   5        16 220
19  77  56  67   M   0   2 0.01  0.0    0  9.8 15 260   M    M   0        20 240
20  59  47  53   M  12   0 0.02    M    0  8.9 18  30   M    M   8 13     25  20
21  55  51  53   M  12   0 0.10  0.0    0  3.3 13  60   M    M   9 1       M  M
22  78  52  65   M   0   0 0.00  0.0    0  6.5 12 250   M    M   3 1      18 260
23  84  50  67   M   0   2 0.00  0.0    0  8.2 17 230   M    M   0        22 230
24  83  58  71   M   0   6 0.00  0.0    0  8.0 16 200   M    M   0        22 200
25  84  52  68   M   0   3 0.00  0.0    0 11.2 25  10   M    M   1 8      41  10
26  64  42  53   M  12   0 0.00  0.0    0  9.9 22  30   M    M   0 8      32  20
27  79  45  62   M   3   0 0.00  0.0    0  9.0 16 180   M    M   0        22 210
28  87  55  71   M   0   6 0.00  0.0    0 10.3 14 180   M    M   0        18 180
29  90  55  73   M   0   8 0.00  0.0    0  9.9 22  50   M    M   0        31  50
30  82  52  67   M   0   2 0.00  0.0    0  5.1 15 180   M    M   0        20 180
31  82  61  72   M   0   7 0.00  0.0    0  7.7 15 230   M    M   3        23 220
================================================================================
SM 2103 1376       304  36  0.28     0.0 209.7          M       81
================================================================================
AV 67.8 44.4                               6.8 FASTST   M    M   3    MAX(MPH)
                                 MISC ---->    25   M                 41    M
================================================================================
NOTES:
# LAST OF SEVERAL OCCURRENCES

COLUMN 17 PEAK WIND IN M.P.H.

PRELIMINARY LOCAL CLIMATOLOGICAL DATA (WS FORM: F-6) , PAGE 2

                                          STATION:  Midland Airpark
                                          MONTH:    MARCH
                                          YEAR:     2015
                                          LATITUDE:   32  2 N
                                          LONGITUDE: 102  6 W

[TEMPERATURE DATA]      [PRECIPITATION DATA]       SYMBOLS USED IN COLUMN 16

AVERAGE MONTHLY: 56.1   TOTAL FOR MONTH:   0.28    1 = FOG OR MIST
DPTR FM NORMAL:     M   DPTR FM NORMAL:       M    2 = FOG REDUCING VISIBILITY
HIGHEST:    90 ON 29    GRTST 24HR  0.12 ON 17-17      TO 1/4 MILE OR LESS
LOWEST:     25 ON  5, 4                            3 = THUNDER
                        SNOW, ICE PELLETS, HAIL    4 = ICE PELLETS
                        TOTAL MONTH:   0.0 INCH    5 = HAIL
                        GRTST 24HR     0.0         6 = FREEZING RAIN OR DRIZZLE
                        GRTST DEPTH:   0           7 = DUSTSTORM OR SANDSTORM:
                                                       VSBY 1/2 MILE OR LESS
                                                   8 = SMOKE OR HAZE
[NO. OF DAYS WITH]      [WEATHER - DAYS WITH]      9 = BLOWING SNOW
                                                   X = TORNADO
MAX 32 OR BELOW:   0    0.01 INCH OR MORE:   6
MAX 90 OR ABOVE:   1    0.10 INCH OR MORE:   2
MIN 32 OR BELOW:   5    0.50 INCH OR MORE:   0
MIN  0 OR BELOW:   0    1.00 INCH OR MORE:   0

[HDD (BASE 65) ]
TOTAL THIS MO.   304    CLEAR  (SCALE 0-3)  21
DPTR FM NORMAL     M    PTCLDY (SCALE 4-7)   6
TOTAL FM JUL 1  2309    CLOUDY (SCALE 8-10)  4
DPTR FM NORMAL     M

[CDD (BASE 65) ]
TOTAL THIS MO.    36
DPTR FM NORMAL     M    [PRESSURE DATA]
TOTAL FM JAN 1    37    HIGHEST SLP M ON M
DPTR FM NORMAL     M    LOWEST  SLP M ON M

[REMARKS]
#FINAL-03-15#
