000
CXUS54 KBRO 271559
CF6MFE
PRELIMINARY LOCAL CLIMATOLOGICAL DATA (WS FORM: F-6)

                                          STATION:   MCALLEN
                                          MONTH:     APRIL
                                          YEAR:      2015
                                          LATITUDE:   26 10 N
                                          LONGITUDE:  98 14 W

  TEMPERATURE IN F:       :PCPN:    SNOW:  WIND      :SUNSHINE: SKY     :PK WND
================================================================================
1   2   3   4   5  6A  6B    7    8   9   10  11  12  13   14  15   16   17  18
                                     12Z  AVG MX 2MIN
DY MAX MIN AVG DEP HDD CDD  WTR  SNW DPTH SPD SPD DIR MIN PSBL S-S WX    SPD DR
================================================================================

 1  87  73  80   6   0  15    T  0.0    0 14.3 29 140   M    M   6 138    33 140
 2  91  74  83   9   0  18 0.00  0.0    0 12.8 21 160   M    M   6 8      28 150
 3  90  77  84  10   0  19 0.00  0.0    0 14.3 23 130   M    M   8 8      30 130
 4  78  65  72  -3   0   7 0.04  0.0    0  9.6 21  40   M    M  10 18     26  10
 5  86  64  75   0   0  10 0.00  0.0    0  9.4 23 160   M    M   7 1      27 150
 6  88  72  80   5   0  15 0.00  0.0    0 15.5 25 140   M    M   6        31 150
 7  92  71  82   7   0  17 0.00  0.0    0 14.2 24 140   M    M   5 18     30 130
 8  89  75  82   7   0  17 0.00  0.0    0 15.8 25 130   M    M   5 18     32 130
 9  92  74  83   7   0  18 0.00  0.0    0 15.1 25 150   M    M   3 18     32 150
10  90  72  81   5   0  16 1.86  0.0    0  7.8 24 100   M    M   6 138    30 100
11  85  74  80   4   0  15 0.25  0.0    0  8.9 24 130   M    M   6 138    30 130
12  86  69  78   2   0  13 0.70  0.0    0  9.7 31 300   M    M   4 138    43 300
13  85  68  77   1   0  12 0.76  0.0    0  6.4 16 140   M    M   5 13     20 140
14  77  69  73  -3   0   8    T  0.0    0  6.0 23  10   M    M   7 18     30  10
15  80  71  76   0   0  11    T  0.0    0  5.5 15 130   M    M   9 8      18 130
16  90  73  82   5   0  17 0.01  0.0    0  9.8 21 140   M    M   8 138    26 130
17  87  77  82   5   0  17    T  0.0    0 12.1 21 130   M    M   7 138    26 140
18  89  70  80   3   0  15 0.01  0.0    0  7.7 20 120   M    M   5 18     23 110
19  92  70  81   4   0  16 0.00  0.0    0  6.7 13 140   M    M   6 18     15 130
20  80  70  75  -2   0  10    T  0.0    0  9.9 28  50   M    M   8 18     36  50
21  81  65  73  -4   0   8 0.18  0.0    0  7.7 18 110   M    M  10 13     23 110
22  90  75  83   5   0  18    T  0.0    0  9.6 15 140   M    M   8 18     23 130
23  93  79  86   8   0  21    T  0.0    0  8.1 17 110   M    M   8 138    20  80
24  92  75  84   6   0  19 0.78  0.0    0 10.6 26  80   M    M   9 138    32  70
25  93  75  84   6   0  19    T  0.0    0  8.2 22 130   M    M   6 18     26 130
26  93  78  86   8   0  21 0.00  0.0    0  5.6 15 130   M    M   5 128    18 130
================================================================================
SM 2276 1875         0 392  4.59     0.0 261.3          M      173
================================================================================
AV 87.5 72.1                              10.0 FASTST   M    M   7    MAX(MPH)
                                 MISC ---->  # 31 300               # 43  300
================================================================================
NOTES:
# LAST OF SEVERAL OCCURRENCES

COLUMN 17 PEAK WIND IN M.P.H.

PRELIMINARY LOCAL CLIMATOLOGICAL DATA (WS FORM: F-6) , PAGE 2

                                          STATION:  MCALLEN
                                          MONTH:    APRIL
                                          YEAR:     2015
                                          LATITUDE:   26 10 N
                                          LONGITUDE:  98 14 W

[TEMPERATURE DATA]      [PRECIPITATION DATA]       SYMBOLS USED IN COLUMN 16

AVERAGE MONTHLY: 79.8   TOTAL FOR MONTH:   4.59    1 = FOG OR MIST
DPTR FM NORMAL:   3.6   DPTR FM NORMAL:    3.49    2 = FOG REDUCING VISIBILITY
HIGHEST:    93 ON 26,25 GRTST 24HR  1.86 ON  9-10      TO 1/4 MILE OR LESS
LOWEST:     64 ON  5                               3 = THUNDER
                        SNOW, ICE PELLETS, HAIL    4 = ICE PELLETS
                        TOTAL MONTH:   0.0 INCH    5 = HAIL
                        GRTST 24HR     0.0         6 = FREEZING RAIN OR DRIZZLE
                        GRTST DEPTH:   0           7 = DUSTSTORM OR SANDSTORM:
                                                       VSBY 1/2 MILE OR LESS
                                                   8 = SMOKE OR HAZE
[NO. OF DAYS WITH]      [WEATHER - DAYS WITH]      9 = BLOWING SNOW
                                                   X = TORNADO
MAX 32 OR BELOW:   0    0.01 INCH OR MORE:   9
MAX 90 OR ABOVE:  12    0.10 INCH OR MORE:   6
MIN 32 OR BELOW:   0    0.50 INCH OR MORE:   4
MIN  0 OR BELOW:   0    1.00 INCH OR MORE:   1

[HDD (BASE 65) ]
TOTAL THIS MO.     0    CLEAR  (SCALE 0-3)   1
DPTR FM NORMAL    -3    PTCLDY (SCALE 4-7)  18
TOTAL FM JUL 1   756    CLOUDY (SCALE 8-10)  7
DPTR FM NORMAL   182

[CDD (BASE 65) ]
TOTAL THIS MO.   392
DPTR FM NORMAL    93    [PRESSURE DATA]
TOTAL FM JAN 1   643    HIGHEST SLP 30.15 ON  4
DPTR FM NORMAL   -33    LOWEST  SLP 29.52 ON 26

[REMARKS]
