000
CXUS53 KOAX 260441
CF6OMA
PRELIMINARY LOCAL CLIMATOLOGICAL DATA (WS FORM: F-6)

                                          STATION:   OMAHA EPPLEY, NEBRASKA
                                          MONTH:     APRIL
                                          YEAR:      2015
                                          LATITUDE:   41 17 N
                                          LONGITUDE:  95 54 W

  TEMPERATURE IN F:       :PCPN:    SNOW:  WIND      :SUNSHINE: SKY     :PK WND
================================================================================
1   2   3   4   5  6A  6B    7    8   9   10  11  12  13   14  15   16   17  18
                                     12Z  AVG MX 2MIN
DY MAX MIN AVG DEP HDD CDD  WTR  SNW DPTH SPD SPD DIR MIN PSBL S-S WX    SPD DR
================================================================================

 1  85  52  69  23   0   4 0.78  0.0    0 19.5 35 170   M    M   4 135    42 160
 2  66  48  57  11   8   0 0.32  0.0    0  9.6 29 350   M    M   8 13     35 350
 3  50  35  43  -4  22   0    T  0.0    0 14.2 32 340   M    M   5        39 340
 4  67  33  50   3  15   0 0.00  0.0    0 13.0 25 190   M    M   1        33 190
 5  72  41  57   9   8   0 0.00  0.0    0 16.7 26 170   M    M   3        35 160
 6  56  51  54   6  11   0    T  0.0    0 10.3 24 170   M    M  10 1      29 180
 7  54  45  50   2  15   0    T  0.0    0 10.9 17  20   M    M  10 1      22  30
 8  49  42  46  -3  19   0 0.03  0.0    0  8.3 18 360   M    M  10 135    22 350
 9  49  34  42  -7  23   0 0.27    T    0 13.6 30 310   M    M   9 13     39 310
10  63  38  51   1  14   0 0.00  0.0    0  8.7 22 320   M    M   1        29 300
11  75  41  58   8   7   0 0.00  0.0    0 14.6 25 190   M    M   4 8      31 170
12  77  51  64  14   1   0 0.26  0.0    0 16.0 26 320   M    M   7 13     35 300
13  68  40  54   3  11   0 0.00  0.0    0  7.9 21 350   M    M   5        28 320
14  71  43  57   6   8   0 0.00  0.0    0  8.6 22 160   M    M   7        25 150
15  60  47  54   2  11   0 0.04  0.0    0 12.6 23 130   M    M   9        30 160
16  73  50  62  10   3   0 0.00  0.0    0  2.8  9 180   M    M   7        12 180
17  77  54  66  14   0   1    T  0.0    0  5.8 17 120   M    M   8        22 110
18  67  55  61   8   4   0 0.76  0.0    0  6.6 18 100   M    M   9 13     24 100
19  58  47  53   0  12   0 0.67  0.0    0 14.0 35 330   M    M   9 12     42 340
20  59  41  50  -4  15   0 0.00  0.0    0 19.4 38 310   M    M   3        46 320
21  62  37  50  -4  15   0 0.00  0.0    0 14.9 28 360   M    M   4        33 360
22  59  30  45  -9  20   0 0.00  0.0    0  5.8 20  10   M    M   1        27 360
23  67  31  49  -6  16   0 0.00  0.0    0 10.5 22 160   M    M   4        31 130
24  70  55  63   8   2   0    T  0.0    0 14.8 21 150   M    M  10 1      26 160
================================================================================
SM 1554 1041       260   5  3.13    T    279.1          M      148
================================================================================
AV 64.8 43.4                              11.6 FASTST   M    M   6    MAX(MPH)
                                 MISC ---->  # 38 310               # 46  320
================================================================================
NOTES:
# LAST OF SEVERAL OCCURRENCES

COLUMN 17 PEAK WIND IN M.P.H.

PRELIMINARY LOCAL CLIMATOLOGICAL DATA (WS FORM: F-6) , PAGE 2

                                          STATION:  OMAHA EPPLEY, NEBRASKA
                                          MONTH:    APRIL
                                          YEAR:     2015
                                          LATITUDE:   41 17 N
                                          LONGITUDE:  95 54 W

[TEMPERATURE DATA]      [PRECIPITATION DATA]       SYMBOLS USED IN COLUMN 16

AVERAGE MONTHLY: 54.1   TOTAL FOR MONTH:   3.13    1 = FOG OR MIST
DPTR FM NORMAL:   3.5   DPTR FM NORMAL:    0.89    2 = FOG REDUCING VISIBILITY
HIGHEST:    85 ON  1    GRTST 24HR  1.17 ON 18-19      TO 1/4 MILE OR LESS
LOWEST:     30 ON 22                               3 = THUNDER
                        SNOW, ICE PELLETS, HAIL    4 = ICE PELLETS
                        TOTAL MONTH:    T          5 = HAIL
                        GRTST 24HR    T  ON  9- 9  6 = FREEZING RAIN OR DRIZZLE
                        GRTST DEPTH:   0           7 = DUSTSTORM OR SANDSTORM:
                                                       VSBY 1/2 MILE OR LESS
                                                   8 = SMOKE OR HAZE
[NO. OF DAYS WITH]      [WEATHER - DAYS WITH]      9 = BLOWING SNOW
                                                   X = TORNADO
MAX 32 OR BELOW:   0    0.01 INCH OR MORE:   8
MAX 90 OR ABOVE:   0    0.10 INCH OR MORE:   6
MIN 32 OR BELOW:   2    0.50 INCH OR MORE:   3
MIN  0 OR BELOW:   0    1.00 INCH OR MORE:   0

[HDD (BASE 65) ]
TOTAL THIS MO.   260    CLEAR  (SCALE 0-3)   5
DPTR FM NORMAL   -95    PTCLDY (SCALE 4-7)  11
TOTAL FM JUL 1  5623    CLOUDY (SCALE 8-10)  8
DPTR FM NORMAL  -321

[CDD (BASE 65) ]
TOTAL THIS MO.     5
DPTR FM NORMAL    -3    [PRESSURE DATA]
TOTAL FM JAN 1     5    HIGHEST SLP M ON M
DPTR FM NORMAL    -4    LOWEST  SLP 29.50 ON  1

[REMARKS]
