000
CXUS53 KDMX 010920
CF6OTM
PRELIMINARY LOCAL CLIMATOLOGICAL DATA (WS FORM: F-6)

                                          STATION:   OTTUMWA IA
                                          MONTH:     MARCH
                                          YEAR:      2015
                                          LATITUDE:   41  6 N
                                          LONGITUDE:  92 27 W

  TEMPERATURE IN F:       :PCPN:    SNOW:  WIND      :SUNSHINE: SKY     :PK WND
================================================================================
1   2   3   4   5  6A  6B    7    8   9   10  11  12  13   14  15   16   17  18
                                     12Z  AVG MX 2MIN
DY MAX MIN AVG DEP HDD CDD  WTR  SNW DPTH SPD SPD DIR MIN PSBL S-S WX    SPD DR
================================================================================

 1  33   7  20 -12  45   0 0.00  0.0    M  5.0 13 300   M    M   6 18     16 310
 2  30  11  21 -12  44   0 0.00  0.0    M  7.7 15 140   M    M   3        19 130
 3  36  17  27  -6  38   0 0.08  0.0    M 14.2 25 340   M    M   9 16     30 340
 4  26  11  19 -15  46   0    T    T    M 15.6 26 340   M    M   4        33 330
 5  20   0  10 -24  55   0 0.00  0.0    M  7.7 16 330   M    M   1        20 330
 6  51  11  31  -4  34   0 0.00  0.0    M 12.4 21 190   M    M   2        25 180
 7  54  27  41   6  24   0 0.00  0.0    M  9.2 28 310   M    M   0        35 310
 8  51  28  40   4  25   0 0.00  0.0    M  7.4 16  90   M    M   1        25  80
 9  57  22  40   4  25   0 0.00  0.0    M  5.9 13 180   M    M   0 1      16 160
10  68  32  50  14  15   0 0.00  0.0    M  4.8  9 290   M    M   0 128    12 250
11  62  30  46   9  19   0 0.00  0.0    0  8.5 13 120   M    M   0        16  30
12  67  31  49  12  16   0 0.00  0.0    0  9.7 15 150   M    M   0 18     24 140
13  73  34  54  16  11   0 0.00  0.0    0  6.1 17 330   M    M   2 128    20 330
14  65  33  49  11  16   0 0.00  0.0    0 10.1 18 340   M    M   0 1      23 340
15  70  32  51  13  14   0 0.00  0.0    0 12.0 26 220   M    M   0        33 220
16  83  47  65  26   0   0 0.00  0.0    0 16.1 28 240   M    M   0        34 230
17  50  33  42   3  23   0 0.00  0.0    0 13.4 25 360   M    M   0        32 360
18  52  34  43   3  22   0 0.00  0.0    0  8.1 15 130   M    M   2        20 130
19  45  30  38  -2  27   0    T  0.0    0  7.3 13 130   M    M  10        15 160
20  62  27  45   4  20   0 0.00  0.0    0  9.4 16 190   M    M   1 1      21 230
21  60  34  47   6  18   0 0.00  0.0    0  9.1 16 330   M    M   0 8      22 330
22  60  33  47   6  18   0 0.00  0.0    0 15.0 23 100   M    M   0        30 100
23  39  31  35  -7  30   0 0.09  0.0    0 13.5 25 130   M    M  10 1      33 120
24  37  30  34  -8  31   0 0.25  0.0    0 12.9 22 100   M    M  10 18     29 100
25  49  34  42  -1  23   0 0.00  0.0    0 10.1 20 320   M    M   8 18     23 320
26  49  28  39  -4  26   0 0.00  0.0    0 14.8 28 340   M    M   3        36 340
27  41  23  32 -11  33   0 0.00  0.0    0  8.9 16 340   M    M   3        21 350
28  47  22  35  -9  30   0 0.00  0.0    0  9.7 20 160   M    M   1        30 110
29  60  33  47   3  18   0 0.04  0.0    0 16.5 31 320   M    M   3 1      38 320
30  72  30  51   6  14   0 0.00  0.0    0 12.0 26 240   M    M   0        33 240
31  74  41  58  13   7   0 0.00  0.0    M  8.9 23 320   M    M   0        30 330
================================================================================
SM 1643  836       767   0  0.46    T    322.0          M       79
================================================================================
AV 53.0 27.0                              10.4 FASTST   M    M   3    MAX(MPH)
                                 MISC ---->  # 31 320               # 38  320
================================================================================
NOTES:
# LAST OF SEVERAL OCCURRENCES

COLUMN 17 PEAK WIND IN M.P.H.

PRELIMINARY LOCAL CLIMATOLOGICAL DATA (WS FORM: F-6) , PAGE 2

                                          STATION:  OTTUMWA IA
                                          MONTH:    MARCH
                                          YEAR:     2015
                                          LATITUDE:   41  6 N
                                          LONGITUDE:  92 27 W

[TEMPERATURE DATA]      [PRECIPITATION DATA]       SYMBOLS USED IN COLUMN 16

AVERAGE MONTHLY: 40.0   TOTAL FOR MONTH:   0.46    1 = FOG OR MIST
DPTR FM NORMAL:   1.2   DPTR FM NORMAL:   -1.78    2 = FOG REDUCING VISIBILITY
HIGHEST:    83 ON 16    GRTST 24HR  0.25 ON 24-24      TO 1/4 MILE OR LESS
LOWEST:      0 ON  5                               3 = THUNDER
                        SNOW, ICE PELLETS, HAIL    4 = ICE PELLETS
                        TOTAL MONTH:    T          5 = HAIL
                        GRTST 24HR    T  ON  4- 4  6 = FREEZING RAIN OR DRIZZLE
                        GRTST DEPTH:   0           7 = DUSTSTORM OR SANDSTORM:
                                                       VSBY 1/2 MILE OR LESS
                                                   8 = SMOKE OR HAZE
[NO. OF DAYS WITH]      [WEATHER - DAYS WITH]      9 = BLOWING SNOW
                                                   X = TORNADO
MAX 32 OR BELOW:   3    0.01 INCH OR MORE:   4
MAX 90 OR ABOVE:   0    0.10 INCH OR MORE:   1
MIN 32 OR BELOW:  21    0.50 INCH OR MORE:   0
MIN  0 OR BELOW:   1    1.00 INCH OR MORE:   0

[HDD (BASE 65) ]
TOTAL THIS MO.   767    CLEAR  (SCALE 0-3)  23
DPTR FM NORMAL   -44    PTCLDY (SCALE 4-7)   3
TOTAL FM JUL 1  5898    CLOUDY (SCALE 8-10)  5
DPTR FM NORMAL   202

[CDD (BASE 65) ]
TOTAL THIS MO.     0
DPTR FM NORMAL    -1    [PRESSURE DATA]
TOTAL FM JAN 1     0    HIGHEST SLP 30.64 ON  5
DPTR FM NORMAL    -1    LOWEST  SLP 29.70 ON  3

[REMARKS]
#FINAL-03-15#
