000
CXUS52 KMLB 211112
CF6SFB
PRELIMINARY LOCAL CLIMATOLOGICAL DATA (WS FORM: F-6)

                                          STATION:   SANFORD
                                          MONTH:     APRIL
                                          YEAR:      2015
                                          LATITUDE:   28 46 N
                                          LONGITUDE:  81 15 W

  TEMPERATURE IN F:       :PCPN:    SNOW:  WIND      :SUNSHINE: SKY     :PK WND
================================================================================
1   2   3   4   5  6A  6B    7    8   9   10  11  12  13   14  15   16   17  18
                                     12Z  AVG MX 2MIN
DY MAX MIN AVG DEP HDD CDD  WTR  SNW DPTH SPD SPD DIR MIN PSBL S-S WX    SPD DR
================================================================================

 1  84  64  74   5   0   9 0.00  0.0    0 10.9 18 270   M    M   2        24 270
 2  84  64  74   5   0   9 0.00  0.0    0  7.7 16  80   M    M   1        19 100
 3  87  65  76   7   0  11 0.00  0.0    0  6.0 14 120   M    M   1        17 150
 4  87  63  75   5   0  10 0.00  0.0    0  6.2 17 290   M    M   1        24 260
 5  79  66  73   3   0   8 0.00  0.0    0 10.9 24  80   M    M   6        29  80
 6  86  64  75   5   0  10 0.00  0.0    0  6.0 17  70   M    M   1        22  80
 7  87  65  76   6   0  11    T  0.0    0  4.9 15 120   M    M   2 1      17 110
 8  87  64  76   6   0  11 0.00  0.0    0  5.1 16 110   M    M   3 1      21  90
 9  89  63  76   6   0  11 0.00  0.0    0  5.8 17  90   M    M   1 1      20 100
10  90  66  78   8   0  13 0.00  0.0    0  6.6 16 130   M    M   1        20 130
11  90  70  80   9   0  15    T  0.0    0  6.0 21  80   M    M   3 3      24  80
12  88  67  78   7   0  13 0.84  0.0    0  6.2 23  90   M    M   4 13     29  90
13  88  70  79   8   0  14 1.30  0.0    0  6.4 24  60   M    M   6 13     32  80
14  89  68  79   8   0  14 0.00  0.0    0  6.3 14 140   M    M   2 1      18 130
15  88  71  80   9   0  15 0.90  0.0    0  5.4 20  90   M    M   5 138    23  80
16  85  69  77   5   0  12 0.31  0.0    0  7.9 18  30   M    M   6 3      23  30
17  83  69  76   4   0  11    T  0.0    0  3.9 17  80   M    M   8 13     21 100
18  89  70  80   8   0  15 0.00  0.0    0  5.3 15 250   M    M   4 12     19 260
19  92  72  82  10   0  17 0.01  0.0    0  7.9 20 250   M    M   1 13     24 250
20  85  66  76   4   0  11 0.29  0.0    0  7.1 26 330   M    M   3 13     34 330
================================================================================
SM 1737 1336         0 240  3.65     0.0 132.5          M       61
================================================================================
AV 86.8 66.8                               6.6 FASTST   M    M   3    MAX(MPH)
                                 MISC ---->  # 26 330               # 34  330
================================================================================
NOTES:
# LAST OF SEVERAL OCCURRENCES

COLUMN 17 PEAK WIND IN M.P.H.

PRELIMINARY LOCAL CLIMATOLOGICAL DATA (WS FORM: F-6) , PAGE 2

                                          STATION:  SANFORD
                                          MONTH:    APRIL
                                          YEAR:     2015
                                          LATITUDE:   28 46 N
                                          LONGITUDE:  81 15 W

[TEMPERATURE DATA]      [PRECIPITATION DATA]       SYMBOLS USED IN COLUMN 16

AVERAGE MONTHLY: 76.8   TOTAL FOR MONTH:   3.65    1 = FOG OR MIST
DPTR FM NORMAL:   6.2   DPTR FM NORMAL:    1.86    2 = FOG REDUCING VISIBILITY
HIGHEST:    92 ON 19    GRTST 24HR  1.30 ON 13-13      TO 1/4 MILE OR LESS
LOWEST:     63 ON  9, 4                            3 = THUNDER
                        SNOW, ICE PELLETS, HAIL    4 = ICE PELLETS
                        TOTAL MONTH:   0.0 INCH    5 = HAIL
                        GRTST 24HR     0.0         6 = FREEZING RAIN OR DRIZZLE
                        GRTST DEPTH:   0           7 = DUSTSTORM OR SANDSTORM:
                                                       VSBY 1/2 MILE OR LESS
                                                   8 = SMOKE OR HAZE
[NO. OF DAYS WITH]      [WEATHER - DAYS WITH]      9 = BLOWING SNOW
                                                   X = TORNADO
MAX 32 OR BELOW:   0    0.01 INCH OR MORE:   6
MAX 90 OR ABOVE:   3    0.10 INCH OR MORE:   5
MIN 32 OR BELOW:   0    0.50 INCH OR MORE:   3
MIN  0 OR BELOW:   0    1.00 INCH OR MORE:   1

[HDD (BASE 65) ]
TOTAL THIS MO.     0    CLEAR  (SCALE 0-3)  12
DPTR FM NORMAL   -15    PTCLDY (SCALE 4-7)   7
TOTAL FM JUL 1   580    CLOUDY (SCALE 8-10)  1
DPTR FM NORMAL   -18

[CDD (BASE 65) ]
TOTAL THIS MO.   240
DPTR FM NORMAL   116    [PRESSURE DATA]
TOTAL FM JAN 1   525    HIGHEST SLP M ON M
DPTR FM NORMAL   197    LOWEST  SLP 29.82 ON 19

[REMARKS]
