000
CXUS56 KSLC 012132
CF6SLC

PRELIMINARY LOCAL CLIMATOLOGICAL DATA (WS FORM: F-6)

                                          STATION:   SALT LAKE CITY UT
                                          MONTH:     MARCH
                                          YEAR:      2015
                                          LATITUDE:   40 46 N
                                          LONGITUDE: 111 58 W

  TEMPERATURE IN F:       :PCPN:    SNOW:  WIND      :SUNSHINE: SKY     :PK WND
================================================================================
1   2   3   4   5  6A  6B    7    8   9   10  11  12  13   14  15   16   17  18
                                     12Z  AVG MX 2MIN
DY MAX MIN AVG DEP HDD CDD  WTR  SNW DPTH SPD SPD DIR MIN PSBL S-S WX    SPD DR
================================================================================

 1  48  32  40   1  25   0 0.00  0.0    0  3.3 10 330   M    M   6 1      12 260
 2  42  32  37  -3  28   0 0.30  0.3    0  5.2 14 320   M    M   9 1      18 270
 3  38  29  34  -6  31   0 0.18  2.5    0  7.6 22 330   M    M   9 12     26 330
 4  40  25  33  -7  32   0 0.00  0.0    T  5.9 12 280   M    M   2        17 290
 5  50  27  39  -2  26   0 0.00  0.0    T  7.2 12 160   M    M   0        14 360
 6  55  30  43   2  22   0 0.00  0.0    0  5.7 12 350   M    M   0        14 350
 7  59  31  45   4  20   0 0.00  0.0    0  4.8 10 160   M    M   0        12 150
 8  58  32  45   3  20   0 0.00  0.0    0  6.2 14 300   M    M   0        18 290
 9  59  32  46   4  19   0 0.00  0.0    0  5.9 15 320   M    M   0 8      22 310
10  65  35  50   8  15   0 0.00  0.0    0  6.8 12 150   M    M   0        14 150
11  65  42  54  11  11   0    T  0.0    0 11.2 23 150   M    M   3        27 150
12  58  42  50   7  15   0 0.05  0.0    0  5.8 17  20   M    M   7 1      21  10
13  64  37  51   8  14   0 0.00  0.0    0  5.6 14 270   M    M   0        18 290
14  69  42  56  12   9   0 0.00  0.0    0 10.0 22 180   M    M   0        27 180
15  73  50  62  18   3   0 0.00  0.0    0 12.4 25 180   M    M   0        35 190
16  74  52  63  19   2   0 0.00  0.0    0  8.0 18 230   M    M   0        24 240
17  74  47  61  17   4   0 0.00  0.0    0 10.5 23 160   M    M   1 8      29 170
18  62  44  53   9  12   0 0.00  0.0    0  8.1 21 260   M    M   4        25 260
19  60  34  47   2  18   0 0.00  0.0    0  7.1 17 280   M    M   1 8      23 290
20  68  38  53   8  12   0 0.00  0.0    0  6.6 10 340   M    M   0        14 150
21  71  42  57  12   8   0 0.00  0.0    0  8.2 22 340   M    M   0        27 350
22  66  41  54   9  11   0 0.00  0.0    0  5.3 16 290   M    M   2        24 320
23  58  40  49   3  16   0 0.13  0.0    0  9.4 29 340   M    M   7 358    34 330
24  57  36  47   1  18   0 0.05  0.0    0  8.1 21 310   0    M   7 1      26 300
25  51  33  42  -4  23   0 0.00  0.0    0  7.2 15 310   M    M   3        21 280
26  61  35  48   2  17   0 0.00  0.0    0  5.4 12 350   M    M   0        16 360
27  72  39  56  10   9   0 0.00  0.0    0  5.6 10 140   M    M   0        13 150
28  74  47  61  15   4   0 0.00  0.0    0 10.1 25 340   M    M   0 8      30 340
29  66  39  53   6  12   0 0.00  0.0    0  6.1 16 340   M    M   0        20 360
30  74  40  57  10   8   0 0.00  0.0    0  5.4 12 330   M    M   0        15 330
31  78  48  63  16   2   0 0.00  0.0    0 15.4 30 170   M    M   2 8      36 170
================================================================================
SM 1909 1173       466   0  0.71     2.8 230.1            0     63
================================================================================
AV 61.6 37.8                               7.4 FASTST    0   M   2    MAX(MPH)
                                 MISC ---->  # 30 170               # 36  170
================================================================================
NOTES:
# LAST OF SEVERAL OCCURRENCES

COLUMN 17 PEAK WIND IN M.P.H.

PRELIMINARY LOCAL CLIMATOLOGICAL DATA (WS FORM: F-6) , PAGE 2

                                          STATION:  SALT LAKE CITY UT
                                          MONTH:    MARCH
                                          YEAR:     2015
                                          LATITUDE:   40 46 N
                                          LONGITUDE: 111 58 W

[TEMPERATURE DATA]      [PRECIPITATION DATA]       SYMBOLS USED IN COLUMN 16

AVERAGE MONTHLY: 49.7   TOTAL FOR MONTH:   0.71    1 = FOG OR MIST
DPTR FM NORMAL:   6.1   DPTR FM NORMAL:   -1.08    2 = FOG REDUCING VISIBILITY
HIGHEST:    78 ON 31    GRTST 24HR  0.47 ON  2- 3      TO 1/4 MILE OR LESS
LOWEST:     25 ON  4                               3 = THUNDER
                        SNOW, ICE PELLETS, HAIL    4 = ICE PELLETS
                        TOTAL MONTH:   2.8 INCHES  5 = HAIL
                        GRTST 24HR   2.8 ON  2- 3  6 = FREEZING RAIN OR DRIZZLE
                        GRTST DEPTH:   3           7 = DUSTSTORM OR SANDSTORM:
                                                       VSBY 1/2 MILE OR LESS
                                                   8 = SMOKE OR HAZE
[NO. OF DAYS WITH]      [WEATHER - DAYS WITH]      9 = BLOWING SNOW
                                                   X = TORNADO
MAX 32 OR BELOW:   0    0.01 INCH OR MORE:   5
MAX 90 OR ABOVE:   0    0.10 INCH OR MORE:   3
MIN 32 OR BELOW:   9    0.50 INCH OR MORE:   0
MIN  0 OR BELOW:   0    1.00 INCH OR MORE:   0

[HDD (BASE 65) ]
TOTAL THIS MO.   466    CLEAR  (SCALE 0-3)  24
DPTR FM NORMAL  -196    PTCLDY (SCALE 4-7)   5
TOTAL FM JUL 1  3813    CLOUDY (SCALE 8-10)  2
DPTR FM NORMAL -1105

[CDD (BASE 65) ]
TOTAL THIS MO.     0
DPTR FM NORMAL     0    [PRESSURE DATA]
TOTAL FM JAN 1     0    HIGHEST SLP 30.49 ON  5
DPTR FM NORMAL     0    LOWEST  SLP 29.58 ON 31

[REMARKS]
SNOWFALL, SNOW DEPTH, AND WATER EQUIVALENT IS MEASURED 1/2 MILE EAST OF ASOS.
DAILY RECORD HIGH TEMPERATURE ESTABLISHED ON THE 15TH AND TIED ON THE 16TH AND 17TH.
DAILY RECORD WARMEST LOW TEMPERATURE ESTABLISHED ON THE 15TH.
MONTHLY RECORD WARMEST AVERAGE TEMPERATURE FOR MARCH.
MONTHLY RECORD 2ND WARMEST AVERAGE MAXIMUM TEMPERATURE FOR MARCH.
#FINAL-03-15#
