000
CXUS51 KBTV 011350
CLMBTV


CLIMATE REPORT
NATIONAL WEATHER SERVICE BURLINGTON VT
947 AM EDT WED APR 1 2015

...................................

...THE BURLINGTON VT CLIMATE SUMMARY FOR THE MONTH OF MARCH 2015...

CLIMATE NORMAL PERIOD 1981 TO 2010
CLIMATE RECORD PERIOD 1884 TO 2015

WEATHER         OBSERVED          NORMAL  DEPART  LAST YEAR`S
                 VALUE   DATE(S)  VALUE   FROM    VALUE  DATE(S)
                                          NORMAL
................................................................
TEMPERATURE (F)
RECORD
 HIGH              84   03/31/1998
                        03/29/1946
 LOW              -24   03/04/1938
HIGHEST            50   03/11        39      11       44  03/28
                                                          03/15
                                                          03/11
LOWEST            -10   03/06        22     -32       -8  03/17
AVG. MAXIMUM     35.7              40.0    -4.3     32.6
AVG. MINIMUM     17.1              22.0    -4.9     11.6
MEAN             26.4              31.0    -4.6     22.1
DAYS MAX >= 90      0               0.0     0.0        0
DAYS MAX <= 32     12               7.0     5.0       12
DAYS MIN <= 32     28              25.2     2.8       29
DAYS MIN <= 0       4               1.3     2.7        7

PRECIPITATION (INCHES)
RECORD
 MAXIMUM         4.53   1913
 MINIMUM         0.22   1915
TOTALS           0.90              2.22   -1.32     1.88
DAILY AVG.       0.03              0.07   -0.04     0.06
DAYS >= .01        10              12.9    -2.9       11
DAYS >= .10         3               6.1    -3.1        5
DAYS >= .50         0               1.2    -1.2        2
DAYS >= 1.00        0               0.1    -0.1        0
GREATEST
 24 HR. TOTAL    0.38   03/26 TO 03/26

SNOWFALL (INCHES)
RECORDS
 TOTAL           47.6   5
                        0
                        -26215
TOTALS            4.4              15.8   -11.4     25.4
SINCE 7/1        80.3              76.6     3.7     83.7
SNOWDEPTH AVG.      3                 6      -3        8
DAYS >= 1.0         2               3.7    -1.7        6
GREATEST
 SNOW DEPTH         9   03/04                         17  03/13
 24 HR TOTAL      1.4   03/15

DEGREE_DAYS
HEATING TOTAL    1190              1054     136     1322
 SINCE 7/1       6707              6464     243     6787
COOLING TOTAL       0                 0       0        0
 SINCE 1/1          0                 0       0        0
...................................................

WIND (MPH)
AVERAGE WIND SPEED              9.6
HIGHEST WIND SPEED/DIRECTION    36/320    DATE  03/17
HIGHEST GUST SPEED/DIRECTION    46/330    DATE  03/17

SKY COVER
POSSIBLE SUNSHINE (PERCENT)   MM
AVERAGE SKY COVER           0.60
NUMBER OF DAYS FAIR            7
NUMBER OF DAYS PC             14
NUMBER OF DAYS CLOUDY         10

AVERAGE RH (PERCENT)     58

WEATHER CONDITIONS. NUMBER OF DAYS WITH
THUNDERSTORM              0     MIXED PRECIP               0
HEAVY RAIN                0     RAIN                       2
LIGHT RAIN               10     FREEZING RAIN              0
LT FREEZING RAIN          0     HAIL                       0
HEAVY SNOW                1     SNOW                       3
LIGHT SNOW               15     SLEET                      1
FOG                       8     FOG W/VIS <= 1/4 MILE      1
HAZE                      5

-  INDICATES NEGATIVE NUMBERS.
R  INDICATES RECORD WAS SET OR TIED.
MM INDICATES DATA IS MISSING.
T  INDICATES TRACE AMOUNT.

$$
