000
CXUS53 KLBF 011320
CLMLBF


CLIMATE REPORT
NATIONAL WEATHER SERVICE NORTH PLATTE
817 AM CDT WED APR 1 2015

...................................

...THE NORTH PLATTE NE CLIMATE SUMMARY FOR THE MONTH OF MARCH 2015...

CLIMATE NORMAL PERIOD 1981 TO 2010
CLIMATE RECORD PERIOD 1874 TO 2015

WEATHER         OBSERVED          NORMAL  DEPART  LAST YEAR`S
                 VALUE   DATE(S)  VALUE   FROM    VALUE  DATE(S)
                                          NORMAL
................................................................
TEMPERATURE (F)
RECORD
 HIGH              91   03/16/2015
 LOW              -22   03/03/2002
                        03/03/1960
HIGHEST            91R  03/16        77      14       76  03/26
LOWEST                  03/05         4      -5       -5  03/02
AVG. MAXIMUM     63.5              52.5    11.0     53.1
AVG. MINIMUM     23.4              23.5    -0.1     20.1
MEAN             43.5              38.0     5.5     36.6
DAYS MAX >= 90      1               0.0     1.0        0
DAYS MAX <= 32      2               2.6    -0.6        4
DAYS MIN <= 32     27              26.0     1.0       31
DAYS MIN <= 0       1               0.5     0.5        3

PRECIPITATION (INCHES)
RECORD
 MAXIMUM         4.37   1949
 MINIMUM         0.04   1882
TOTALS           0.01R             1.05   -1.04     0.79
DAILY AVG.       0.00              0.03   -0.03     0.03
DAYS >= .01         1               6.7    -5.7        6
DAYS >= .10         0               2.7    -2.7        4
DAYS >= .50         0               0.6    -0.6        0
DAYS >= 1.00        0               0.0     0.0        0
GREATEST
 24 HR. TOTAL    0.01   03/03 TO 03/03


SNOWFALL (INCHES)
RECORDS
 TOTAL           27.8   1912
TOTALS            0.2               4.4    -4.2      6.3
SINCE 7/1        19.1              25.3    -6.2     28.7
SNOWDEPTH AVG.      0                MM      MM        0
DAYS >= 1.0         0               1.4    -1.4        2
GREATEST
 SNOW DEPTH         0   MM                             2  03/23
 24 HR TOTAL      0.2   03/03 TO 03/03

DEGREE_DAYS
HEATING TOTAL     659               837    -178      874
 SINCE 7/1       5548              5865    -317     6065
COOLING TOTAL       0                 0       0        0
 SINCE 1/1          0                 0       0        0
........................................................

WIND (MPH)
AVERAGE WIND SPEED              8.9
HIGHEST WIND SPEED/DIRECTION    37/320    DATE  03/29
HIGHEST GUST SPEED/DIRECTION    49/340    DATE  03/29

SKY COVER
POSSIBLE SUNSHINE (PERCENT)   MM
AVERAGE SKY COVER           0.20
NUMBER OF DAYS FAIR           24
NUMBER OF DAYS PC              6
NUMBER OF DAYS CLOUDY          1

AVERAGE RH (PERCENT)     50

WEATHER CONDITIONS. NUMBER OF DAYS WITH
THUNDERSTORM              0     MIXED PRECIP               0
HEAVY RAIN                0     RAIN                       0
LIGHT RAIN                2     FREEZING RAIN              0
LT FREEZING RAIN          0     HAIL                       0
HEAVY SNOW                0     SNOW                       0
LIGHT SNOW                3     SLEET                      0
FOG                       3     FOG W/VIS <= 1/4 MILE      0
HAZE                      0

-  INDICATES NEGATIVE NUMBERS.
R  INDICATES RECORD WAS SET OR TIED.
MM INDICATES DATA IS MISSING.
T  INDICATES TRACE AMOUNT.

$$
