000
CXUS53 KOAX 011441
CLMOAX

CLIMATE REPORT
NATIONAL WEATHER SERVICE OMAHA NEBRASKA
935 AM CDT WED APR 1 2015

...................................

...THE VALLEY  NWS, NEBRASKA CLIMATE SUMMARY FOR THE MONTH OF MARCH 2015...

CLIMATE NORMAL PERIOD 1981 TO 2010
CLIMATE RECORD PERIOD 1997 TO 2015

WEATHER         OBSERVED          NORMAL  DEPART  LAST YEAR`S
                 VALUE   DATE(S)  VALUE   FROM    VALUE
                                          NORMAL
.............................................................
TEMPERATURE (F)
HIGHEST            85   03/16
LOWEST              2   03/05
AVG. MAXIMUM     57.7              48.6     9.1
AVG. MINIMUM     29.7              28.0     1.7
MEAN             43.7              38.3     5.4
DAYS MAX >= 90      0
DAYS MAX <= 32      1
DAYS MIN <= 32     17
DAYS MIN <= 0       0

PRECIPITATION (INCHES)
TOTALS           0.66
DAYS >= .01         3
DAYS >= .10         1
DAYS >= .50         1
DAYS >= 1.00        0
GREATEST
 24 HR. TOTAL    0.57   03/24 TO 03/24

SNOWFALL (INCHES)
TOTALS            0.2                                1.9
 LIQUID EQUIV    0.02
SINCE 7/1        19.1
DAYS >= TRACE       3
DAYS >= 1.0         0
GREATEST
 SNOW DEPTH         0
 24 HR TOTAL      0.2

DEGREE DAYS
HEATING TOTAL     652
 SINCE 7/1       5381
COOLING TOTAL       0
 SINCE 1/1          0
..............................................................

WIND (MPH)
HIGHEST GUST SPEED/DIRECTION    48


WEATHER CONDITIONS. NUMBER OF DAYS WITH
THUNDERSTORM              0     MIXED PRECIP               0
HEAVY RAIN                0     RAIN                       1
LIGHT RAIN                6     FREEZING RAIN              0
LT FREEZING RAIN          1     HAIL                       0
HEAVY SNOW                0     SNOW                       0
LIGHT SNOW                3     SLEET                      0
FOG                       4     FOG W/VIS <= 1/4 MILE      1
HAZE                      0

-  INDICATES NEGATIVE NUMBERS.
R  INDICATES RECORD WAS SET OR TIED.
MM INDICATES DATA IS MISSING.
T  INDICATES TRACE AMOUNT.
>  INDICATES GREATER THAN OR EQUAL TO.
<  INDICATES LESS THAN OR EQUAL TO.

&&


$$
