000
CXUS54 KMRX 031246
CLMTRI

CLIMATE REPORT
NATIONAL WEATHER SERVICE MORRISTOWN TN
844 AM EDT FRI APR 3 2015

...................................

...THE TRI-CITIES CLIMATE SUMMARY FOR THE MONTH OF MARCH 2015...

CLIMATE NORMAL PERIOD 1981 TO 2010
CLIMATE RECORD PERIOD 1934 TO 2015

WEATHER         OBSERVED          NORMAL  DEPART
                 VALUE   DATE(S)  VALUE   FROM
                                          NORMAL
................................................
TEMPERATURE (F)
HIGHEST            76   03/25
LOWEST             13   03/06
AVG. MAXIMUM     60.5              59.0     1.5
AVG. MINIMUM     36.6              34.4     2.2
MEAN             48.6              46.7     1.9
DAYS MAX >= 90      0
DAYS MAX <= 32      0
DAYS MIN <= 32      8
DAYS MIN <= 0       0

PRECIPITATION (INCHES)
RECORD
 MAXIMUM         9.56   1955
 MINIMUM         1.31   1985
TOTALS           3.90              3.44    0.46
DAYS >= .01        13
DAYS >= .10        10
DAYS >= .50         3
DAYS >= 1.00        0
GREATEST
 24 HR. TOTAL    0.87   03/05 TO 03/05

SNOWFALL (INCHES)
TOTALS              T               1.4    -1.4
SINCE 7/1        15.5
SNOWDEPTH AVG.      0
DAYS >= TRACE       1
GREATEST
 SNOW DEPTH         0   MM

DEGREE_DAYS
HEATING TOTAL     503               568     -65
 SINCE 7/1       4130              3950     180
COOLING TOTAL       0                 1      -1
 SINCE 1/1          0                 1      -1
.................................................



-  INDICATES NEGATIVE NUMBERS.
R  INDICATES RECORD WAS SET OR TIED.
MM INDICATES DATA IS MISSING.
T  INDICATES TRACE AMOUNT.

$$
