000
CXUS56 KPQR 011444
CLMVUO


CLIMATE REPORT
NATIONAL WEATHER SERVICE PORTLAND OREGON
744 AM PDT WED APR 1 2015

...................................

...THE VANCOUVER WA CLIMATE SUMMARY FOR THE MONTH OF MARCH 2015...

CLIMATE NORMAL PERIOD 1981 TO 2010
CLIMATE RECORD PERIOD 1891 TO 2015

WEATHER         OBSERVED          NORMAL  DEPART  LAST YEAR`S
                 VALUE   DATE(S)  VALUE   FROM    VALUE  DATE(S)
                                          NORMAL
................................................................
TEMPERATURE (F)
RECORD
 HIGH              83   03/28/1930
 LOW               18   03/15/1906
HIGHEST            72                MM      MM       68  03/24
LOWEST             25                MM      MM       27  03/22
AVG. MAXIMUM     62.1              56.9     5.2     57.6
AVG. MINIMUM     39.6              39.1     0.5     38.3
MEAN             50.8              48.0     2.8     48.0
DAYS MAX >= 90      0               0.0     0.0        0
DAYS MAX <= 32      0               0.0     0.0        0
DAYS MIN <= 32      7               3.9     3.1        7
DAYS MIN <= 0       0               0.0     0.0        0

PRECIPITATION (INCHES)
TOTALS           4.78                               6.52
DAYS >= .01        13                                 21
DAYS >= .10        10                                 15
DAYS >= .50         4                                  4
DAYS >= 1.00        1                                  1
GREATEST
 24 HR. TOTAL    1.34   03/14 TO 03/14

DEGREE_DAYS
HEATING TOTAL     432                                519
 SINCE 7/1       3084                               3982
COOLING TOTAL       0                                  0
 SINCE 1/1          0                                  0
.................................................................

WIND (MPH)
AVERAGE WIND SPEED              3.6
RESULTANT WIND SPEED/DIRECTION   1/159
HIGHEST WIND SPEED/DIRECTION    31/190    DATE  03/15
HIGHEST GUST SPEED/DIRECTION    46/190    DATE  03/15

SKY COVER
POSSIBLE SUNSHINE (PERCENT)   MM
AVERAGE SKY COVER           0.40

AVERAGE RH (PERCENT)     69

WEATHER CONDITIONS. NUMBER OF DAYS WITH
THUNDERSTORM              0     MIXED PRECIP               0
HEAVY RAIN                2     RAIN                       6
LIGHT RAIN               14     FREEZING RAIN              0
LT FREEZING RAIN          0     HAIL                       0
HEAVY SNOW                0     SNOW                       0
LIGHT SNOW                0     SLEET                      0
FOG                      17     FOG W/VIS <= 1/4 MILE      4
HAZE                      2

-  INDICATES NEGATIVE NUMBERS.
R  INDICATES RECORD WAS SET OR TIED.
MM INDICATES DATA IS MISSING.
T  INDICATES TRACE AMOUNT.

$$
