000
CXUS55 KPUB 021234
CLSCOS

CLIMATE REPORT
NATIONAL WEATHER SERVICE PUEBLO
537 PM MST SUN MAR 1 2015

...................................

...THE COLORADO SPRINGS CO CLIMATE SUMMARY FOR THE SEASON, FROM
12/1/2014 TO 2/28/2015...

CLIMATE NORMAL PERIOD 1981 TO 2010
CLIMATE RECORD PERIOD 1872 TO 2015

WEATHER         OBSERVED          NORMAL  DEPART  LAST YEAR`S
                 VALUE   DATE(S)  VALUE   FROM    VALUE  DATE(S)
                                          NORMAL
................................................................
TEMPERATURE (F)
RECORD
 HIGH              77   12/23/1955
 LOW              -27   02/01/1951
                        12/09/1919
HIGHEST            74   02/07                         66  02/16
LOWEST            -11   12/31                        -15  02/06
AVG. MAXIMUM     45.1              43.4     1.7     43.9
AVG. MINIMUM     20.1              18.2     1.9     16.2
MEAN             32.6              30.8     1.8     30.1
DAYS MAX >= 90      0               0.0     0.0
DAYS MAX <= 32     23              16.8     6.2
DAYS MIN <= 32     82              85.8    -3.8
DAYS MIN <= 0       3               4.5    -1.5

PRECIPITATION (INCHES)
RECORD
 MAXIMUM         4.05   1934
 MINIMUM         0.16   1928
TOTALS           2.48              1.00    1.48     0.96
DAILY AVG.       0.03              0.01    0.02
DAYS >= .01        24              12.8    11.2
DAYS >= .10         9               2.8     6.2
DAYS >= .50         0               0.2    -0.2
DAYS >= 1.00        0               0.0     0.0
GREATEST
 24 HR. TOTAL    0.46   01/11 TO 01/12

SNOWFALL (INCHES)
RECORDS
 TOTAL           56.3   1987
TOTALS           33.8              16.2    17.6     19.9
SINCE 7/1        40.9              24.0    16.9     24.1
SNOWDEPTH AVG.      1
DAYS >= 1.0        12               5.3     6.7
GREATEST
 SNOW DEPTH         8   02/23                          4
 24 HR TOTAL      6.5   01/11 TO 01/12               3.5

DEGREE_DAYS
HEATING TOTAL    2896              3082    -186     3126
 SINCE 7/1       4221              4563    -342     4487
COOLING TOTAL       0                 0       0        0
 SINCE 1/1          0                 0       0        0
.................................................................

WIND (MPH)
AVERAGE WIND SPEED              8.4
HIGHEST WIND SPEED/DIRECTION    41/340    DATE  12/23
HIGHEST GUST SPEED/DIRECTION    53/340    DATE  12/23

SKY COVER
POSSIBLE SUNSHINE (PERCENT)   MM
AVERAGE SKY COVER           0.60
NUMBER OF DAYS FAIR           23
NUMBER OF DAYS PC             42
NUMBER OF DAYS CLOUDY         25

AVERAGE RH (PERCENT)     58

WEATHER CONDITIONS. NUMBER OF DAYS WITH
THUNDERSTORM              1     MIXED PRECIP               6
HEAVY RAIN                1     RAIN                       2
LIGHT RAIN                8     FREEZING RAIN              1
LT FREEZING RAIN          6     HAIL                       1
HEAVY SNOW                2     SNOW                      14
LIGHT SNOW               37     SLEET                      1
FOG                      39     FOG W/VIS <= 1/4 MILE     10
HAZE                      7

-  INDICATES NEGATIVE NUMBERS.
R  INDICATES RECORD WAS SET OR TIED.
MM INDICATES DATA IS MISSING.
T  INDICATES TRACE AMOUNT.

$$
