000
CDUS42 KKEY 150533
CLIEYW

CLIMATE REPORT
NATIONAL WEATHER SERVICE KEY WEST, FL
130 AM EDT WED APR 15 2015


...................................

...THE KEY WEST CLIMATE SUMMARY FOR APRIL 14 2015...

CLIMATE NORMAL PERIOD 1981 TO 2010
CLIMATE RECORD PERIOD 1871 TO 2015


WEATHER ITEM   OBSERVED TIME   RECORD YEAR NORMAL DEPARTURE LAST
                VALUE   (LST)  VALUE       VALUE  FROM      YEAR
                                                  NORMAL
..................................................................
TEMPERATURE (F)
 YESTERDAY
  MAXIMUM         85    315 PM  87    1952  81      4       84
                                      1923
                                      1882
  MINIMUM         78    630 AM  58    1940  71      7       75
  AVERAGE         82                        76      6       80

PRECIPITATION (IN)
  YESTERDAY        0.00          2.06 1977   0.07  -0.07     0.00
  MONTH TO DATE    0.11                      0.94  -0.83     0.47
  SINCE MAR 1      1.59                      2.99  -1.40     4.25
  SINCE JAN 1      4.82                      6.52  -1.70    11.85

SNOWFALL (IN)
  YESTERDAY        0.0
  MONTH TO DATE    0.0
  SINCE MAR 1      0.0
  SINCE JUL 1      0.0
  SNOW DEPTH       0

DEGREE DAYS
 HEATING
  YESTERDAY        0                         0      0        0
  MONTH TO DATE    0                         0      0        0
  SINCE MAR 1      0                         7     -7        0
  SINCE JUL 1     27                        73    -46       22

 COOLING
  YESTERDAY       17                        11      6       15
  MONTH TO DATE  201                       147     54      165
  SINCE MAR 1    573                       409    164      442
  SINCE JAN 1    931                       757    174      868
..................................................................


WIND (MPH)
  HIGHEST WIND SPEED    20   HIGHEST WIND DIRECTION    SE (120)
  HIGHEST GUST SPEED    23   HIGHEST GUST DIRECTION     E (110)
  AVERAGE WIND SPEED    13.9


SKY COVER
  POSSIBLE SUNSHINE  MM
  AVERAGE SKY COVER 0.1


WEATHER CONDITIONS
 THE FOLLOWING WEATHER WAS RECORDED YESTERDAY.
  NO SIGNIFICANT WEATHER WAS OBSERVED.


RELATIVE HUMIDITY (PERCENT)
 HIGHEST    85
 LOWEST     69
 AVERAGE    77

..........................................................


THE KEY WEST CLIMATE NORMALS FOR TODAY
                         NORMAL    RECORD    YEAR
 MAXIMUM TEMPERATURE (F)   81        88      1982
                                             1926
 MINIMUM TEMPERATURE (F)   72        57      1940


SUNRISE AND SUNSET
APRIL 15 2015.........SUNRISE   705 AM EDT   SUNSET   749 PM EDT
APRIL 16 2015.........SUNRISE   704 AM EDT   SUNSET   749 PM EDT


-  INDICATES NEGATIVE NUMBERS.
R  INDICATES RECORD WAS SET OR TIED.
MM INDICATES DATA IS MISSING.
T  INDICATES TRACE AMOUNT.

$$

CLR
