000
CDUS43 KILX 212146
CLILWV


CLIMATE REPORT
NATIONAL WEATHER SERVICE LINCOLN IL
445 PM CDT TUE APR 21 2015


...................................

...THE LAWRENCEVILLE IL AIRPORT CLIMATE SUMMARY FOR APRIL 21 2015...
VALID TODAY AS OF 0400 PM LOCAL TIME.

CLIMATE NORMAL PERIOD 1981 TO 2010
CLIMATE RECORD PERIOD 9999 TO 9999


WEATHER ITEM   OBSERVED TIME   RECORD YEAR NORMAL DEPARTURE LAST
                VALUE   (LST)  VALUE       VALUE  FROM      YEAR
                                                  NORMAL
..................................................................
TEMPERATURE (F)
 TODAY
  MAXIMUM         66    232 PM  MM      MM  69     -3       76
  MINIMUM         44    253 AM  MM      MM  48     -4       53
  AVERAGE         55                        58     -3       65

PRECIPITATION (IN)
  TODAY            0.00         MM      MM   0.14  -0.14     0.01
  MONTH TO DATE    5.77                      2.49   3.28     5.84
  SINCE MAR 1     10.64                      5.92   4.72     6.88
  SINCE JAN 1     13.14                     10.31   2.83     9.64

DEGREE DAYS
 HEATING
  TODAY           10                         8      2        0
  MONTH TO DATE  140                       238    -98      217
  SINCE MAR 1    865                       860      5     1000
  SINCE JUL 1   5139                      4535    604     5402

 COOLING
  TODAY            0                         1     -1        0
  MONTH TO DATE    7                        15     -8        4
  SINCE MAR 1      7                        17    -10        4
  SINCE JAN 1      7                        17    -10        4
..................................................................


WIND (MPH)
  HIGHEST WIND SPEED    31   HIGHEST WIND DIRECTION     W (250)
  HIGHEST GUST SPEED    37   HIGHEST GUST DIRECTION     W (250)
  AVERAGE WIND SPEED    15.7


SKY COVER
  POSSIBLE SUNSHINE  MM
  AVERAGE SKY COVER 0.2


WEATHER CONDITIONS
 THE FOLLOWING WEATHER WAS RECORDED TODAY.
  NO SIGNIFICANT WEATHER WAS OBSERVED.


RELATIVE HUMIDITY (PERCENT)
 HIGHEST    70           100 AM
 LOWEST     24           100 PM
 AVERAGE    47

..........................................................


THE LAWRENCEVILLE IL AIRPORT CLIMATE NORMALS FOR TOMORROW
                         NORMAL    RECORD    YEAR
 MAXIMUM TEMPERATURE (F)   69        MM        MM
 MINIMUM TEMPERATURE (F)   48        MM        MM


SUNRISE AND SUNSET
APRIL 21 2015.........SUNRISE   606 AM CDT   SUNSET   733 PM CDT
APRIL 22 2015.........SUNRISE   605 AM CDT   SUNSET   734 PM CDT


-  INDICATES NEGATIVE NUMBERS.
R  INDICATES RECORD WAS SET OR TIED.
MM INDICATES DATA IS MISSING.
T  INDICATES TRACE AMOUNT.




$$
