000
CXAK56 PANT 170907
CF6ANN

PRELIMINARY LOCAL CLIMATOLOGICAL DATA (WS FORM: F-6)

                                          STATION:   ANNETTE
                                          MONTH:     04
                                          YEAR:      2015
                                          LATITUDE:   55 02 N
                                          LONGITUDE: 131 34 W

  TEMPERATURE IN F:       :PCPN:    SNOW:  WIND      :SUNSHINE: SKY     :PK WND
================================================================================
1   2   3   4   5  6A  6B    7     8   9   10  11  12  13   14  15   16  17  18
                                      12Z  AVG MX 2MIN
DY MAX MIN AVG DEP HDD CDD  WTR   SNW DPTH SPD SPD DIR MIN PSBL S-S WX   SPD DR
================================================================================

 1  50  40  45   3  20   0  0.06  0.0   0  6.0 17  130   M    M   M 1     22 130
 2  46  41  44   2  21   0  0.87  0.0   0 12.6 25  140   M    M   M 1     37 130
 3  50  41  46   4  19   0  0.04  0.0   0 10.3 21  130   M    M   M 1     26 160
 4  53  35  44   2  21   0  0.01  0.0   0  1.2  9  300   M    M   M 1     12 300
 5  56  32  44   1  21   0  0.00  0.0   0  5.2 14  310   M    M   M 1     16 310
 6  59  38  49   6  16   0  0.00  0.0   0  4.8 12  310   M    M   M       15 320
 7  50  34  42  -1  23   0  0.00  0.0   0  3.9 10  140   M    M   M 1     14 140
 8  51  45  48   5  17   0  0.00  0.0   0 12.7 20  140   M    M   M       30 150
 9  49  42  46   3  19   0  2.12  0.0   0 16.7 33  140   M    M   M 1     52 150
10  45  37  41  -2  24   0  0.66  0.0   0  9.1 25  140   M    M   M 1     40 140
11  45  35  40  -4  25   0  0.35    T   0  4.5 16  200   M    M   M 1     25 210
12  45  32  39  -5  26   0  1.07    T   0  8.4 18  150   M    M   M 1     29 160
13  49  37  43  -1  22   0  0.46  0.0   0  7.2 16  310   M    M   M 1     23 310
14  48  37  43  -1  22   0  0.34    T   0 12.6 33  140   M    M   M 1     46 150
15  51  41  46   2  19   0  0.64  0.0   0  8.2 30  140   M    M   M 1     48 140
16  50  40  45   1  20   0  0.09  0.0   0  4.1 13  180   M    M   M 1     17 180
================================================================================
SM  797  607       335   0  6.71     T    127.5           M        M
================================================================================
AV 49.8 37.9                              8.0 FASTST  PSBL  %   M    MAX(MPH)
                                 MISC ---->  #  33  140                 52 150
================================================================================
NOTES:
# LAST OF SEVERAL OCCURRENCES

COLUMN 17 PEAK WIND IN M.P.H.

PRELIMINARY LOCAL CLIMATOLOGICAL DATA (WS FORM: F-6) , PAGE 2

                                          STATION:   ANNETTE
                                          MONTH:     04
                                          YEAR:      2015
                                          LATITUDE:  55 02 N
                                          LONGITUDE: 131 34 W

[TEMPERATURE DATA]      [PRECIPITATION DATA]       SYMBOLS USED IN COLUMN 16

AVERAGE MONTHLY:43.9   TOTAL FOR MONTH: 6.71       1 = FOG
DPTR FM NORMAL:  0.8   DPTR FM NORMAL: 2.83       2 = FOG REDUCING VISIBILITY
HIGHEST:    59 ON  6    GRTST 24HR   2.12 ON  9        TO 1/4 MILE OR LESS
LOWEST:     32 ON 12                               3 = THUNDER
                        SNOW, ICE PELLETS, HAIL    4 = ICE PELLETS
                        TOTAL MONTH:     T         5 = HAIL
                        GRTST 24HR     T ON 14     6 = GLAZE OR RIME
                        GRTST DEPTH:    0          7 = BLOWING DUST OR SAND:
                                                       VSBY 1/2 MILE OR LESS
                                                   8 = SMOKE OR HAZE
[NO. OF DAYS WITH]      [WEATHER - DAYS WITH]      9 = BLOWING SNOW
                                                   X = TORNADO
MAX 32 OR BELOW:   0    0.01 INCH OR MORE:  12
MAX 70 OR ABOVE:   0    0.10 INCH OR MORE:   8
MIN 32 OR BELOW:   2    0.50 INCH OR MORE:   5
MIN  0 OR BELOW:   0    1.00 INCH OR MORE:   2

[HDD (BASE 65) ]
TOTAL THIS MO.   335    CLEAR  (SCALE 0-3)   M
DPTR FM NORMAL   -16    PTCLDY (SCALE 4-7)   M
SEASONAL TOTAL  5068    CLOUDY (SCALE 8-10)  M
DPTR FM NORMAL  -605

[CDD (BASE 65) ]
TOTAL THIS MO.     0
DPTR FM NORMAL     0    [PRESSURE DATA]
SEASONAL TOTAL     0    HIGHEST SLP     M
DPTR FM NORMAL     0    LOWEST  SLP     M

[REMARKS]
