000
CXUS54 KHGX 171415
CF6ARM
PRELIMINARY LOCAL CLIMATOLOGICAL DATA (WS FORM: F-6)

                                          STATION:   Wharton
                                          MONTH:     APRIL
                                          YEAR:      2015
                                          LATITUDE:   29 15 N
                                          LONGITUDE:  96  9 W

  TEMPERATURE IN F:       :PCPN:    SNOW:  WIND      :SUNSHINE: SKY     :PK WND
================================================================================
1   2   3   4   5  6A  6B    7    8   9   10  11  12  13   14  15   16   17  18
                                     12Z  AVG MX 2MIN
DY MAX MIN AVG DEP HDD CDD  WTR  SNW DPTH SPD SPD DIR MIN PSBL S-S WX    SPD DR
================================================================================

 1  78  65  72   M   0   7 0.00  0.0    0  9.0 24 160   M    M   7 1      32 160
 2  82  70  76   M   0  11 0.00  0.0    0 12.3 21 170   M    M   7 1      24 170
 3  79  69  74   M   0   9 0.00  0.0    0  9.1 17 190   M    M   7 1      22 190
 4  73  62  68   M   0   3 0.00  0.0    0  9.3 16 360   M    M   9        22  20
 5  78  62  70   M   0   5 0.02  0.0    0  7.9 16 170   M    M   9 13     20 170
 6  81  67  74   M   0   9 0.00  0.0    0 10.1 17 150   M    M   6 1      24 170
 7  83  67  75   M   0  10 0.00  0.0    0 10.9 20 170   M    M   6 1      24 160
 8  81  68  75   M   0  10 0.00  0.0    0  9.7 18 160   M    M   5 1      24 160
 9  85  68  77   M   0  12 0.00  0.0    0 12.8 23 160   M    M   6 1      29 170
10  73  60  67   M   0   2 0.11  0.0    0  5.6 18 320   M    M   8 123    28 320
11  73  61  67   M   0   2 0.04  0.0    0  4.3  7  70   M    M  10 1       M  M
12  82  68  75   M   0  10 0.03  0.0    0  8.0 14 160   M    M   8 13     16 130
13  85  66  76   M   0  11 0.45  0.0    0  8.2 13 230   M    M   4 3      20  30
14  74  63  69   M   0   4 0.10  0.0    0  4.4 14 350   M    M   4 13     23 350
15  78  57  68   M   0   3 0.00  0.0    0  3.9  8 140   M    M   4 1       M  M
16  82  65  74   M   0   9 0.36  0.0    0  5.1 12  60   M    M   8 13     18 160
================================================================================
SM 1267 1038         0 117  1.11     0.0 130.6          M      108
================================================================================
AV 79.2 64.9                               8.2 FASTST   M    M   7    MAX(MPH)
                                 MISC ---->    24   M                 32    M
================================================================================
NOTES:
# LAST OF SEVERAL OCCURRENCES

COLUMN 17 PEAK WIND IN M.P.H.

PRELIMINARY LOCAL CLIMATOLOGICAL DATA (WS FORM: F-6) , PAGE 2

                                          STATION:  Wharton
                                          MONTH:    APRIL
                                          YEAR:     2015
                                          LATITUDE:   29 15 N
                                          LONGITUDE:  96  9 W

[TEMPERATURE DATA]      [PRECIPITATION DATA]       SYMBOLS USED IN COLUMN 16

AVERAGE MONTHLY: 72.0   TOTAL FOR MONTH:   1.11    1 = FOG OR MIST
DPTR FM NORMAL:     M   DPTR FM NORMAL:       M    2 = FOG REDUCING VISIBILITY
HIGHEST:    85 ON 13, 9 GRTST 24HR  0.45 ON 13-13      TO 1/4 MILE OR LESS
LOWEST:     57 ON 15                               3 = THUNDER
                        SNOW, ICE PELLETS, HAIL    4 = ICE PELLETS
                        TOTAL MONTH:   0.0 INCH    5 = HAIL
                        GRTST 24HR     0.0         6 = FREEZING RAIN OR DRIZZLE
                        GRTST DEPTH:   0           7 = DUSTSTORM OR SANDSTORM:
                                                       VSBY 1/2 MILE OR LESS
                                                   8 = SMOKE OR HAZE
[NO. OF DAYS WITH]      [WEATHER - DAYS WITH]      9 = BLOWING SNOW
                                                   X = TORNADO
MAX 32 OR BELOW:   0    0.01 INCH OR MORE:   7
MAX 90 OR ABOVE:   0    0.10 INCH OR MORE:   4
MIN 32 OR BELOW:   0    0.50 INCH OR MORE:   0
MIN  0 OR BELOW:   0    1.00 INCH OR MORE:   0

[HDD (BASE 65) ]
TOTAL THIS MO.     0    CLEAR  (SCALE 0-3)   0
DPTR FM NORMAL     M    PTCLDY (SCALE 4-7)  11
TOTAL FM JUL 1  1488    CLOUDY (SCALE 8-10)  5
DPTR FM NORMAL     M

[CDD (BASE 65) ]
TOTAL THIS MO.   117
DPTR FM NORMAL     M    [PRESSURE DATA]
TOTAL FM JAN 1   162    HIGHEST SLP M ON M
DPTR FM NORMAL     M    LOWEST  SLP M ON M

[REMARKS]
