000
CXUS52 KGSP 190817
CF6AVL
PRELIMINARY LOCAL CLIMATOLOGICAL DATA (WS FORM: F-6)

                                          STATION:   ASHEVILLE NC
                                          MONTH:     APRIL
                                          YEAR:      2015
                                          LATITUDE:   35 25 N
                                          LONGITUDE:  82 33 W

  TEMPERATURE IN F:       :PCPN:    SNOW:  WIND      :SUNSHINE: SKY     :PK WND
================================================================================
1   2   3   4   5  6A  6B    7    8   9   10  11  12  13   14  15   16   17  18
                                     12Z  AVG MX 2MIN
DY MAX MIN AVG DEP HDD CDD  WTR  SNW DPTH SPD SPD DIR MIN PSBL S-S WX    SPD DR
================================================================================

 1  73  50  62  11   3   0 0.00  0.0    0  7.0 16  10   M    M   0        21  20
 2  59  46  53   1  12   0 0.14  0.0    0  6.2 13 180   M    M   8 18     18 130
 3  77  54  66  14   0   1 0.28  0.0    0 10.3 23 190   M    M   3 1      31 190
 4  59  36  48  -4  17   0 0.01  0.0    0 15.5 32 340   M    M   2        41 330
 5  61  29  45  -7  20   0 0.00  0.0    0  4.6 15 160   M    M   0        19 190
 6  65  47  56   3   9   0 0.38  0.0    0  4.8 15 170   M    M   8 1      19 190
 7  69  55  62   9   3   0 0.85  0.0    0  3.3 23 320   M    M   8 138    29 320
 8  81  58  70  17   0   5    T  0.0    0  4.3 12 340   M    M   6 12     15 150
 9  83  54  69  15   0   4 0.00  0.0    0  6.7 24 190   M    M   1 1      33 210
10  77  59  68  14   0   3    T  0.0    0 10.3 18 200   M    M   2 3      25 200
11  72  47  60   6   5   0 0.00  0.0    0  9.7 23 340   M    M   0        29 330
12  69  41  55   1  10   0 0.00  0.0    0  4.8 15 140   M    M   0        21 160
13  62  50  56   1   9   0 0.22  0.0    0  4.2  9 160   M    M  10 1      12 150
14  78  61  70  15   0   5 0.14  0.0    0  6.2 16 180   M    M   7 1      21 180
15  61  49  55   0  10   0 1.32  0.0    0  2.3  9 270   M    M   9 1      17 270
16  58  45  52  -3  13   0    T  0.0    0  4.1 13 180   M    M  10 18     16 170
17  74  52  63   7   2   0 0.02  0.0    0  3.1 12 160   M    M   7        15 210
18  74  58  66  10   0   1 0.02  0.0    0  3.4 12 160   M    M   8 1      17 150
================================================================================
SM 1252  891       113  19  3.38     0.0 110.8          M       89
================================================================================
AV 69.6 49.5                               6.2 FASTST   M    M   5    MAX(MPH)
                                 MISC ---->  # 32 340               # 41  330
================================================================================
NOTES:
# LAST OF SEVERAL OCCURRENCES

COLUMN 17 PEAK WIND IN M.P.H.

PRELIMINARY LOCAL CLIMATOLOGICAL DATA (WS FORM: F-6) , PAGE 2

                                          STATION:  ASHEVILLE NC
                                          MONTH:    APRIL
                                          YEAR:     2015
                                          LATITUDE:   35 25 N
                                          LONGITUDE:  82 33 W

[TEMPERATURE DATA]      [PRECIPITATION DATA]       SYMBOLS USED IN COLUMN 16

AVERAGE MONTHLY: 59.5   TOTAL FOR MONTH:   3.38    1 = FOG OR MIST
DPTR FM NORMAL:   5.9   DPTR FM NORMAL:    1.39    2 = FOG REDUCING VISIBILITY
HIGHEST:    83 ON  9    GRTST 24HR  1.32 ON 15-15      TO 1/4 MILE OR LESS
LOWEST:     29 ON  5                               3 = THUNDER
                        SNOW, ICE PELLETS, HAIL    4 = ICE PELLETS
                        TOTAL MONTH:   0.0 INCH    5 = HAIL
                        GRTST 24HR     0.0         6 = FREEZING RAIN OR DRIZZLE
                        GRTST DEPTH:   0           7 = DUSTSTORM OR SANDSTORM:
                                                       VSBY 1/2 MILE OR LESS
                                                   8 = SMOKE OR HAZE
[NO. OF DAYS WITH]      [WEATHER - DAYS WITH]      9 = BLOWING SNOW
                                                   X = TORNADO
MAX 32 OR BELOW:   0    0.01 INCH OR MORE:  10
MAX 90 OR ABOVE:   0    0.10 INCH OR MORE:   7
MIN 32 OR BELOW:   1    0.50 INCH OR MORE:   2
MIN  0 OR BELOW:   0    1.00 INCH OR MORE:   1

[HDD (BASE 65) ]
TOTAL THIS MO.   113    CLEAR  (SCALE 0-3)   8
DPTR FM NORMAL   -95    PTCLDY (SCALE 4-7)   5
TOTAL FM JUL 1  3847    CLOUDY (SCALE 8-10)  5
DPTR FM NORMAL  -133

[CDD (BASE 65) ]
TOTAL THIS MO.    19
DPTR FM NORMAL    19    [PRESSURE DATA]
TOTAL FM JAN 1    19    HIGHEST SLP M ON M
DPTR FM NORMAL    18    LOWEST  SLP 29.84 ON  1

[REMARKS]
