000
CXUS53 KTOP 010820
CF6CNK
PRELIMINARY LOCAL CLIMATOLOGICAL DATA (WS FORM: F-6)

                                          STATION:   Concordia KS
                                          MONTH:     MARCH
                                          YEAR:      2015
                                          LATITUDE:   39 32 N
                                          LONGITUDE:  97 39 W

  TEMPERATURE IN F:       :PCPN:    SNOW:  WIND      :SUNSHINE: SKY     :PK WND
================================================================================
1   2   3   4   5  6A  6B    7    8   9   10  11  12  13   14  15   16   17  18
                                     12Z  AVG MX 2MIN
DY MAX MIN AVG DEP HDD CDD  WTR  SNW DPTH SPD SPD DIR MIN PSBL S-S WX    SPD DR
================================================================================

 1  37  15  26 -12  39   0 0.00  0.0    0  4.1 10 280   M    M   4 1      12 310
 2  41  31  36  -2  29   0 0.00  0.0    0 10.5 23 160   M    M   4        29 140
 3  43  22  33  -5  32   0 0.00  0.0    0 14.7 25 350   M    M   3 18     32 340
 4  33  16  25 -14  40   0 0.00  0.0    0 10.3 21 340   M    M   4        26 360
 5  41   5  23 -16  42   0 0.00  0.0    0  8.2 22 190   M    M   0 8      30 200
 6  65  28  47   8  18   0 0.00  0.0    0 13.0 22 270   M    M   0        28 190
 7  70  33  52  12  13   0 0.00  0.0    0  8.3 16 260   M    M   0        19 270
 8  63  36  50  10  15   0 0.00  0.0    0  7.2 17 360   M    M   0        28 350
 9  64  27  46   5  19   0 0.00  0.0    0  4.2 12 190   M    M   0        16 180
10  75  39  57  16   8   0 0.00  0.0    0  7.0 16 320   M    M   0 1      24 230
11  74  32  53  12  12   0 0.00  0.0    0  5.2 13 120   M    M   0        16 120
12  76  42  59  17   6   0 0.00  0.0    0 13.0 24 170   M    M   0 8      32 170
13  76  37  57  15   8   0 0.00  0.0    0 10.6 25  10   M    M   0        34  40
14  67  37  52  10  13   0 0.00  0.0    0  9.2 16  30   M    M   0        22  20
15  79  38  59  16   6   0 0.00  0.0    0 16.0 28 200   M    M   0        35 210
16  89  48  69  26   0   4 0.00  0.0    0 18.5 33  30   M    M   0 8      43  30
17  54  33  44   0  21   0 0.00  0.0    0 16.1 32  20   M    M   0        40  10
18  45  36  41  -3  24   0    T  0.0    0  8.7 14 140   M    M   7 1      19  90
19  52  36  44   0  21   0 0.00  0.0    0  5.7 14 200   M    M   6 18     16 220
20  73  32  53   9  12   0 0.00  0.0    0  8.2 17 240   M    M   0 1      24 220
21  75  38  57  12   8   0 0.00  0.0    0  8.7 15 200   M    M   0 8      20  90
22  74  36  55  10  10   0 0.00  0.0    0 10.4 24 330   M    M   1        32 340
23  55  33  44  -2  21   0 0.00  0.0    0 11.5 23 100   M    M   3        32 110
24  49  34  42  -4  23   0 0.08  0.0    0  9.5 24 260   M    M   8 12     33 110
25  51  34  43  -3  22   0 0.02  0.0    0 10.3 28  20   M    M   7 12     35  30
26  57  25  41  -5  24   0 0.01  0.0    0  8.2 23  20   M    M   2        30  30
27  45  28  37 -10  28   0    T  0.0    0  7.1 18  20   M    M   7        24  20
28  65  29  47   0  18   0 0.00  0.0    0 11.0 24 150   M    M   1 8      30 160
29  69  43  56   9   9   0 0.00  0.0    0 11.2 29 330   M    M   0 8      40 320
30  80  39  60  12   5   0 0.00  0.0    0 12.4 28 210   M    M   0 8      35 220
31  80  47  64  16   1   0 0.00  0.0    0  8.1 18 150   M    M   0        23 160
================================================================================
SM 1917 1009       547   4  0.11     0.0 307.1          M       57
================================================================================
AV 61.8 32.5                               9.9 FASTST   M    M   2    MAX(MPH)
                                 MISC ---->  # 33  30               # 43   30
================================================================================
NOTES:
# LAST OF SEVERAL OCCURRENCES

COLUMN 17 PEAK WIND IN M.P.H.

PRELIMINARY LOCAL CLIMATOLOGICAL DATA (WS FORM: F-6) , PAGE 2

                                          STATION:  Concordia KS
                                          MONTH:    MARCH
                                          YEAR:     2015
                                          LATITUDE:   39 32 N
                                          LONGITUDE:  97 39 W

[TEMPERATURE DATA]      [PRECIPITATION DATA]       SYMBOLS USED IN COLUMN 16

AVERAGE MONTHLY: 47.2   TOTAL FOR MONTH:   0.11    1 = FOG OR MIST
DPTR FM NORMAL:   4.2   DPTR FM NORMAL:   -1.90    2 = FOG REDUCING VISIBILITY
HIGHEST:    89 ON 16    GRTST 24HR  0.08 ON 24-24      TO 1/4 MILE OR LESS
LOWEST:      5 ON  5                               3 = THUNDER
                        SNOW, ICE PELLETS, HAIL    4 = ICE PELLETS
                        TOTAL MONTH:   0.0 INCH    5 = HAIL
                        GRTST 24HR     0.0         6 = FREEZING RAIN OR DRIZZLE
                        GRTST DEPTH:   0           7 = DUSTSTORM OR SANDSTORM:
                                                       VSBY 1/2 MILE OR LESS
                                                   8 = SMOKE OR HAZE
[NO. OF DAYS WITH]      [WEATHER - DAYS WITH]      9 = BLOWING SNOW
                                                   X = TORNADO
MAX 32 OR BELOW:   0    0.01 INCH OR MORE:   3
MAX 90 OR ABOVE:   0    0.10 INCH OR MORE:   0
MIN 32 OR BELOW:  12    0.50 INCH OR MORE:   0
MIN  0 OR BELOW:   0    1.00 INCH OR MORE:   0

[HDD (BASE 65) ]
TOTAL THIS MO.   547    CLEAR  (SCALE 0-3)  23
DPTR FM NORMAL  -137    PTCLDY (SCALE 4-7)   8
TOTAL FM JUL 1  4754    CLOUDY (SCALE 8-10)  0
DPTR FM NORMAL  -137

[CDD (BASE 65) ]
TOTAL THIS MO.     4
DPTR FM NORMAL     3    [PRESSURE DATA]
TOTAL FM JAN 1     4    HIGHEST SLP 30.58 ON  5
DPTR FM NORMAL     3    LOWEST  SLP 29.63 ON  3

[REMARKS]
#FINAL-03-15#
