000
CXUS55 KCYS 181000
CF6CYS
PRELIMINARY LOCAL CLIMATOLOGICAL DATA (WS FORM: F-6)

                                          STATION:   CHEYENNE WYOMING AIRPORT
                                          MONTH:     APRIL
                                          YEAR:      2015
                                          LATITUDE:   41  9 N
                                          LONGITUDE: 104 49 W

  TEMPERATURE IN F:       :PCPN:    SNOW:  WIND      :SUNSHINE: SKY     :PK WND
================================================================================
1   2   3   4   5  6A  6B    7    8   9   10  11  12  13   14  15   16   17  18
                                     12Z  AVG MX 2MIN
DY MAX MIN AVG DEP HDD CDD  WTR  SNW DPTH SPD SPD DIR MIN PSBL S-S WX    SPD DR
================================================================================

 1  63  32  48   9  17   0    T  0.0    0 12.5 28 320   M    M   1        38 330
 2  37  27  32  -7  33   0 0.10  1.0    0  9.9 23  20   M    M   8 128    30  20
 3  43  22  33  -7  32   0    T    T    T 10.2 26 290   M    M   4        34 280
 4  56  21  39  -1  26   0 0.00  0.0    0 10.1 22 230   M    M   0        27 250
 5  68  28  48   8  17   0 0.00  0.0    0 11.9 24 210   M    M   0        35 210
 6  68  33  51  11  14   0 0.00  0.0    0  9.9 26 120   M    M   0        32 120
 7  58  30  44   4  21   0 0.00  0.0    0 10.2 22 140   M    M   4 1      28 170
 8  54  34  44   3  21   0 0.03  0.3    0 13.4 30 350   M    M   8 12     39 320
 9  46  29  38  -3  27   0 0.10  1.0    1 13.1 24 350   M    M   7 16     32 340
10  60  27  44   3  21   0 0.00  0.0    0  6.6 15 210   M    M   2        17 210
11  67  32  50   9  15   0 0.00  0.0    0  9.9 24 220   M    M   1        32 300
12  59  36  48   6  17   0 0.00  0.0    0 15.8 35 270   M    M   0        41 290
13  63  31  47   5  18   0 0.00  0.0    0  6.3 17 180   M    M   0 8      22 190
14  71  35  53  11  12   0 0.00  0.0    0 13.4 26 150   M    M   0        37 150
15  47  30  39  -3  26   0 0.05  0.4    0 17.4 32 330   M    M   7 13     46 330
16  34  30  32 -11  33   0 0.71  5.2    T 17.8 31  10   M    M  10 12     43 360
17  37  33  35  -8  30   0 1.16  5.6    3 14.5 28 360   M    M  10 123    36  10
================================================================================
SM  931  510       380   0  2.15    13.5 202.9          M       62
================================================================================
AV 54.8 30.0                              11.9 FASTST   M    M   4    MAX(MPH)
                                 MISC ---->  # 35 270               # 46  330
================================================================================
NOTES:
# LAST OF SEVERAL OCCURRENCES

COLUMN 17 PEAK WIND IN M.P.H.

PRELIMINARY LOCAL CLIMATOLOGICAL DATA (WS FORM: F-6) , PAGE 2

                                          STATION:  CHEYENNE WYOMING AIRPORT
                                          MONTH:    APRIL
                                          YEAR:     2015
                                          LATITUDE:   41  9 N
                                          LONGITUDE: 104 49 W

[TEMPERATURE DATA]      [PRECIPITATION DATA]       SYMBOLS USED IN COLUMN 16

AVERAGE MONTHLY: 42.4   TOTAL FOR MONTH:   2.15    1 = FOG OR MIST
DPTR FM NORMAL:   1.4   DPTR FM NORMAL:    1.25    2 = FOG REDUCING VISIBILITY
HIGHEST:    71 ON 14    GRTST 24HR  1.33 ON 16-17      TO 1/4 MILE OR LESS
LOWEST:     21 ON  4                               3 = THUNDER
                        SNOW, ICE PELLETS, HAIL    4 = ICE PELLETS
                        TOTAL MONTH:  13.5 INCHES  5 = HAIL
                        GRTST 24HR   5.6 ON   M    6 = FREEZING RAIN OR DRIZZLE
                        GRTST DEPTH:   3 ON 17     7 = DUSTSTORM OR SANDSTORM:
                                                       VSBY 1/2 MILE OR LESS
                                                   8 = SMOKE OR HAZE
[NO. OF DAYS WITH]      [WEATHER - DAYS WITH]      9 = BLOWING SNOW
                                                   X = TORNADO
MAX 32 OR BELOW:   0    0.01 INCH OR MORE:   6
MAX 90 OR ABOVE:   0    0.10 INCH OR MORE:   4
MIN 32 OR BELOW:  12    0.50 INCH OR MORE:   2
MIN  0 OR BELOW:   0    1.00 INCH OR MORE:   1

[HDD (BASE 65) ]
TOTAL THIS MO.   380    CLEAR  (SCALE 0-3)   9
DPTR FM NORMAL   -29    PTCLDY (SCALE 4-7)   5
TOTAL FM JUL 1  5734    CLOUDY (SCALE 8-10)  3
DPTR FM NORMAL  -595

[CDD (BASE 65) ]
TOTAL THIS MO.     0
DPTR FM NORMAL     0    [PRESSURE DATA]
TOTAL FM JAN 1     0    HIGHEST SLP M ON M
DPTR FM NORMAL     0    LOWEST  SLP 29.47 ON  8

[REMARKS]
