000
CXUS53 KUNR 270945
CF6D07
PRELIMINARY LOCAL CLIMATOLOGICAL DATA (WS FORM: F-6)

                                          STATION:   FAITH SD
                                          MONTH:     APRIL
                                          YEAR:      2015
                                          LATITUDE:   45  1 N
                                          LONGITUDE: 102  1 W

  TEMPERATURE IN F:       :PCPN:    SNOW:  WIND      :SUNSHINE: SKY     :PK WND
================================================================================
1   2   3   4   5  6A  6B    7    8   9   10  11  12  13   14  15   16   17  18
                                     12Z  AVG MX 2MIN
DY MAX MIN AVG DEP HDD CDD  WTR  SNW DPTH SPD SPD DIR MIN PSBL S-S WX    SPD DR
================================================================================

 1  64  34  49  10  16   0 0.00    M    M 20.9 37 320   M    M   M        45 320
 2  48  21  35  -4  30   0 0.00    M    M 21.5 39 320   M    M   M        50 310
 3  53  17  35  -5  30   0 0.00    M    M 11.8 32 280   M    M   M        39 290
 4  63  27  45   5  20   0 0.00    M    M  9.6 17 210   M    M   M        26 310
 5  58  28  43   3  22   0 0.00    M    M 16.3 26  60   M    M   M        31  60
 6  43  24  34  -7  31   0 0.00    M    M 16.4 26  60   M    M   M        31  60
 7  50  32  41   0  24   0 0.00    M    M  7.6 17 150   M    M   M        21 150
 8  43  33  38  -4  27   0 0.12    M    M 13.9 24  20   M    M   M        28  30
 9  58  32  45   3  20   0 0.02    M    M 17.0 28 300   M    M   M        34 310
10  64  29  47   5  18   0 0.00    M    M  9.0 21 130   M    M   M        28 350
11  78  33  56  13   9   0 0.00    M    M 12.0 28 190   M    M   M        39 200
12  58  33  46   3  19   0 0.00    M    M 19.0 36 310   M    M   M        44 310
13  63  32  48   4  17   0 0.00    M    M 12.6 22 280   M    M   M        28 300
14  84  40  62  18   3   0 0.00    M    M 22.5 32 160   M    M   M        42 170
15  67  44  56  11   9   0 0.00    M    M 14.8 26 170   M    M   M        32 170
16  62  42  52   7  13   0 0.00    M    M 13.7 23 340   M    M   M        29 330
17  67  34  51   5  14   0 0.00    M    M  6.2 14 210   M    M   M        15 210
18  57  45  51   5  14   0 0.28    M    M  9.1 22 350   M    M   M        28 360
19  51  28  40  -6  25   0 0.00    M    M 22.2 38 320   M    M   M        46 320
20  54  26  40  -7  25   0 0.00    M    M 17.1 35 330   M    M   M        45 320
21  51  26  39  -8  26   0 0.00    M    M 12.2 23  10   M    M   M        29 360
22  55  23  39  -9  26   0 0.00    M    M 11.1 17 130   M    M   M        26 160
23  69  32  51   3  14   0 0.00    M    M 15.7 31 130   M    M   M        38 130
24  72  39  56   8   9   0 0.00    M    M 11.5 21  50   M    M   M        28  50
25  51  41  46  -3  19   0 0.05    M    M  9.4 17 130   M    M   M        21 120
26  59  47  53   4  12   0 0.00    M    M  8.1 18 130   M    M   M        22 130
================================================================================
SM 1542  842       492   0  0.47    M    361.2          M        M
================================================================================
AV 59.3 32.4                              13.9 FASTST   M    M   4    MAX(MPH)
                                 MISC ---->  # 39 320               # 50  310
================================================================================
NOTES:
# LAST OF SEVERAL OCCURRENCES

COLUMN 17 PEAK WIND IN M.P.H.

PRELIMINARY LOCAL CLIMATOLOGICAL DATA (WS FORM: F-6) , PAGE 2

                                          STATION:  FAITH SD
                                          MONTH:    APRIL
                                          YEAR:     2015
                                          LATITUDE:   45  1 N
                                          LONGITUDE: 102  1 W

[TEMPERATURE DATA]      [PRECIPITATION DATA]       SYMBOLS USED IN COLUMN 16

AVERAGE MONTHLY: 45.8   TOTAL FOR MONTH:   0.47    1 = FOG OR MIST
DPTR FM NORMAL:   1.8   DPTR FM NORMAL:   -0.80    2 = FOG REDUCING VISIBILITY
HIGHEST:    84 ON 14    GRTST 24HR  0.28 ON 18-18      TO 1/4 MILE OR LESS
LOWEST:     17 ON  3                               3 = THUNDER
                        SNOW, ICE PELLETS, HAIL    4 = ICE PELLETS
                        TOTAL MONTH:    M          5 = HAIL
                        GRTST 24HR    M  ON   M    6 = FREEZING RAIN OR DRIZZLE
                        GRTST DEPTH:  M  ON   M    7 = DUSTSTORM OR SANDSTORM:
                                                       VSBY 1/2 MILE OR LESS
                                                   8 = SMOKE OR HAZE
[NO. OF DAYS WITH]      [WEATHER - DAYS WITH]      9 = BLOWING SNOW
                                                   X = TORNADO
MAX 32 OR BELOW:   0    0.01 INCH OR MORE:   4
MAX 90 OR ABOVE:   0    0.10 INCH OR MORE:   2
MIN 32 OR BELOW:  14    0.50 INCH OR MORE:   0
MIN  0 OR BELOW:   0    1.00 INCH OR MORE:   0

[HDD (BASE 65) ]
TOTAL THIS MO.   492    CLEAR  (SCALE 0-3)   0
DPTR FM NORMAL   -57    PTCLDY (SCALE 4-7)   0
TOTAL FM JUL 1  6715    CLOUDY (SCALE 8-10)  0
DPTR FM NORMAL  -525

[CDD (BASE 65) ]
TOTAL THIS MO.     0
DPTR FM NORMAL     0    [PRESSURE DATA]
TOTAL FM JAN 1     2    HIGHEST SLP M ON M
DPTR FM NORMAL     2    LOWEST  SLP 29.25 ON 12

[REMARKS]
