000
CXUS56 KLKN 241009
CF6EKO
PRELIMINARY LOCAL CLIMATOLOGICAL DATA (WS FORM: F-6)

                                          STATION:   ELKO AIRPORT NV
                                          MONTH:     APRIL
                                          YEAR:      2015
                                          LATITUDE:   40 49 N
                                          LONGITUDE: 115 47 W

  TEMPERATURE IN F:       :PCPN:    SNOW:  WIND      :SUNSHINE: SKY     :PK WND
================================================================================
1   2   3   4   5  6A  6B    7    8   9   10  11  12  13   14  15   16   17  18
                                     12Z  AVG MX 2MIN
DY MAX MIN AVG DEP HDD CDD  WTR  SNW DPTH SPD SPD DIR MIN PSBL S-S WX    SPD DR
================================================================================

 1  50  22  36  -6  29   0 0.00  0.0    0  6.0 17 280   M    M   0        21 280
 2  50  27  39  -3  26   0 0.00  0.0    0  7.9 17 290   M    M   4        23 320
 3  59  15  37  -5  28   0 0.00  0.0    0  4.4 18 200   M    M   0        23 250
 4  65  21  43   0  22   0 0.00  0.0    0  8.0 29 260   M    M   0        34 250
 5  61  40  51   8  14   0 0.00  0.0    0  8.5 22 270   M    M   4        31 280
 6  53  34  44   1  21   0 0.00  0.0    0  6.4 22 270   M    M   3        30 220
 7  58  32  45   2  20   0 0.17  0.6    0  8.1 29 260   M    M   9 1      35 230
 8  44  30  37  -6  28   0 0.13  1.3    T 10.7 22 220   M    M   8 1      27 230
 9  57  27  42  -2  23   0 0.00  0.0    0  3.1  9 110   M    M   1        14 100
10  66  28  47   3  18   0 0.00  0.0    0  3.8 13 240   M    M   0        17 180
11  62  31  47   3  18   0 0.00  0.0    0 11.1 28 260   M    M   3        33 270
12  62  26  44   0  21   0 0.00  0.0    0  5.3 17 290   M    M   0        23 300
13  76  28  52   8  13   0 0.00  0.0    0  6.0 22 260   M    M   0        30 250
14  55  22  39  -6  26   0 0.10  0.3    0 12.0 35 280   M    M   4 128    40 280
15  45  20  33 -12  32   0 0.00  0.0    0  8.6 22 300   M    M   3        29 310
16  60  21  41  -4  24   0 0.00  0.0    0  4.4 14 350   M    M   2        20 340
17  70  23  47   2  18   0 0.00  0.0    0  4.5 17 320   M    M   0        22 320
18  71  28  50   4  15   0 0.00  0.0    0  6.6 24 310   M    M   0        29 320
19  71  27  49   3  16   0 0.00  0.0    0  5.9 21 270   M    M   0        27 280
20  72  29  51   5  14   0 0.00  0.0    0  3.4 16 280   M    M   0        20 280
21  75  29  52   6  13   0 0.00  0.0    0  4.9 20 260   M    M   0        26 260
22  71  34  53   6  12   0 0.00  0.0    0  6.6 25 230   M    M   2 3      33 230
23  67  36  52   5  13   0 0.01  0.0    0  7.3 33 170   M    M   4 38     45 170
================================================================================
SM 1420  630       464   0  0.41     2.2 153.5          M       47
================================================================================
AV 61.7 27.4                               6.7 FASTST   M    M   2    MAX(MPH)
                                 MISC ---->  # 35 280               # 45  170
================================================================================
NOTES:
# LAST OF SEVERAL OCCURRENCES

COLUMN 17 PEAK WIND IN M.P.H.

PRELIMINARY LOCAL CLIMATOLOGICAL DATA (WS FORM: F-6) , PAGE 2

                                          STATION:  ELKO AIRPORT NV
                                          MONTH:    APRIL
                                          YEAR:     2015
                                          LATITUDE:   40 49 N
                                          LONGITUDE: 115 47 W

[TEMPERATURE DATA]      [PRECIPITATION DATA]       SYMBOLS USED IN COLUMN 16

AVERAGE MONTHLY: 44.6   TOTAL FOR MONTH:   0.41    1 = FOG OR MIST
DPTR FM NORMAL:   0.3   DPTR FM NORMAL:   -0.33    2 = FOG REDUCING VISIBILITY
HIGHEST:    76 ON 13    GRTST 24HR  0.23 ON  7- 8      TO 1/4 MILE OR LESS
LOWEST:     15 ON  3                               3 = THUNDER
                        SNOW, ICE PELLETS, HAIL    4 = ICE PELLETS
                        TOTAL MONTH:   2.2 INCHES  5 = HAIL
                        GRTST 24HR   1.3 ON   M    6 = FREEZING RAIN OR DRIZZLE
                        GRTST DEPTH:   T           7 = DUSTSTORM OR SANDSTORM:
                                                       VSBY 1/2 MILE OR LESS
                                                   8 = SMOKE OR HAZE
[NO. OF DAYS WITH]      [WEATHER - DAYS WITH]      9 = BLOWING SNOW
                                                   X = TORNADO
MAX 32 OR BELOW:   0    0.01 INCH OR MORE:   4
MAX 90 OR ABOVE:   0    0.10 INCH OR MORE:   3
MIN 32 OR BELOW:  19    0.50 INCH OR MORE:   0
MIN  0 OR BELOW:   0    1.00 INCH OR MORE:   0

[HDD (BASE 65) ]
TOTAL THIS MO.   464    CLEAR  (SCALE 0-3)  15
DPTR FM NORMAL   -11    PTCLDY (SCALE 4-7)   6
TOTAL FM JUL 1  5104    CLOUDY (SCALE 8-10)  2
DPTR FM NORMAL -1348

[CDD (BASE 65) ]
TOTAL THIS MO.     0
DPTR FM NORMAL     0    [PRESSURE DATA]
TOTAL FM JAN 1     0    HIGHEST SLP M ON M
DPTR FM NORMAL     0    LOWEST  SLP 29.52 ON  5

[REMARKS]
