000
CXUS54 KFWD 250730
CF6FTW
PRELIMINARY LOCAL CLIMATOLOGICAL DATA (WS FORM: F-6)

                                          STATION:   FORT WORTH MEACHAM
                                          MONTH:     APRIL
                                          YEAR:      2015
                                          LATITUDE:   32 49 N
                                          LONGITUDE:  97 21 W

  TEMPERATURE IN F:       :PCPN:    SNOW:  WIND      :SUNSHINE: SKY     :PK WND
================================================================================
1   2   3   4   5  6A  6B    7    8   9   10  11  12  13   14  15   16   17  18
                                     12Z  AVG MX 2MIN
DY MAX MIN AVG DEP HDD CDD  WTR  SNW DPTH SPD SPD DIR MIN PSBL S-S WX    SPD DR
================================================================================

 1  80  66  73  12   0   8    T  0.0    0 13.1 23 170   M    M   3 138    29 160
 2  88  68  78  17   0  13 0.00  0.0    0 18.5 29 150   M    M   4        38 170
 3  73  56  65   3   0   0 0.00  0.0    0 15.4 25 360   M    M   1 18     31 360
 4  70  49  60  -2   5   0    T  0.0    0  8.0 16  40   M    M   1 3      20  20
 5  60  53  57  -5   8   0 0.83  0.0    0 10.4 16 140   M    M   8 138    21 130
 6  85  59  72  10   0   7    T  0.0    0 14.0 26 140   M    M   7 18     33 140
 7  82  70  76  13   0  11    T  0.0    0 15.2 24 200   M    M   5 18     30 190
 8  76  67  72   9   0   7    T  0.0    0 15.5 28 150   M    M   5 138    35 140
 9  84  64  74  11   0   9 0.27  0.0    0 11.5 24 160   M    M   3 138    31 160
10  71  51  61  -2   4   0 0.00  0.0    0  8.4 21  20   M    M   0        26  30
11  74  55  65   1   0   0 0.00  0.0    0  7.9 14 150   M    M   5        19 150
12  79  65  72   8   0   7 0.08  0.0    0 10.1 17 130   M    M   8 18     21 120
13  71  56  64   0   1   0 2.06  0.0    0 13.0 26  20   M    M   9 123    32  10
14  60  54  57  -7   8   0 0.03  0.0    0  8.1 17  30   M    M  10 1      23  30
15  76  55  66   1   0   1 0.00  0.0    0  6.9 14 140   M    M   3        17 110
16  78  61  70   5   0   5    T  0.0    0  9.9 20 140   M    M   4 18     23 140
17  73  61  67   2   0   2 0.79  0.0    0  8.4 30 310   M    M   5 138    39 310
18  81  58  70   4   0   5 0.45  0.0    0  6.3 33 300   M    M   5 13     45 300
19  76  55  66   0   0   1 0.00  0.0    0 13.7 25 320   M    M   1        36 310
20  70  47  59  -7   6   0 0.00  0.0    0  6.8 14 350   M    M   0        19  10
21  75  50  63  -3   2   0    T  0.0    0  9.1 18 150   M    M   4 3      22 150
22  79  60  70   4   0   5 0.01  0.0    0  9.8 20  20   M    M   5        24 190
23  76  67  72   5   0   7 0.30  0.0    0  9.2 23 120   M    M  10 138    29 130
24  72  61  67   0   0   2 1.00  0.0    0  9.3 25 270   M    M   8 13     33 270
================================================================================
SM 1809 1408        34  90  5.82     0.0 258.5          M      114
================================================================================
AV 75.4 58.7                              10.8 FASTST   M    M   5    MAX(MPH)
                                 MISC ---->  # 33 300               # 45  300
================================================================================
NOTES:
# LAST OF SEVERAL OCCURRENCES

COLUMN 17 PEAK WIND IN M.P.H.

PRELIMINARY LOCAL CLIMATOLOGICAL DATA (WS FORM: F-6) , PAGE 2

                                          STATION:  FORT WORTH MEACHAM
                                          MONTH:    APRIL
                                          YEAR:     2015
                                          LATITUDE:   32 49 N
                                          LONGITUDE:  97 21 W

[TEMPERATURE DATA]      [PRECIPITATION DATA]       SYMBOLS USED IN COLUMN 16

AVERAGE MONTHLY: 67.0   TOTAL FOR MONTH:   5.82    1 = FOG OR MIST
DPTR FM NORMAL:   3.0   DPTR FM NORMAL:    3.51    2 = FOG REDUCING VISIBILITY
HIGHEST:    88 ON  2    GRTST 24HR  2.09 ON 13-14      TO 1/4 MILE OR LESS
LOWEST:     47 ON 20                               3 = THUNDER
                        SNOW, ICE PELLETS, HAIL    4 = ICE PELLETS
                        TOTAL MONTH:   0.0 INCH    5 = HAIL
                        GRTST 24HR     0.0         6 = FREEZING RAIN OR DRIZZLE
                        GRTST DEPTH:   0           7 = DUSTSTORM OR SANDSTORM:
                                                       VSBY 1/2 MILE OR LESS
                                                   8 = SMOKE OR HAZE
[NO. OF DAYS WITH]      [WEATHER - DAYS WITH]      9 = BLOWING SNOW
                                                   X = TORNADO
MAX 32 OR BELOW:   0    0.01 INCH OR MORE:  10
MAX 90 OR ABOVE:   0    0.10 INCH OR MORE:   7
MIN 32 OR BELOW:   0    0.50 INCH OR MORE:   4
MIN  0 OR BELOW:   0    1.00 INCH OR MORE:   2

[HDD (BASE 65) ]
TOTAL THIS MO.    34    CLEAR  (SCALE 0-3)   6
DPTR FM NORMAL   -53    PTCLDY (SCALE 4-7)  13
TOTAL FM JUL 1  2197    CLOUDY (SCALE 8-10)  5
DPTR FM NORMAL  -157

[CDD (BASE 65) ]
TOTAL THIS MO.    90
DPTR FM NORMAL    24    [PRESSURE DATA]
TOTAL FM JAN 1   136    HIGHEST SLP M ON M
DPTR FM NORMAL    37    LOWEST  SLP 29.56 ON 24

[REMARKS]
