000
CXUS55 KLIX 211000
CF6GPT
PRELIMINARY LOCAL CLIMATOLOGICAL DATA (WS FORM: F-6)

                                          STATION:   GULFPORT
                                          MONTH:     APRIL
                                          YEAR:      2015
                                          LATITUDE:   30 23 N
                                          LONGITUDE:  89  4 W

  TEMPERATURE IN F:       :PCPN:    SNOW:  WIND      :SUNSHINE: SKY     :PK WND
================================================================================
1   2   3   4   5  6A  6B    7    8   9   10  11  12  13   14  15   16   17  18
                                     12Z  AVG MX 2MIN
DY MAX MIN AVG DEP HDD CDD  WTR  SNW DPTH SPD SPD DIR MIN PSBL S-S WX    SPD DR
================================================================================

 1  78  60  69   6   0   4 0.00  0.0    0  6.9 15 150   M    M   1 18     19 150
 2  80  72  76  13   0  11 0.00  0.0    0 10.8 20 150   M    M   2        27 150
 3  79  70  75  11   0  10 0.00  0.0    0  9.6 20 160   M    M   2        25 160
 4  77  55  66   2   0   1 0.11  0.0    0  8.8 20 350   M    M   4 1      27 350
 5  72  50  61  -3   4   0 0.40  0.0    0  7.8 17 150   M    M   3 1      25 110
 6  77  67  72   8   0   7 0.13  0.0    0  9.6 18 140   M    M   7 1      23 140
 7  79  67  73   8   0   8 0.00  0.0    0  8.1 17 140   M    M   8 12     24 130
 8  80  68  74   9   0   9 0.00  0.0    0  8.9 16 130   M    M   6 1      20 140
 9  80  73  77  12   0  12 0.02  0.0    0 11.0 20 150   M    M   8        24 150
10  84  69  77  12   0  12 0.09  0.0    0  5.7 18 340   M    M   6 1      25 340
11  81  64  73   7   0   8 0.09  0.0    0  5.2 13 360   M    M   5 1      17  30
12  76  69  73   7   0   8 3.60  0.0    0  6.4 15 110   M    M   9 13     20 290
13  75  69  72   6   0   7 1.08  0.0    0  9.3 18 120   M    M   8 1      22 140
14  76  67  72   6   0   7 2.09  0.0    0  5.9 22 280   M    M  10 123    32 280
15  79  66  73   6   0   8 0.20  0.0    0  3.5 15 130   M    M   6 13     18 140
16  78  68  73   6   0   8 0.23  0.0    0  5.1 14 130   M    M   5 1      17 130
17  83  70  77  10   0  12 0.27  0.0    0  8.1 22 130   M    M   7 1      27 130
18  76  68  72   5   0   7 0.55  0.0    0  7.6 20 160   M    M   8 13     28 150
19  83  72  78  10   0  13 0.00  0.0    0  6.5 16 220   M    M   3        24 220
20  82  61  72   4   0   7 0.00  0.0    0  6.4 16 310   M    M   0        22 310
================================================================================
SM 1575 1325         4 159  8.86     0.0 151.2          M      108
================================================================================
AV 78.8 66.2                               7.6 FASTST   M    M   5    MAX(MPH)
                                 MISC ---->  # 22 280               # 32  280
================================================================================
NOTES:
# LAST OF SEVERAL OCCURRENCES

COLUMN 17 PEAK WIND IN M.P.H.

PRELIMINARY LOCAL CLIMATOLOGICAL DATA (WS FORM: F-6) , PAGE 2

                                          STATION:  GULFPORT
                                          MONTH:    APRIL
                                          YEAR:     2015
                                          LATITUDE:   30 23 N
                                          LONGITUDE:  89  4 W

[TEMPERATURE DATA]      [PRECIPITATION DATA]       SYMBOLS USED IN COLUMN 16

AVERAGE MONTHLY: 72.5   TOTAL FOR MONTH:   8.86    1 = FOG OR MIST
DPTR FM NORMAL:   7.0   DPTR FM NORMAL:    5.43    2 = FOG REDUCING VISIBILITY
HIGHEST:    84 ON 10    GRTST 24HR  4.47 ON 12-13      TO 1/4 MILE OR LESS
LOWEST:     50 ON  5                               3 = THUNDER
                        SNOW, ICE PELLETS, HAIL    4 = ICE PELLETS
                        TOTAL MONTH:   0.0 INCH    5 = HAIL
                        GRTST 24HR     0.0         6 = FREEZING RAIN OR DRIZZLE
                        GRTST DEPTH:   0           7 = DUSTSTORM OR SANDSTORM:
                                                       VSBY 1/2 MILE OR LESS
                                                   8 = SMOKE OR HAZE
[NO. OF DAYS WITH]      [WEATHER - DAYS WITH]      9 = BLOWING SNOW
                                                   X = TORNADO
MAX 32 OR BELOW:   0    0.01 INCH OR MORE:  13
MAX 90 OR ABOVE:   0    0.10 INCH OR MORE:  10
MIN 32 OR BELOW:   0    0.50 INCH OR MORE:   4
MIN  0 OR BELOW:   0    1.00 INCH OR MORE:   3

[HDD (BASE 65) ]
TOTAL THIS MO.     4    CLEAR  (SCALE 0-3)   5
DPTR FM NORMAL   -46    PTCLDY (SCALE 4-7)  13
TOTAL FM JUL 1  1636    CLOUDY (SCALE 8-10)  2
DPTR FM NORMAL    18

[CDD (BASE 65) ]
TOTAL THIS MO.   159
DPTR FM NORMAL   101    [PRESSURE DATA]
TOTAL FM JAN 1   246    HIGHEST SLP M ON M
DPTR FM NORMAL   152    LOWEST  SLP 29.72 ON 19

[REMARKS]
