000
CXUS55 KFSD 260905
CF6HON
PRELIMINARY LOCAL CLIMATOLOGICAL DATA (WS FORM: F-6)

                                          STATION:   HURON
                                          MONTH:     APRIL
                                          YEAR:      2015
                                          LATITUDE:   44 22 N
                                          LONGITUDE:  98 13 W

  TEMPERATURE IN F:       :PCPN:    SNOW:  WIND      :SUNSHINE: SKY     :PK WND
================================================================================
1   2   3   4   5  6A  6B    7    8   9   10  11  12  13   14  15   16   17  18
                                     12Z  AVG MX 2MIN
DY MAX MIN AVG DEP HDD CDD  WTR  SNW DPTH SPD SPD DIR MIN PSBL S-S WX    SPD DR
================================================================================

 1  75  41  58  18   7   0    T    M    0 17.5 30 330   M    M   0        36 330
 2  61  30  46   6  19   0 0.00  0.0    0 17.0 36 310   M    M   0 8      43 310
 3  53  19  36  -5  29   0 0.00  0.0    0  9.8 24 360   M    M   3        29 350
 4  68  20  44   3  21   0 0.00  0.0    0  9.7 24  90   M    M   0        31  90
 5  64  39  52  10  13   0 0.00  0.0    0 17.0 29 100   M    M   1        37  90
 6  43  36  40  -2  25   0 0.07  0.0    0 14.5 23  60   M    M   8 18     31  60
 7  41  35  38  -5  27   0 0.05  0.0    0  6.0 16  80   M    M  10 1      21  80
 8  47  37  42  -1  23   0 0.00  0.0    0  7.3 15  90   M    M  10 1      18  90
 9  61  36  49   5  16   0 0.13    T    0 18.6 33 350   M    M   8 1      43 350
10  60  26  43  -1  22   0 0.00  0.0    0  8.4 18 300   M    M   0        23 290
11  80  38  59  15   6   0 0.00  0.0    0 18.7 32 190   M    M   0        43 170
12  73  37  55  10  10   0 0.00  0.0    0 16.9 32 320   M    M   1        38 310
13  67  30  49   4  16   0 0.00  0.0    0 11.5 28 290   M    M   0        35 290
14  78  37  58  12   7   0 0.00  0.0    0 15.8 32 200   M    M   0        43 210
15  71  45  58  12   7   0 0.00  0.0    0 17.5 32 160   M    M   4        41 150
16  77  48  63  16   2   0 0.00  0.0    0  6.7 16  20   M    M   5        20  30
17  75  39  57  10   8   0 0.00  0.0    0  6.2 15  30   M    M   1        23  30
18  69  47  58  10   7   0 0.28  0.0    0  6.3 18 150   M    M   7 1      24 170
19  57  44  51   3  14   0    T    M    0 22.7 35 320   M    M   7 1      44 310
20  55  26  41  -8  24   0 0.00  0.0    0 21.8 40 330   M    M   2        50 320
21  53  23  38 -11  27   0 0.00  0.0    0 15.7 31 350   M    M   3        39 340
22  56  19  38 -11  27   0 0.00  0.0    0  8.0 17 330   M    M   0        25 340
23  66  32  49  -1  16   0 0.00  0.0    0 13.2 24 160   M    M   2        32 160
24  77  49  63  13   2   0 0.04  0.0    0 16.3 29 100   M    M   3 3      39 110
25  63  47  55   4  10   0    T  0.0    0 10.8 25 120   M    M   9 18     34 120
================================================================================
SM 1590  880       385   0  0.57    T    333.9          M       84
================================================================================
AV 63.6 35.2                              13.4 FASTST   M    M   3    MAX(MPH)
                                 MISC ---->  # 40 330               # 50  320
================================================================================
NOTES:
# LAST OF SEVERAL OCCURRENCES

COLUMN 17 PEAK WIND IN M.P.H.

PRELIMINARY LOCAL CLIMATOLOGICAL DATA (WS FORM: F-6) , PAGE 2

                                          STATION:  HURON
                                          MONTH:    APRIL
                                          YEAR:     2015
                                          LATITUDE:   44 22 N
                                          LONGITUDE:  98 13 W

[TEMPERATURE DATA]      [PRECIPITATION DATA]       SYMBOLS USED IN COLUMN 16

AVERAGE MONTHLY: 49.4   TOTAL FOR MONTH:   0.57    1 = FOG OR MIST
DPTR FM NORMAL:   4.0   DPTR FM NORMAL:   -1.30    2 = FOG REDUCING VISIBILITY
HIGHEST:    80 ON 11    GRTST 24HR  0.28 ON 18-18      TO 1/4 MILE OR LESS
LOWEST:     19 ON 22, 3                            3 = THUNDER
                        SNOW, ICE PELLETS, HAIL    4 = ICE PELLETS
                        TOTAL MONTH:    T          5 = HAIL
                        GRTST 24HR    T  ON  9- 9  6 = FREEZING RAIN OR DRIZZLE
                        GRTST DEPTH:   0           7 = DUSTSTORM OR SANDSTORM:
                                                       VSBY 1/2 MILE OR LESS
                                                   8 = SMOKE OR HAZE
[NO. OF DAYS WITH]      [WEATHER - DAYS WITH]      9 = BLOWING SNOW
                                                   X = TORNADO
MAX 32 OR BELOW:   0    0.01 INCH OR MORE:   5
MAX 90 OR ABOVE:   0    0.10 INCH OR MORE:   2
MIN 32 OR BELOW:   9    0.50 INCH OR MORE:   0
MIN  0 OR BELOW:   0    1.00 INCH OR MORE:   0

[HDD (BASE 65) ]
TOTAL THIS MO.   385    CLEAR  (SCALE 0-3)  16
DPTR FM NORMAL  -107    PTCLDY (SCALE 4-7)   5
TOTAL FM JUL 1  7180    CLOUDY (SCALE 8-10)  4
DPTR FM NORMAL  -131

[CDD (BASE 65) ]
TOTAL THIS MO.     0
DPTR FM NORMAL     0    [PRESSURE DATA]
TOTAL FM JAN 1     2    HIGHEST SLP M ON M
DPTR FM NORMAL     2    LOWEST  SLP 29.43 ON 24

[REMARKS]
