000
CXUS53 KLSX 011600
CF6JEF
PRELIMINARY LOCAL CLIMATOLOGICAL DATA (WS FORM: F-6)

                                          STATION:   JEFFERSON CITY
                                          MONTH:     MARCH
                                          YEAR:      2015
                                          LATITUDE:   38 35 N
                                          LONGITUDE:  92 10 W

  TEMPERATURE IN F:       :PCPN:    SNOW:  WIND      :SUNSHINE: SKY     :PK WND
================================================================================
1   2   3   4   5  6A  6B    7    8   9   10  11  12  13   14  15   16   17  18
                                     12Z  AVG MX 2MIN
DY MAX MIN AVG DEP HDD CDD  WTR  SNW DPTH SPD SPD DIR MIN PSBL S-S WX    SPD DR
================================================================================

 1  31  15  23 -18  42   0    M    M    M  3.5 12 280   M    M   7 1      13 300
 2  37  10  24 -17  41   0 0.00  0.0    M  6.1 15 110   M    M   5 128    19 100
 3  49  34  42   1  23   0 0.01    M    M  7.9 18 270   M    M  10 18     24 280
 4  37  20  29 -13  36   0    M    M    0  9.6 21 350   M    M   8 18     26 360
 5  29  17  23 -19  42   0 0.00  0.0    M  6.5 16 280   M    M   0        19 280
 6  57  15  36  -6  29   0 0.00  0.0    0  8.4 22 240   M    M   0        27 220
 7  66  32  49   7  16   0 0.00  0.0    0  5.9 20 260   M    M   0        26 260
 8  68  28  48   5  17   0 0.00  0.0    0  4.5 15 170   M    M   0        19 180
 9  62  28  45   2  20   0    T  0.0    0  3.2 13 170   M    M   1        16 160
10  65  39  52   8  13   0 0.22  0.0    0  1.8 10 350   M    M   5 1      16 300
11  75  34  55  11  10   0 0.00  0.0    0  2.8 13  60   M    M   3 128    16  50
12  70  39  55  11  10   0 0.08  0.0    0  5.9 17 120   M    M   2 18     20 110
13  62  52  57  12   8   0 0.20  0.0    0  3.8  9  70   M    M   8 18     13  80
14  63  39  51   6  14   0 0.00  0.0    0  6.3 16  10   M    M   2 1      22 350
15  73  30  52   7  13   0 0.00  0.0    0  3.6 17 230   M    M   1 12     20 230
16  78  41  60  14   5   0 0.00  0.0    0  6.6 22 250   M    M   0        26 220
17  63  44  54   8  11   0 0.00  0.0    0  9.5 20 360   M    M   2        25 360
18  45  37  41  -5  24   0 0.14  0.0    0  8.9 17 120   M    M   6 1      22 110
19  44  36  40  -7  25   0 0.06  0.0    0  5.0 12  90   M    M  10 18     14 110
20  56  38  47   0  18   0 0.00  0.0    0  4.2 12 300   M    M   6 18     16 290
21  72  35  54   7  11   0 0.00  0.0    0  4.0 15  30   M    M   0 12     19  40
22  73  44  59  11   6   0 0.00  0.0    0  7.2 15  80   M    M   0        20  80
23  65  41  53   5  12   0    T  0.0    0  9.8 22 280   M    M   2        31 260
24  56  36  46  -2  19   0 0.43  0.0    0 11.8 24 110   M    M   9 138    30 100
25  61  43  52   3  13   0 0.45  0.0    0  6.8 18 280   M    M   7 1      23  10
26  51  38  45  -4  20   0 0.08  0.0    0  9.2 18 290   M    M   4 1      26 300
27  45  33  39 -11  26   0 0.01    M    0  6.4 20  10   M    M   7 1      25  10
28  49  32  41  -9  24   0    T    T    0  7.6 15 140   M    M   6        20 110
29  60  35  48  -2  17   0    T  0.0    0  9.3 24 170   M    M   2        29 160
30  72  31  52   1  13   0 0.00  0.0    0  4.1 18 210   M    M   0 1      22 220
31  77  41  59   8   6   0 0.00  0.0    0  2.9 14  20   M    M   0        18 330
================================================================================
SM 1811 1037       584   0  1.68    T    193.1          M      113
================================================================================
AV 58.4 33.5                               6.2 FASTST   M    M   4    MAX(MPH)
                                 MISC ---->  # 24 110               # 31  260
================================================================================
NOTES:
# LAST OF SEVERAL OCCURRENCES

COLUMN 17 PEAK WIND IN M.P.H.

PRELIMINARY LOCAL CLIMATOLOGICAL DATA (WS FORM: F-6) , PAGE 2

                                          STATION:  JEFFERSON CITY
                                          MONTH:    MARCH
                                          YEAR:     2015
                                          LATITUDE:   38 35 N
                                          LONGITUDE:  92 10 W

[TEMPERATURE DATA]      [PRECIPITATION DATA]       SYMBOLS USED IN COLUMN 16

AVERAGE MONTHLY: 45.9   TOTAL FOR MONTH:   1.68    1 = FOG OR MIST
DPTR FM NORMAL:   0.2   DPTR FM NORMAL:   -1.38    2 = FOG REDUCING VISIBILITY
HIGHEST:    78 ON 16    GRTST 24HR  0.45 ON 25-25      TO 1/4 MILE OR LESS
LOWEST:     10 ON  2                               3 = THUNDER
                        SNOW, ICE PELLETS, HAIL    4 = ICE PELLETS
                        TOTAL MONTH:    T          5 = HAIL
                        GRTST 24HR    T  ON 28-28  6 = FREEZING RAIN OR DRIZZLE
                        GRTST DEPTH:   0           7 = DUSTSTORM OR SANDSTORM:
                                                       VSBY 1/2 MILE OR LESS
                                                   8 = SMOKE OR HAZE
[NO. OF DAYS WITH]      [WEATHER - DAYS WITH]      9 = BLOWING SNOW
                                                   X = TORNADO
MAX 32 OR BELOW:   2    0.01 INCH OR MORE:  10
MAX 90 OR ABOVE:   0    0.10 INCH OR MORE:   5
MIN 32 OR BELOW:  11    0.50 INCH OR MORE:   0
MIN  0 OR BELOW:   0    1.00 INCH OR MORE:   0

[HDD (BASE 65) ]
TOTAL THIS MO.   584    CLEAR  (SCALE 0-3)  17
DPTR FM NORMAL   -18    PTCLDY (SCALE 4-7)  10
TOTAL FM JUL 1  4531    CLOUDY (SCALE 8-10)  4
DPTR FM NORMAL   267

[CDD (BASE 65) ]
TOTAL THIS MO.     0
DPTR FM NORMAL    -4    [PRESSURE DATA]
TOTAL FM JAN 1     0    HIGHEST SLP 30.58 ON  5
DPTR FM NORMAL    -4    LOWEST  SLP 29.70 ON 24

[REMARKS]
#FINAL-03-15#
