000
CXUS55 KVEF 240940
CF6LAS
PRELIMINARY LOCAL CLIMATOLOGICAL DATA (WS FORM: F-6)

                                          STATION:   LAS VEGAS NV
                                          MONTH:     APRIL
                                          YEAR:      2015
                                          LATITUDE:   36  4 N
                                          LONGITUDE: 115 10 W

  TEMPERATURE IN F:       :PCPN:    SNOW:  WIND      :SUNSHINE: SKY     :PK WND
================================================================================
1   2   3   4   5  6A  6B    7    8   9   10  11  12  13   14  15   16   17  18
                                     12Z  AVG MX 2MIN
DY MAX MIN AVG DEP HDD CDD  WTR  SNW DPTH SPD SPD DIR MIN PSBL S-S WX    SPD DR
================================================================================

 1  83  63  73  10   0   8 0.00  0.0    0 11.6 29 220   M    M   3        41 230
 2  73  60  67   4   0   2 0.00  0.0    0 12.9 25 300   M    M   1        34 310
 3  71  54  63  -1   2   0 0.00  0.0    0  6.7 16  80   M    M   2        24  40
 4  82  49  66   2   0   1 0.00  0.0    0 10.0 20 230   M    M   1        25 220
 5  78  62  70   6   0   5 0.00  0.0    0 18.0 31 210   M    M   4        46 210
 6  73  56  65   1   0   0 0.00  0.0    0 15.5 29 190   M    M   2        38 220
 7  71  53  62  -3   3   0    T  0.0    0 19.5 31 230   M    M   2        42 230
 8  69  50  60  -5   5   0 0.00  0.0    0 10.2 25 230   M    M   1        32 220
 9  72  50  61  -4   4   0 0.00  0.0    0  5.8 12 220   M    M   4        15  80
10  77  53  65   0   0   0 0.00  0.0    0  7.1 14 190   M    M   6        17 200
11  83  55  69   3   0   4 0.00  0.0    0  8.0 18 190   M    M   4        24 190
12  85  59  72   6   0   7 0.00  0.0    0  6.6 16 190   M    M   2        18 190
13  90  60  75   9   0  10 0.00  0.0    0  8.4 23 210   M    M   0        30 220
14  85  55  70   4   0   5 0.00  0.0    0 22.5 39 330   M    M   2 78     55 340
15  67  49  58  -9   7   0 0.00  0.0    0 11.6 23  50   M    M   1        29  10
16  72  52  62  -5   3   0 0.00  0.0    0  8.2 20 320   M    M   2        25 330
17  81  54  68   0   0   3 0.00  0.0    0  6.9 15 210   M    M   1        22 230
18  86  58  72   4   0   7 0.00  0.0    0  9.1 18 180   M    M   1        23 190
19  89  62  76   8   0  11 0.00  0.0    0  6.7 15 190   M    M   2        17 190
20  89  65  77   9   0  12 0.00  0.0    0  9.0 21 190   M    M   3        26 200
21  85  64  75   6   0  10 0.00  0.0    0 10.6 24 170   M    M   4        37 170
22  80  61  71   2   0   6 0.00  0.0    0  9.1 28 180   M    M   4        36 190
23  77  60  69  -1   0   4 0.00  0.0    0 11.7 25 170   M    M   6        34 180
================================================================================
SM 1818 1304        24  95    T      0.0 245.7          M       58
================================================================================
AV 79.0 56.7                              10.7 FASTST   M    M   3    MAX(MPH)
                                 MISC ---->  # 39 330               # 55  340
================================================================================
NOTES:
# LAST OF SEVERAL OCCURRENCES

COLUMN 17 PEAK WIND IN M.P.H.

PRELIMINARY LOCAL CLIMATOLOGICAL DATA (WS FORM: F-6) , PAGE 2

                                          STATION:  LAS VEGAS NV
                                          MONTH:    APRIL
                                          YEAR:     2015
                                          LATITUDE:   36  4 N
                                          LONGITUDE: 115 10 W

[TEMPERATURE DATA]      [PRECIPITATION DATA]       SYMBOLS USED IN COLUMN 16

AVERAGE MONTHLY: 67.9   TOTAL FOR MONTH:      T    1 = FOG OR MIST
DPTR FM NORMAL:   1.8   DPTR FM NORMAL:   -0.13    2 = FOG REDUCING VISIBILITY
HIGHEST:    90 ON 13    GRTST 24HR    T  ON  7- 7      TO 1/4 MILE OR LESS
LOWEST:     49 ON 15, 4                            3 = THUNDER
                        SNOW, ICE PELLETS, HAIL    4 = ICE PELLETS
                        TOTAL MONTH:   0.0 INCH    5 = HAIL
                        GRTST 24HR     0.0         6 = FREEZING RAIN OR DRIZZLE
                        GRTST DEPTH:   0           7 = DUSTSTORM OR SANDSTORM:
                                                       VSBY 1/2 MILE OR LESS
                                                   8 = SMOKE OR HAZE
[NO. OF DAYS WITH]      [WEATHER - DAYS WITH]      9 = BLOWING SNOW
                                                   X = TORNADO
MAX 32 OR BELOW:   0    0.01 INCH OR MORE:   0
MAX 90 OR ABOVE:   1    0.10 INCH OR MORE:   0
MIN 32 OR BELOW:   0    0.50 INCH OR MORE:   0
MIN  0 OR BELOW:   0    1.00 INCH OR MORE:   0

[HDD (BASE 65) ]
TOTAL THIS MO.    24    CLEAR  (SCALE 0-3)  16
DPTR FM NORMAL   -33    PTCLDY (SCALE 4-7)   7
TOTAL FM JUL 1  1207    CLOUDY (SCALE 8-10)  0
DPTR FM NORMAL  -730

[CDD (BASE 65) ]
TOTAL THIS MO.    95
DPTR FM NORMAL    14    [PRESSURE DATA]
TOTAL FM JAN 1   243    HIGHEST SLP M ON M
DPTR FM NORMAL   131    LOWEST  SLP 29.54 ON  5

[REMARKS]
