000
CXUS54 KHGX 261415
CF6LVJ
PRELIMINARY LOCAL CLIMATOLOGICAL DATA (WS FORM: F-6)

                                          STATION:   HOUSTON/CLOVER_FIELD
                                          MONTH:     APRIL
                                          YEAR:      2015
                                          LATITUDE:   29 31 N
                                          LONGITUDE:  95 14 W

  TEMPERATURE IN F:       :PCPN:    SNOW:  WIND      :SUNSHINE: SKY     :PK WND
================================================================================
1   2   3   4   5  6A  6B    7    8   9   10  11  12  13   14  15   16   17  18
                                     12Z  AVG MX 2MIN
DY MAX MIN AVG DEP HDD CDD  WTR  SNW DPTH SPD SPD DIR MIN PSBL S-S WX    SPD DR
================================================================================

 1  80  67  74   8   0   9    T  0.0    0  7.7 20 140   M    M   6 1      27 170
 2  83  71  77  11   0  12 0.00  0.0    0 10.8 18 170   M    M   8 18     26 180
 3  82  71  77  11   0  12    T  0.0    0  7.3 16 170   M    M   9 1      24 170
 4  74  63  69   3   0   4    T  0.0    0 10.7 22  60   M    M   8        29  60
 5  78  63  71   4   0   6 0.07  0.0    0  6.6 13 100   M    M   8 1      17 100
 6  81  69  75   8   0  10    T  0.0    0  8.0 18 170   M    M   6 1      24 170
 7  85  70  78  11   0  13 0.00  0.0    0  9.4 17 170   M    M   6 1      23 170
 8  82  74  78  11   0  13 0.00  0.0    0  9.5 18 160   M    M   7        23 150
 9  86  74  80  12   0  15 0.00  0.0    0 10.9 23 170   M    M   7        31 170
10  78  65  72   4   0   7 0.16  0.0    0  4.6 15 300   M    M  10 13     22 300
11  75  67  71   3   0   6 1.03  0.0    0  6.8 12 180   M    M   9 1      17  70
12  79  69  74   6   0   9 0.16  0.0    0  7.8 16 140   M    M   7 13     21 100
13  88  70  79  11   0  14 0.24  0.0    0  6.0 15 180   M    M   5 13     21 180
14  77  66  72   3   0   7 0.95  0.0    0  4.4 21 150   M    M   5 13     28 150
15  81  63  72   3   0   7 0.00  0.0    0  4.1 16 130   M    M   4 1      19 140
16  85  67  76   7   0  11 0.70  0.0    0  8.3 23  80   M    M   8 13     30  80
17  82  66  74   5   0   9 0.34  0.0    0 10.2 16 120   M    M   6 13     23 150
18  78  66  72   2   0   7 0.39  0.0    M  5.8 21 170   M    M   4 13     30 330
19  86  61  74   4   0   9 0.35  0.0    0  6.0 18 310   M    M   2 3      27 310
20  75  62  69  -1   0   4 0.00  0.0    0  8.7 22  30   M    M   0        31  40
21  79  61  70   0   0   5 0.00  0.0    0  8.2 20 100   M    M   1        25 110
22  83  71  77   7   0  12    T  0.0    0  6.8 13 110   M    M   7        16 140
23  88  73  81  10   0  16 0.00  0.0    0  4.0 14 150   M    M   5 1      17 140
24  86  73  80   9   0  15    T  0.0    0  7.9 20 150   M    M   8 138    27 140
25  83  68  76   5   0  11 0.32  0.0    0  6.1 26 310   M    M   1 13     42 320
================================================================================
SM 2034 1690         0 243  4.71     0.0 186.6          M      147
================================================================================
AV 81.4 67.6                               7.5 FASTST   M    M   6    MAX(MPH)
                                 MISC ---->  # 26 310               # 42  320
================================================================================
NOTES:
# LAST OF SEVERAL OCCURRENCES

COLUMN 17 PEAK WIND IN M.P.H.

PRELIMINARY LOCAL CLIMATOLOGICAL DATA (WS FORM: F-6) , PAGE 2

                                          STATION:  HOUSTON/CLOVER_FIELD
                                          MONTH:    APRIL
                                          YEAR:     2015
                                          LATITUDE:   29 31 N
                                          LONGITUDE:  95 14 W

[TEMPERATURE DATA]      [PRECIPITATION DATA]       SYMBOLS USED IN COLUMN 16

AVERAGE MONTHLY: 74.5   TOTAL FOR MONTH:   4.71    1 = FOG OR MIST
DPTR FM NORMAL:   6.0   DPTR FM NORMAL:    1.83    2 = FOG REDUCING VISIBILITY
HIGHEST:    88 ON 23,13 GRTST 24HR  1.19 ON 11-12      TO 1/4 MILE OR LESS
LOWEST:     61 ON 21,19                            3 = THUNDER
                        SNOW, ICE PELLETS, HAIL    4 = ICE PELLETS
                        TOTAL MONTH:   0.0 INCH    5 = HAIL
                        GRTST 24HR     0.0         6 = FREEZING RAIN OR DRIZZLE
                        GRTST DEPTH:   0           7 = DUSTSTORM OR SANDSTORM:
                                                       VSBY 1/2 MILE OR LESS
                                                   8 = SMOKE OR HAZE
[NO. OF DAYS WITH]      [WEATHER - DAYS WITH]      9 = BLOWING SNOW
                                                   X = TORNADO
MAX 32 OR BELOW:   0    0.01 INCH OR MORE:  11
MAX 90 OR ABOVE:   0    0.10 INCH OR MORE:  10
MIN 32 OR BELOW:   0    0.50 INCH OR MORE:   3
MIN  0 OR BELOW:   0    1.00 INCH OR MORE:   1

[HDD (BASE 65) ]
TOTAL THIS MO.     0    CLEAR  (SCALE 0-3)   4
DPTR FM NORMAL   -32    PTCLDY (SCALE 4-7)  18
TOTAL FM JUL 1  1238    CLOUDY (SCALE 8-10)  3
DPTR FM NORMAL   -50

[CDD (BASE 65) ]
TOTAL THIS MO.   243
DPTR FM NORMAL   122    [PRESSURE DATA]
TOTAL FM JAN 1   336    HIGHEST SLP M ON M
DPTR FM NORMAL   125    LOWEST  SLP 29.67 ON 25

[REMARKS]
