000
CXUS54 KSHV 171300
CF6MLU
PRELIMINARY LOCAL CLIMATOLOGICAL DATA (WS FORM: F-6)

                                          STATION:   MONROE
                                          MONTH:     APRIL
                                          YEAR:      2015
                                          LATITUDE:   32 30 N
                                          LONGITUDE:  92  2 W

  TEMPERATURE IN F:       :PCPN:    SNOW:  WIND      :SUNSHINE: SKY     :PK WND
================================================================================
1   2   3   4   5  6A  6B    7    8   9   10  11  12  13   14  15   16   17  18
                                     12Z  AVG MX 2MIN
DY MAX MIN AVG DEP HDD CDD  WTR  SNW DPTH SPD SPD DIR MIN PSBL S-S WX    SPD DR
================================================================================

 1  85  62  74  12   0   9 0.00  0.0    0  8.2 18 220   M    M   4 18     22 220
 2  84  68  76  14   0  11 0.12  0.0    0 11.5 23 220   M    M   5 138    29 220
 3  85  59  72  10   0   7 1.33  0.0    0 13.1 26 360   M    M   6 138    36  20
 4  65  46  56  -7   9   0 0.00  0.0    0 11.0 24  40   M    M   2        31  30
 5  57  47  52 -11  13   0 0.38  0.0    0  3.0  9 160   M    M   6 1      16 150
 6  79  56  68   5   0   3    T  0.0    0  5.8 16 230   M    M   6 1      22 240
 7  83  64  74  10   0   9    T  0.0    0  8.5 17 200   M    M   4 1      24 200
 8  85  64  75  11   0  10    T  0.0    0  8.0 17 210   M    M   5 1      27 210
 9  84  70  77  13   0  12 0.09  0.0    0  9.2 21 190   M    M   6 13     26 200
10  72  51  62  -2   3   0 0.78  0.0    0  8.6 18 260   M    M   4 13     25 250
11  78  46  62  -2   3   0 0.00  0.0    0  5.1 15  40   M    M   0 1      20  50
12  80  59  70   5   0   5    T  0.0    0  4.7 14 170   M    M   5        21 160
13  76  64  70   5   0   5 0.10  0.0    0  3.6 14 180   M    M   8 12     19 180
14  69  63  66   1   0   1 0.01  0.0    0  6.8 14  50   M    M  10 1      19  40
15  79  61  70   4   0   5 0.01  0.0    0  5.9 15 220   M    M   5 1      20 200
16  77  59  68   2   0   3    T  0.0    0  3.6  8 190   M    M   4        11  60
================================================================================
SM 1238  939        28  80  2.82     0.0 116.6          M       80
================================================================================
AV 77.4 58.7                               7.3 FASTST   M    M   5    MAX(MPH)
                                 MISC ---->  # 26 360               # 36   20
================================================================================
NOTES:
# LAST OF SEVERAL OCCURRENCES

COLUMN 17 PEAK WIND IN M.P.H.

PRELIMINARY LOCAL CLIMATOLOGICAL DATA (WS FORM: F-6) , PAGE 2

                                          STATION:  MONROE
                                          MONTH:    APRIL
                                          YEAR:     2015
                                          LATITUDE:   32 30 N
                                          LONGITUDE:  92  2 W

[TEMPERATURE DATA]      [PRECIPITATION DATA]       SYMBOLS USED IN COLUMN 16

AVERAGE MONTHLY: 68.0   TOTAL FOR MONTH:   2.82    1 = FOG OR MIST
DPTR FM NORMAL:   4.2   DPTR FM NORMAL:    0.47    2 = FOG REDUCING VISIBILITY
HIGHEST:    85 ON  8, 3 GRTST 24HR  1.33 ON  3- 3      TO 1/4 MILE OR LESS
LOWEST:     46 ON 11, 4                            3 = THUNDER
                        SNOW, ICE PELLETS, HAIL    4 = ICE PELLETS
                        TOTAL MONTH:   0.0 INCH    5 = HAIL
                        GRTST 24HR     0.0         6 = FREEZING RAIN OR DRIZZLE
                        GRTST DEPTH:   0           7 = DUSTSTORM OR SANDSTORM:
                                                       VSBY 1/2 MILE OR LESS
                                                   8 = SMOKE OR HAZE
[NO. OF DAYS WITH]      [WEATHER - DAYS WITH]      9 = BLOWING SNOW
                                                   X = TORNADO
MAX 32 OR BELOW:   0    0.01 INCH OR MORE:   8
MAX 90 OR ABOVE:   0    0.10 INCH OR MORE:   5
MIN 32 OR BELOW:   0    0.50 INCH OR MORE:   2
MIN  0 OR BELOW:   0    1.00 INCH OR MORE:   1

[HDD (BASE 65) ]
TOTAL THIS MO.    28    CLEAR  (SCALE 0-3)   2
DPTR FM NORMAL   -33    PTCLDY (SCALE 4-7)  13
TOTAL FM JUL 1  2496    CLOUDY (SCALE 8-10)  1
DPTR FM NORMAL   291

[CDD (BASE 65) ]
TOTAL THIS MO.    80
DPTR FM NORMAL    39    [PRESSURE DATA]
TOTAL FM JAN 1    96    HIGHEST SLP M ON M
DPTR FM NORMAL    12    LOWEST  SLP 29.81 ON  9

[REMARKS]
