000
CXUS51 KOKX 240703
CF6NYC
PRELIMINARY LOCAL CLIMATOLOGICAL DATA (WS FORM: F-6)

                                          STATION:   CENTRAL PARK NY
                                          MONTH:     APRIL
                                          YEAR:      2015
                                          LATITUDE:   40 46 N
                                          LONGITUDE:  73 58 W

  TEMPERATURE IN F:       :PCPN:    SNOW:  WIND      :SUNSHINE: SKY     :PK WND
================================================================================
1   2   3   4   5  6A  6B    7    8   9   10  11  12  13   14  15   16   17  18
                                     12Z  AVG MX 2MIN
DY MAX MIN AVG DEP HDD CDD  WTR  SNW DPTH SPD SPD DIR MIN PSBL S-S WX    SPD DR
================================================================================

 1  51  32  42  -6  23   0 0.00  0.0    0  5.2 15 280   M    M   0        23 280
 2  67  41  54   6  11   0 0.00  0.0    0  6.2 20 250   M    M   1        31 260
 3  64  59  62  13   3   0 0.04  0.0    0  6.6 16 250   M    M   8 18     25 250
 4  60  42  51   2  14   0 0.01  0.0    0 10.0 24 310   M    M   4 1      41 310
 5  61  42  52   3  13   0 0.00  0.0    0  4.8 18 280   M    M   4        30 290
 6  63  42  53   3  12   0 0.00  0.0    0  4.3 12 250   M    M   0        18 250
 7  62  42  52   2  13   0 0.15  0.0    0  7.0 17  60   M    M   9 18     25  50
 8  45  37  41  -9  24   0 0.00  0.0    0 11.4 22  70   M    M  10 18     32  60
 9  43  37  40 -11  25   0 0.00  0.0    0  9.0 18  60   M    M  10 18     25  60
10  56  39  48  -3  17   0 0.17  0.0    0  4.6 14 290   M    M   9 18     22 290
11  57  44  51  -1  14   0 0.00  0.0    0  8.7 17 310   M    M   0        28 290
12  66  43  55   3  10   0 0.00  0.0    0  3.3 13 250   M    M   0        21 260
13  68  50  59   7   6   0 0.00  0.0    0  4.6 15 170   M    M   0        24 180
14  65  55  60   7   5   0 0.01  0.0    0  3.9 13 240   M    M   6        22 240
15  72  51  62   9   3   0 0.00  0.0    0  6.2 21  40   M    M   0        35  40
16  64  52  58   5   7   0 0.00  0.0    0  6.5 16 170   M    M   0        21 170
17  71  55  63   9   2   0 0.08  0.0    0  5.2 15 240   M    M   8        25 250
18  80  59  70  16   0   5 0.00  0.0    0  4.3 15 350   M    M   0        25 360
19  64  48  56   2   9   0 0.00  0.0    0  8.5 15 180   M    M   0        22 170
20  57  46  52  -3  13   0 1.37  0.0    0  7.4 16 130   M    M  10 1      27 110
21  65  52  59   4   6   0 0.20  0.0    0  6.0 16 290   M    M   4 1      24 290
22  69  48  59   4   6   0 0.05  0.0    0  6.4 20 270   M    M   4        33 290
23  52  41  47  -9  18   0 0.00  0.0    0  9.1 21 310   M    M   4        33 320
================================================================================
SM 1422 1057       254   5  2.08     0.0 149.2          M       91
================================================================================
AV 61.8 46.0                               6.5 FASTST   M    M   4    MAX(MPH)
                                 MISC ---->  # 24 310               # 41  310
================================================================================
NOTES:
# LAST OF SEVERAL OCCURRENCES

COLUMN 17 PEAK WIND IN M.P.H.

PRELIMINARY LOCAL CLIMATOLOGICAL DATA (WS FORM: F-6) , PAGE 2

                                          STATION:  CENTRAL PARK NY
                                          MONTH:    APRIL
                                          YEAR:     2015
                                          LATITUDE:   40 46 N
                                          LONGITUDE:  73 58 W

[TEMPERATURE DATA]      [PRECIPITATION DATA]       SYMBOLS USED IN COLUMN 16

AVERAGE MONTHLY: 53.9   TOTAL FOR MONTH:   2.08    1 = FOG OR MIST
DPTR FM NORMAL:   2.0   DPTR FM NORMAL:   -1.44    2 = FOG REDUCING VISIBILITY
HIGHEST:    80 ON 18    GRTST 24HR  1.50 ON 20-21      TO 1/4 MILE OR LESS
LOWEST:     32 ON  1                               3 = THUNDER
                        SNOW, ICE PELLETS, HAIL    4 = ICE PELLETS
                        TOTAL MONTH:   0.0 INCH    5 = HAIL
                        GRTST 24HR     0.0         6 = FREEZING RAIN OR DRIZZLE
                        GRTST DEPTH:   0           7 = DUSTSTORM OR SANDSTORM:
                                                       VSBY 1/2 MILE OR LESS
                                                   8 = SMOKE OR HAZE
[NO. OF DAYS WITH]      [WEATHER - DAYS WITH]      9 = BLOWING SNOW
                                                   X = TORNADO
MAX 32 OR BELOW:   0    0.01 INCH OR MORE:   9
MAX 90 OR ABOVE:   0    0.10 INCH OR MORE:   4
MIN 32 OR BELOW:   1    0.50 INCH OR MORE:   1
MIN  0 OR BELOW:   0    1.00 INCH OR MORE:   1

[HDD (BASE 65) ]
TOTAL THIS MO.   254    CLEAR  (SCALE 0-3)  10
DPTR FM NORMAL   -55    PTCLDY (SCALE 4-7)   8
TOTAL FM JUL 1  4839    CLOUDY (SCALE 8-10)  5
DPTR FM NORMAL   308

[CDD (BASE 65) ]
TOTAL THIS MO.     5
DPTR FM NORMAL     3    [PRESSURE DATA]
TOTAL FM JAN 1     5    HIGHEST SLP M ON M
DPTR FM NORMAL     2    LOWEST  SLP 29.46 ON  4

[REMARKS]
