000
CXUS52 KMFL 271000
CF6OPF
PRELIMINARY LOCAL CLIMATOLOGICAL DATA (WS FORM: F-6)

                                          STATION:   OPA-LOCKA ARPT
                                          MONTH:     APRIL
                                          YEAR:      2015
                                          LATITUDE:   25 53 N
                                          LONGITUDE:  80 17 W

  TEMPERATURE IN F:       :PCPN:    SNOW:  WIND      :SUNSHINE: SKY     :PK WND
================================================================================
1   2   3   4   5  6A  6B    7    8   9   10  11  12  13   14  15   16   17  18
                                     12Z  AVG MX 2MIN
DY MAX MIN AVG DEP HDD CDD  WTR  SNW DPTH SPD SPD DIR MIN PSBL S-S WX    SPD DR
================================================================================

 1  85  64  75   1   0  10 0.00  0.0    0  4.8 15 140   M    M   1        21 120
 2  84  66  75   1   0  10 0.00  0.0    0  7.2 17 130   M    M   2        21 130
 3  83  68  76   2   0  11 0.00  0.0    0  7.9 17 120   M    M   1        24 120
 4  86  66  76   2   0  11 0.00  0.0    0  5.0 14 110   M    M   1        18  90
 5  85  68  77   3   0  12 0.00  0.0    0  7.0 17  90   M    M   2        25 110
 6  85  71  78   4   0  13    T  0.0    0  9.7 20 120   M    M   2        23 110
 7  86  75  81   7   0  16    T  0.0    0 11.6 18 130   M    M   3        25 110
 8  85  73  79   5   0  14    T  0.0    0 11.6 18 100   M    M   3        24  80
 9  87  74  81   7   0  16    T  0.0    0 11.5 20  80   M    M   3        24 100
10  88  75  82   8   0  17 0.00  0.0    0 11.3 18 140   M    M   3        24 130
11  88  75  82   8   0  17 0.00  0.0    0  9.4 17 130   M    M   2        24 140
12  87  75  81   7   0  16 0.20  0.0    0 10.6 18 140   M    M   4 1      25 150
13  87  75  81   6   0  16 0.04  0.0    0 12.1 20 130   M    M   2        24 150
14  88  75  82   7   0  17 0.00  0.0    0 10.2 18 140   M    M   2        24 130
15  89  76  83   8   0  18 0.00  0.0    0 10.1 18 150   M    M   2        24 130
16  89  73  81   6   0  16 0.00  0.0    0  7.6 17 140   M    M   2        26 140
17  91  73  82   7   0  17    T  0.0    0  5.7 17 160   M    M   3 3      25 150
18  91  73  82   7   0  17 0.00  0.0    0  6.3 16 160   M    M   2        22 180
19  90  76  83   8   0  18 0.00  0.0    0  8.9 20 170   M    M   3        24 170
20  89  73  81   6   0  16 1.15  0.0    0  8.1 21 260   M    M   6 123    29 200
21  82  74  78   3   0  13 0.50  0.0    0  4.1 18 300   M    M   4 13     23 230
22  84  74  79   3   0  14 0.01  0.0    0  4.8 13 360   M    M   6        15 350
23  87  73  80   4   0  15 0.36  0.0    0  5.5 22  20   M    M   6 13     28  30
24  92  73  83   7   0  18 0.00  0.0    0  6.3 15  80   M    M   5 8      19  90
25  90  75  83   7   0  18    T  0.0    0  8.8 20 170   M    M   3 3      23 150
26  97  74  86  10   0  21 0.00  0.0    0 12.7 24 270   M    M   0        31 280
================================================================================
SM 2275 1887         0 397  2.26     0.0 218.8          M       73
================================================================================
AV 87.5 72.6                               8.4 FASTST   M    M   3    MAX(MPH)
                                 MISC ---->  # 24 270               # 31  280
================================================================================
NOTES:
# LAST OF SEVERAL OCCURRENCES

COLUMN 17 PEAK WIND IN M.P.H.

PRELIMINARY LOCAL CLIMATOLOGICAL DATA (WS FORM: F-6) , PAGE 2

                                          STATION:  OPA-LOCKA ARPT
                                          MONTH:    APRIL
                                          YEAR:     2015
                                          LATITUDE:   25 53 N
                                          LONGITUDE:  80 17 W

[TEMPERATURE DATA]      [PRECIPITATION DATA]       SYMBOLS USED IN COLUMN 16

AVERAGE MONTHLY: 80.0   TOTAL FOR MONTH:   2.26    1 = FOG OR MIST
DPTR FM NORMAL:   5.3   DPTR FM NORMAL:   -0.33    2 = FOG REDUCING VISIBILITY
HIGHEST:    97 ON 26    GRTST 24HR  1.60 ON 20-21      TO 1/4 MILE OR LESS
LOWEST:     64 ON  1                               3 = THUNDER
                        SNOW, ICE PELLETS, HAIL    4 = ICE PELLETS
                        TOTAL MONTH:   0.0 INCH    5 = HAIL
                        GRTST 24HR     0.0         6 = FREEZING RAIN OR DRIZZLE
                        GRTST DEPTH:   0           7 = DUSTSTORM OR SANDSTORM:
                                                       VSBY 1/2 MILE OR LESS
                                                   8 = SMOKE OR HAZE
[NO. OF DAYS WITH]      [WEATHER - DAYS WITH]      9 = BLOWING SNOW
                                                   X = TORNADO
MAX 32 OR BELOW:   0    0.01 INCH OR MORE:   6
MAX 90 OR ABOVE:   6    0.10 INCH OR MORE:   4
MIN 32 OR BELOW:   0    0.50 INCH OR MORE:   2
MIN  0 OR BELOW:   0    1.00 INCH OR MORE:   1

[HDD (BASE 65) ]
TOTAL THIS MO.     0    CLEAR  (SCALE 0-3)  18
DPTR FM NORMAL     0    PTCLDY (SCALE 4-7)   8
TOTAL FM JUL 1   105    CLOUDY (SCALE 8-10)  0
DPTR FM NORMAL   -34

[CDD (BASE 65) ]
TOTAL THIS MO.   397
DPTR FM NORMAL   143    [PRESSURE DATA]
TOTAL FM JAN 1  1047    HIGHEST SLP M ON M
DPTR FM NORMAL   294    LOWEST  SLP 29.76 ON 26

[REMARKS]
